--
-- Host: 127.0.0.1    Database: etscfvkx_ets
-- ------------------------------------------------------


--
-- Table structure for table `accounts`
--

CREATE TABLE `accounts` (
  `id` int(11) NOT NULL AUTO_INCREMENT,
  `account_num` varchar(192) NOT NULL,
  `account_name` varchar(192) NOT NULL,
  `initial_balance` double NOT NULL,
  `balance` double NOT NULL,
  `note` text DEFAULT NULL,
  `created_at` timestamp(6) NULL DEFAULT NULL,
  `updated_at` timestamp(6) NULL DEFAULT NULL,
  `deleted_at` timestamp NULL DEFAULT NULL,
  PRIMARY KEY (`id`)
) ENGINE=InnoDB AUTO_INCREMENT=9 DEFAULT CHARSET=utf8mb4 COLLATE=utf8mb4_general_ci;

--
-- Dumping data for table `accounts`
--

INSERT INTO `accounts` VALUES (1,'01','Petty Cash',0,0,NULL,'2024-12-28 14:34:41.000000','2024-12-28 14:34:55.000000','2024-12-28 14:34:55'),(2,'01','Petty cash',50000,746800,NULL,'2024-12-28 14:35:58.000000','2025-01-15 20:05:12.000000',NULL),(3,'2','petty cash',5000,5000,NULL,'2024-12-28 16:02:05.000000','2024-12-30 13:39:55.000000','2024-12-30 13:39:55'),(4,'27350979207509','Equit Bank',2300000,3158000,'this account has 2.3 M RWF in deposit','2024-12-30 13:38:45.000000','2025-01-07 20:39:16.000000',NULL),(5,'I&B bank','79879879852',0,0,NULL,'2024-12-30 13:39:01.000000','2024-12-30 13:39:16.000000','2024-12-30 13:39:16'),(6,'3709797090252','I&B bank',500000,1800000,'deposit','2024-12-30 13:39:40.000000','2024-12-30 13:50:49.000000',NULL),(7,'235709790252','bank of Kigali',0,-373352,NULL,'2024-12-30 13:40:48.000000','2025-01-07 20:40:51.000000',NULL),(8,'40003568999','EQUITY',700000,700000,NULL,'2024-12-30 15:11:55.000000','2024-12-30 15:11:55.000000',NULL);

--
-- Table structure for table `adjustment_details`
--

CREATE TABLE `adjustment_details` (
  `id` int(11) NOT NULL AUTO_INCREMENT,
  `product_id` int(11) NOT NULL,
  `adjustment_id` int(11) NOT NULL,
  `product_variant_id` int(11) DEFAULT NULL,
  `quantity` double NOT NULL,
  `type` varchar(192) NOT NULL,
  `created_at` timestamp(6) NULL DEFAULT NULL,
  `updated_at` timestamp(6) NULL DEFAULT NULL,
  PRIMARY KEY (`id`),
  KEY `adjust_product_id` (`product_id`),
  KEY `adjust_adjustment_id` (`adjustment_id`),
  KEY `adjust_product_variant` (`product_variant_id`),
  CONSTRAINT `adjust_adjustment_id` FOREIGN KEY (`adjustment_id`) REFERENCES `adjustments` (`id`),
  CONSTRAINT `adjust_product_id` FOREIGN KEY (`product_id`) REFERENCES `products` (`id`),
  CONSTRAINT `adjust_product_variant` FOREIGN KEY (`product_variant_id`) REFERENCES `product_variants` (`id`)
) ENGINE=InnoDB AUTO_INCREMENT=305 DEFAULT CHARSET=utf8mb4 COLLATE=utf8mb4_general_ci;

--
-- Dumping data for table `adjustment_details`
--

INSERT INTO `adjustment_details` VALUES (1,3,1,NULL,1,'add',NULL,NULL),(2,4,2,NULL,1,'add',NULL,NULL),(3,5,3,NULL,1,'add',NULL,NULL),(4,6,4,NULL,1,'add',NULL,NULL),(5,7,5,NULL,1,'add',NULL,NULL),(6,8,6,NULL,1,'add',NULL,NULL),(7,9,7,NULL,3,'add',NULL,NULL),(8,10,8,NULL,1,'add',NULL,NULL),(9,11,9,NULL,1,'add',NULL,NULL),(10,12,10,NULL,1,'add',NULL,NULL),(11,13,11,NULL,1,'add',NULL,NULL),(12,15,12,NULL,4,'add',NULL,NULL),(13,16,13,NULL,1,'add',NULL,NULL),(14,18,14,NULL,1,'add',NULL,NULL),(15,19,15,NULL,10,'add',NULL,NULL),(16,20,16,NULL,3,'add',NULL,NULL),(17,21,17,NULL,2,'add',NULL,NULL),(18,22,18,NULL,1,'add',NULL,NULL),(19,23,19,NULL,1,'add',NULL,NULL),(20,24,20,NULL,1,'add',NULL,NULL),(21,25,21,NULL,20.5,'add',NULL,NULL),(22,28,22,NULL,3,'add',NULL,NULL),(23,25,22,NULL,1,'add',NULL,NULL),(24,30,23,NULL,1,'add',NULL,NULL),(25,29,24,NULL,1,'add',NULL,NULL),(26,31,25,NULL,3,'add',NULL,NULL),(27,32,26,NULL,2,'add',NULL,NULL),(28,33,27,NULL,2558,'add',NULL,NULL),(29,34,28,NULL,1,'add',NULL,NULL),(30,25,29,NULL,1.5,'sub',NULL,NULL),(31,35,30,NULL,8,'add',NULL,NULL),(32,40,31,NULL,1,'add',NULL,NULL),(33,41,32,NULL,1,'add',NULL,NULL),(34,42,33,NULL,1,'add',NULL,NULL),(35,43,34,NULL,2,'add',NULL,NULL),(36,44,35,NULL,1,'add',NULL,NULL),(37,45,36,NULL,1,'add',NULL,NULL),(38,46,37,NULL,42,'add',NULL,NULL),(39,48,38,NULL,1,'add',NULL,NULL),(40,49,39,NULL,3,'add',NULL,NULL),(41,50,40,NULL,11,'add',NULL,NULL),(42,52,41,NULL,12,'add',NULL,NULL),(43,53,42,NULL,5,'add',NULL,NULL),(44,54,43,NULL,3000,'add',NULL,NULL),(45,55,44,NULL,7974,'add',NULL,NULL),(46,56,45,NULL,592,'add',NULL,NULL),(47,57,46,NULL,1110,'add',NULL,NULL),(48,58,47,NULL,9,'add',NULL,NULL),(49,59,48,NULL,2,'add',NULL,NULL),(50,60,49,NULL,1,'add',NULL,NULL),(51,61,50,NULL,1,'add',NULL,NULL),(52,62,51,NULL,4,'add',NULL,NULL),(53,63,52,NULL,2,'add',NULL,NULL),(54,64,53,NULL,1,'add',NULL,NULL),(55,65,54,NULL,1,'add',NULL,NULL),(56,66,55,NULL,1,'add',NULL,NULL),(57,67,56,NULL,1,'add',NULL,NULL),(58,68,57,NULL,1,'add',NULL,NULL),(59,69,58,NULL,5,'add',NULL,NULL),(60,70,59,NULL,2,'add',NULL,NULL),(61,71,60,NULL,1,'add',NULL,NULL),(62,72,61,NULL,10,'add',NULL,NULL),(63,73,62,NULL,9,'add',NULL,NULL),(64,74,63,NULL,16,'add',NULL,NULL),(65,75,64,NULL,10,'add',NULL,NULL),(66,76,65,NULL,3,'add',NULL,NULL),(67,77,66,NULL,8,'add',NULL,NULL),(68,78,67,NULL,11,'add',NULL,NULL),(69,73,68,NULL,10,'add',NULL,NULL),(70,79,69,NULL,10,'add',NULL,NULL),(71,80,70,NULL,1,'add',NULL,NULL),(72,80,71,NULL,6,'add',NULL,NULL),(73,81,72,NULL,1,'add',NULL,NULL),(74,82,73,NULL,2,'add',NULL,NULL),(75,83,74,NULL,8,'add',NULL,NULL),(76,85,75,NULL,45000,'add',NULL,NULL),(77,85,76,NULL,9,'sub',NULL,NULL),(78,85,77,NULL,44,'add',NULL,NULL),(79,85,78,NULL,45035,'add',NULL,NULL),(80,85,79,NULL,90070,'add',NULL,NULL),(81,85,80,NULL,180140,'sub',NULL,NULL),(82,85,81,NULL,9,'add',NULL,NULL),(83,80,82,NULL,1,'sub',NULL,NULL),(84,86,83,NULL,6,'add',NULL,NULL),(85,87,84,NULL,2,'add',NULL,NULL),(86,89,85,NULL,3,'add',NULL,NULL),(87,91,86,NULL,4,'add',NULL,NULL),(88,92,87,NULL,3,'add',NULL,NULL),(89,93,88,NULL,1,'add',NULL,NULL),(90,94,89,NULL,1,'add',NULL,NULL),(91,95,90,NULL,1,'add',NULL,NULL),(92,96,91,NULL,49,'add',NULL,NULL),(93,97,92,NULL,35,'add',NULL,NULL),(94,98,93,NULL,2,'add',NULL,NULL),(95,99,94,NULL,2,'add',NULL,NULL),(96,100,95,NULL,2,'add',NULL,NULL),(97,101,96,NULL,2,'add',NULL,NULL),(98,102,97,NULL,1,'add',NULL,NULL),(99,103,98,NULL,1,'add',NULL,NULL),(100,108,99,NULL,5,'add',NULL,NULL),(101,108,100,NULL,3,'sub',NULL,NULL),(102,109,101,NULL,2,'add',NULL,NULL),(103,110,102,NULL,1,'add',NULL,NULL),(104,111,103,NULL,1,'add',NULL,NULL),(105,112,104,NULL,1,'add',NULL,NULL),(106,51,105,NULL,9,'add',NULL,NULL),(107,51,106,NULL,3,'sub',NULL,NULL),(108,18,107,NULL,2,'add',NULL,NULL),(109,18,108,NULL,2,'sub',NULL,NULL),(110,17,109,NULL,310,'add',NULL,NULL),(111,18,110,NULL,30,'add',NULL,NULL),(112,125,111,NULL,2,'add',NULL,NULL),(113,125,112,NULL,2,'sub',NULL,NULL),(114,29,113,NULL,15,'add',NULL,NULL),(115,126,114,NULL,3,'add',NULL,NULL),(116,127,115,NULL,3,'add',NULL,NULL),(117,27,116,NULL,8,'add',NULL,NULL),(118,128,117,NULL,160,'add',NULL,NULL),(119,16,118,NULL,108,'add',NULL,NULL),(120,9,119,NULL,1,'add',NULL,NULL),(121,8,120,NULL,2,'add',NULL,NULL),(122,129,121,NULL,2,'add',NULL,NULL),(123,130,122,NULL,1,'add',NULL,NULL),(124,131,123,NULL,4,'add',NULL,NULL),(125,15,124,NULL,4,'add',NULL,NULL),(126,25,125,NULL,2,'add',NULL,NULL),(127,132,126,NULL,1,'add',NULL,NULL),(128,133,127,NULL,78,'add',NULL,NULL),(129,43,128,NULL,14,'add',NULL,NULL),(130,44,129,NULL,9,'add',NULL,NULL),(131,45,130,NULL,8,'add',NULL,NULL),(132,14,131,NULL,2,'add',NULL,NULL),(133,34,132,NULL,1,'add',NULL,NULL),(134,73,133,NULL,20,'add',NULL,NULL),(135,61,134,NULL,3,'add',NULL,NULL),(136,134,135,NULL,1,'add',NULL,NULL),(137,135,136,NULL,1,'add',NULL,NULL),(138,136,137,NULL,1,'add',NULL,NULL),(139,137,138,NULL,2,'add',NULL,NULL),(140,138,139,NULL,3,'add',NULL,NULL),(141,139,140,NULL,4,'add',NULL,NULL),(142,140,141,NULL,1,'add',NULL,NULL),(143,33,142,NULL,0.5,'add',NULL,NULL),(144,141,143,NULL,5,'add',NULL,NULL),(145,142,144,NULL,9,'add',NULL,NULL),(146,143,145,NULL,1,'add',NULL,NULL),(147,144,146,NULL,1,'add',NULL,NULL),(148,145,147,NULL,1,'add',NULL,NULL),(149,146,148,NULL,1,'add',NULL,NULL),(150,31,149,NULL,24,'add',NULL,NULL),(151,32,150,NULL,40,'add',NULL,NULL),(152,147,151,NULL,10,'add',NULL,NULL),(153,50,152,NULL,49,'add',NULL,NULL),(154,148,153,NULL,1,'add',NULL,NULL),(155,149,154,NULL,31,'add',NULL,NULL),(156,150,155,NULL,20,'add',NULL,NULL),(157,151,156,NULL,2,'add',NULL,NULL),(158,25,157,NULL,1,'sub',NULL,NULL),(159,152,158,NULL,500,'add',NULL,NULL),(160,108,159,NULL,2,'add',NULL,NULL),(161,109,160,NULL,1,'add',NULL,NULL),(162,153,161,NULL,1,'add',NULL,NULL),(163,23,162,NULL,1,'sub',NULL,NULL),(164,64,163,NULL,1,'sub',NULL,NULL),(165,109,164,NULL,1,'sub',NULL,NULL),(166,92,165,NULL,6,'add',NULL,NULL),(167,90,166,NULL,1,'add',NULL,NULL),(168,74,167,NULL,3,'sub',NULL,NULL),(169,72,168,NULL,3,'sub',NULL,NULL),(170,69,169,NULL,2,'sub',NULL,NULL),(171,133,170,NULL,3,'add',NULL,NULL),(172,61,171,NULL,1,'sub',NULL,NULL),(173,149,172,NULL,3,'sub',NULL,NULL),(174,18,173,NULL,1,'sub',NULL,NULL),(175,48,174,NULL,6,'add',NULL,NULL),(176,66,175,NULL,1,'add',NULL,NULL),(177,122,175,NULL,17,'add',NULL,NULL),(178,96,176,NULL,973,'add',NULL,NULL),(179,154,177,NULL,38,'add',NULL,NULL),(180,155,178,NULL,1,'add',NULL,NULL),(181,156,179,NULL,5,'add',NULL,NULL),(182,157,180,NULL,1,'add',NULL,NULL),(183,158,181,NULL,1,'add',NULL,NULL),(184,159,182,NULL,1,'add',NULL,NULL),(185,160,183,NULL,1000,'add',NULL,NULL),(186,161,184,NULL,973,'add',NULL,NULL),(187,162,185,NULL,6,'add',NULL,NULL),(188,163,186,NULL,5,'add',NULL,NULL),(189,164,187,NULL,6,'add',NULL,NULL),(190,165,188,NULL,5,'add',NULL,NULL),(191,166,189,NULL,6,'add',NULL,NULL),(192,168,190,NULL,13,'add',NULL,NULL),(193,64,191,NULL,4,'add',NULL,NULL),(194,170,192,NULL,1,'add',NULL,NULL),(195,169,192,NULL,4,'add',NULL,NULL),(196,171,193,NULL,1,'add',NULL,NULL),(197,113,194,NULL,2,'add',NULL,NULL),(198,172,195,NULL,1,'add',NULL,NULL),(199,50,196,NULL,200,'add',NULL,NULL),(200,178,197,NULL,1,'add',NULL,NULL),(201,179,198,NULL,1,'add',NULL,NULL),(202,180,199,NULL,1,'add',NULL,NULL),(203,151,200,NULL,1,'add',NULL,NULL),(204,181,201,NULL,1,'add',NULL,NULL),(205,182,202,NULL,2,'add',NULL,NULL),(206,183,203,NULL,4,'add',NULL,NULL),(207,24,204,NULL,1,'add',NULL,NULL),(208,184,205,NULL,1,'add',NULL,NULL),(209,185,206,NULL,1,'add',NULL,NULL),(210,186,207,NULL,1,'add',NULL,NULL),(211,187,208,NULL,1,'add',NULL,NULL),(212,15,209,NULL,1,'add',NULL,NULL),(213,144,210,NULL,2,'add',NULL,NULL),(214,189,211,NULL,4,'add',NULL,NULL),(215,14,212,NULL,4,'add',NULL,NULL),(216,139,213,NULL,6,'add',NULL,NULL),(217,190,214,NULL,1,'add',NULL,NULL),(218,191,215,NULL,1,'add',NULL,NULL),(219,128,216,NULL,1,'add',NULL,NULL),(220,18,216,NULL,2,'add',NULL,NULL),(221,17,216,NULL,1,'add',NULL,NULL),(222,16,216,NULL,1,'add',NULL,NULL),(223,192,217,NULL,1,'add',NULL,NULL),(224,193,218,NULL,1,'add',NULL,NULL),(225,131,219,NULL,1,'add',NULL,NULL),(226,194,220,NULL,4,'add',NULL,NULL),(227,195,221,NULL,1,'add',NULL,NULL),(228,196,222,NULL,1,'add',NULL,NULL),(229,197,223,NULL,1,'add',NULL,NULL),(230,45,224,NULL,1,'add',NULL,NULL),(231,201,225,NULL,1,'add',NULL,NULL),(232,200,225,NULL,1,'add',NULL,NULL),(233,199,225,NULL,2,'add',NULL,NULL),(234,198,225,NULL,2,'add',NULL,NULL),(235,31,226,NULL,1,'add',NULL,NULL),(236,25,226,NULL,1,'add',NULL,NULL),(237,27,226,NULL,1,'add',NULL,NULL),(238,28,226,NULL,2,'add',NULL,NULL),(239,30,226,NULL,1.5,'add',NULL,NULL),(240,202,227,NULL,1,'add',NULL,NULL),(241,162,228,NULL,1,'add',NULL,NULL),(242,46,229,NULL,1,'add',NULL,NULL),(243,203,230,NULL,1,'add',NULL,NULL),(244,47,231,NULL,1,'add',NULL,NULL),(245,204,232,NULL,2,'add',NULL,NULL),(246,48,233,NULL,1,'add',NULL,NULL),(247,49,233,NULL,1,'add',NULL,NULL),(248,165,233,NULL,1,'add',NULL,NULL),(249,96,234,NULL,386,'add',NULL,NULL),(250,205,235,NULL,998,'add',NULL,NULL),(251,206,236,NULL,2,'add',NULL,NULL),(252,207,236,NULL,3,'add',NULL,NULL),(253,208,236,NULL,3,'add',NULL,NULL),(254,161,237,NULL,8,'add',NULL,NULL),(255,101,238,NULL,30,'add',NULL,NULL),(256,55,239,NULL,35,'add',NULL,NULL),(257,56,239,NULL,10,'add',NULL,NULL),(258,209,240,NULL,45,'add',NULL,NULL),(259,210,241,NULL,24,'add',NULL,NULL),(260,211,242,NULL,1,'add',NULL,NULL),(261,212,243,NULL,2,'add',NULL,NULL),(262,213,244,NULL,1,'add',NULL,NULL),(263,214,245,NULL,1,'add',NULL,NULL),(264,215,246,NULL,1,'add',NULL,NULL),(265,216,247,NULL,1,'add',NULL,NULL),(266,217,248,NULL,2,'add',NULL,NULL),(267,71,249,NULL,1,'add',NULL,NULL),(268,72,249,NULL,11,'add',NULL,NULL),(269,218,250,NULL,9,'add',NULL,NULL),(270,219,250,NULL,1,'add',NULL,NULL),(271,220,251,NULL,1,'add',NULL,NULL),(272,60,252,NULL,1,'add',NULL,NULL),(273,62,252,NULL,1,'add',NULL,NULL),(274,91,252,NULL,2,'add',NULL,NULL),(275,91,253,NULL,1,'sub',NULL,NULL),(276,221,254,NULL,1,'add',NULL,NULL),(277,222,255,NULL,3,'add',NULL,NULL),(278,223,256,NULL,1,'add',NULL,NULL),(279,224,257,NULL,1,'add',NULL,NULL),(280,225,258,NULL,1,'add',NULL,NULL),(281,226,259,NULL,1,'add',NULL,NULL),(282,76,260,NULL,1,'add',NULL,NULL),(283,227,261,NULL,3,'add',NULL,NULL),(284,228,262,NULL,2,'add',NULL,NULL),(285,229,263,NULL,1,'add',NULL,NULL),(286,230,264,NULL,1,'add',NULL,NULL),(287,231,265,NULL,1,'add',NULL,NULL),(288,232,266,NULL,1,'add',NULL,NULL),(289,233,267,NULL,2,'add',NULL,NULL),(290,58,268,NULL,2,'add',NULL,NULL),(291,189,269,NULL,2,'sub',NULL,NULL),(292,236,270,NULL,2,'add',NULL,NULL),(293,237,271,NULL,1,'add',NULL,NULL),(294,238,272,NULL,1,'add',NULL,NULL),(295,50,273,NULL,9,'add',NULL,NULL),(296,239,274,NULL,1,'add',NULL,NULL),(297,154,275,NULL,5,'add',NULL,NULL),(298,242,276,NULL,5,'add',NULL,NULL),(299,241,276,NULL,6,'add',NULL,NULL),(300,240,276,NULL,3,'add',NULL,NULL),(301,243,277,NULL,1,'add',NULL,NULL),(302,245,278,NULL,6,'add',NULL,NULL),(303,244,278,NULL,2,'add',NULL,NULL),(304,243,278,NULL,2,'add',NULL,NULL);

--
-- Table structure for table `adjustments`
--

CREATE TABLE `adjustments` (
  `id` int(11) NOT NULL AUTO_INCREMENT,
  `user_id` int(11) NOT NULL,
  `date` date NOT NULL,
  `Ref` varchar(192) NOT NULL,
  `warehouse_id` int(11) NOT NULL,
  `items` double DEFAULT 0,
  `notes` text DEFAULT NULL,
  `created_at` timestamp(6) NULL DEFAULT NULL,
  `updated_at` timestamp(6) NULL DEFAULT NULL,
  `deleted_at` timestamp NULL DEFAULT NULL,
  PRIMARY KEY (`id`),
  KEY `user_id_adjustment` (`user_id`),
  KEY `warehouse_id_adjustment` (`warehouse_id`),
  CONSTRAINT `user_id_adjustment` FOREIGN KEY (`user_id`) REFERENCES `users` (`id`),
  CONSTRAINT `warehouse_id_adjustment` FOREIGN KEY (`warehouse_id`) REFERENCES `warehouses` (`id`)
) ENGINE=InnoDB AUTO_INCREMENT=279 DEFAULT CHARSET=utf8mb4 COLLATE=utf8mb4_general_ci;

--
-- Dumping data for table `adjustments`
--

INSERT INTO `adjustments` VALUES (1,1,'2024-12-26','AD_1111',7,1,NULL,'2024-12-26 15:24:52.000000','2024-12-26 15:24:52.000000',NULL),(2,1,'2024-12-26','AD_1112',7,1,NULL,'2024-12-26 18:51:40.000000','2024-12-26 18:51:40.000000',NULL),(3,1,'2024-12-26','AD_1113',7,1,NULL,'2024-12-26 20:00:34.000000','2024-12-26 20:00:34.000000',NULL),(4,1,'2024-12-26','AD_1114',7,1,NULL,'2024-12-26 20:54:29.000000','2024-12-26 20:54:29.000000',NULL),(5,1,'2024-12-26','AD_1115',7,1,NULL,'2024-12-26 20:57:41.000000','2024-12-26 20:57:41.000000',NULL),(6,1,'2024-12-26','AD_1116',7,1,NULL,'2024-12-26 21:05:41.000000','2024-12-26 21:05:41.000000',NULL),(7,1,'2024-12-26','AD_1117',7,1,NULL,'2024-12-26 21:13:19.000000','2024-12-26 21:13:19.000000',NULL),(8,1,'2024-12-26','AD_1118',7,1,NULL,'2024-12-26 21:21:09.000000','2024-12-26 21:21:09.000000',NULL),(9,1,'2024-12-26','AD_1119',7,1,NULL,'2024-12-26 21:38:49.000000','2024-12-26 21:38:49.000000',NULL),(10,1,'2024-12-26','AD_1120',7,1,NULL,'2024-12-26 21:42:57.000000','2024-12-26 21:42:57.000000',NULL),(11,1,'2024-12-26','AD_1121',7,1,NULL,'2024-12-26 21:47:26.000000','2024-12-26 21:47:26.000000',NULL),(12,1,'2024-12-26','AD_1122',7,1,NULL,'2024-12-26 22:01:17.000000','2024-12-26 22:01:17.000000',NULL),(13,1,'2024-12-27','AD_1123',7,1,NULL,'2024-12-27 12:16:33.000000','2024-12-27 12:16:33.000000',NULL),(14,1,'2024-12-27','AD_1124',7,1,NULL,'2024-12-27 12:25:41.000000','2024-12-27 12:25:41.000000',NULL),(15,1,'2024-12-27','AD_1125',7,1,NULL,'2024-12-27 12:31:01.000000','2024-12-27 12:31:01.000000',NULL),(16,1,'2024-12-27','AD_1126',7,1,NULL,'2024-12-27 12:34:47.000000','2024-12-27 12:34:47.000000',NULL),(17,1,'2024-12-27','AD_1127',7,1,NULL,'2024-12-27 13:15:06.000000','2024-12-27 13:15:06.000000',NULL),(18,1,'2024-12-27','AD_1128',7,1,NULL,'2024-12-27 13:32:59.000000','2024-12-27 13:32:59.000000',NULL),(19,1,'2024-12-27','AD_1129',7,1,NULL,'2024-12-27 13:33:51.000000','2024-12-27 13:33:51.000000',NULL),(20,1,'2024-12-27','AD_1130',7,1,NULL,'2024-12-27 13:35:23.000000','2024-12-27 13:35:23.000000',NULL),(21,1,'2024-12-27','AD_1131',7,1,NULL,'2024-12-27 13:49:17.000000','2024-12-27 13:49:17.000000',NULL),(22,1,'2024-12-27','AD_1132',7,2,NULL,'2024-12-27 15:06:58.000000','2024-12-27 15:06:58.000000',NULL),(23,1,'2024-12-27','AD_1133',7,1,NULL,'2024-12-27 15:37:15.000000','2024-12-27 15:37:15.000000',NULL),(24,1,'2024-12-27','AD_1134',7,1,NULL,'2024-12-27 15:40:46.000000','2024-12-27 15:40:46.000000',NULL),(25,1,'2024-12-27','AD_1135',7,1,NULL,'2024-12-27 17:58:35.000000','2024-12-27 17:58:35.000000',NULL),(26,1,'2024-12-27','AD_1136',7,1,NULL,'2024-12-27 18:02:44.000000','2024-12-27 18:02:44.000000',NULL),(27,1,'2024-12-27','AD_1137',7,1,NULL,'2024-12-27 18:32:11.000000','2024-12-27 18:32:11.000000',NULL),(28,1,'2024-12-28','AD_1138',7,1,NULL,'2024-12-28 15:09:27.000000','2024-12-28 15:09:27.000000',NULL),(29,1,'2024-12-28','AD_1139',7,1,NULL,'2024-12-28 15:16:09.000000','2024-12-28 15:16:09.000000',NULL),(30,1,'2024-12-28','AD_1140',7,1,NULL,'2024-12-28 16:21:17.000000','2024-12-28 16:21:17.000000',NULL),(31,1,'2024-12-28','AD_1141',7,1,NULL,'2024-12-28 16:28:52.000000','2024-12-28 16:28:52.000000',NULL),(32,1,'2024-12-28','AD_1142',7,1,NULL,'2024-12-28 16:40:14.000000','2024-12-28 16:40:14.000000',NULL),(33,1,'2024-12-28','AD_1143',7,1,NULL,'2024-12-28 16:42:49.000000','2024-12-28 16:42:49.000000',NULL),(34,1,'2024-12-28','AD_1144',7,1,NULL,'2024-12-28 16:47:06.000000','2024-12-28 16:47:06.000000',NULL),(35,1,'2024-12-28','AD_1145',7,1,NULL,'2024-12-28 16:51:29.000000','2024-12-28 16:51:29.000000',NULL),(36,1,'2024-12-28','AD_1146',7,1,NULL,'2024-12-28 16:56:04.000000','2024-12-28 16:56:04.000000',NULL),(37,1,'2024-12-28','AD_1147',7,1,NULL,'2024-12-28 17:16:14.000000','2024-12-28 17:16:14.000000',NULL),(38,1,'2024-12-28','AD_1148',7,1,NULL,'2024-12-28 17:35:17.000000','2024-12-28 17:35:17.000000',NULL),(39,1,'2024-12-28','AD_1149',7,1,NULL,'2024-12-28 17:39:49.000000','2024-12-28 17:39:49.000000',NULL),(40,1,'2024-12-28','AD_1150',7,1,NULL,'2024-12-28 17:52:32.000000','2024-12-28 17:52:32.000000',NULL),(41,1,'2024-12-30','AD_1151',7,1,NULL,'2024-12-30 12:01:25.000000','2024-12-30 12:01:25.000000',NULL),(42,1,'2024-12-30','AD_1152',7,1,NULL,'2024-12-30 12:04:40.000000','2024-12-30 12:04:40.000000',NULL),(43,1,'2024-12-30','AD_1153',7,1,NULL,'2024-12-30 12:08:47.000000','2024-12-30 12:08:47.000000',NULL),(44,1,'2024-12-30','AD_1154',7,1,NULL,'2024-12-30 12:11:07.000000','2024-12-30 12:11:07.000000',NULL),(45,1,'2024-12-30','AD_1155',7,1,NULL,'2024-12-30 12:16:00.000000','2024-12-30 12:16:00.000000',NULL),(46,1,'2024-12-30','AD_1156',7,1,NULL,'2024-12-30 12:20:32.000000','2024-12-30 12:20:32.000000',NULL),(47,1,'2024-12-30','AD_1157',7,1,NULL,'2024-12-30 12:27:18.000000','2024-12-30 12:27:18.000000',NULL),(48,1,'2024-12-30','AD_1158',7,1,NULL,'2024-12-30 12:31:08.000000','2024-12-30 12:31:08.000000',NULL),(49,1,'2024-12-30','AD_1159',7,1,NULL,'2024-12-30 12:35:43.000000','2024-12-30 12:35:43.000000',NULL),(50,1,'2024-12-30','AD_1160',7,1,NULL,'2024-12-30 12:48:16.000000','2024-12-30 12:48:16.000000',NULL),(51,1,'2024-12-30','AD_1161',7,1,NULL,'2024-12-30 12:50:23.000000','2024-12-30 12:50:23.000000',NULL),(52,1,'2024-12-30','AD_1162',7,1,NULL,'2024-12-30 12:53:00.000000','2024-12-30 12:53:00.000000',NULL),(53,1,'2024-12-30','AD_1163',7,1,NULL,'2024-12-30 12:55:53.000000','2024-12-30 12:55:53.000000',NULL),(54,1,'2024-12-30','AD_1164',7,1,NULL,'2024-12-30 13:01:50.000000','2024-12-30 13:01:50.000000',NULL),(55,1,'2024-12-30','AD_1165',7,1,NULL,'2024-12-30 13:04:21.000000','2024-12-30 13:04:21.000000',NULL),(56,1,'2024-12-30','AD_1166',7,1,NULL,'2024-12-30 13:09:32.000000','2024-12-30 13:09:32.000000',NULL),(57,1,'2024-12-30','AD_1167',7,1,NULL,'2024-12-30 13:13:05.000000','2024-12-30 13:13:05.000000',NULL),(58,1,'2024-12-30','AD_1168',7,1,NULL,'2024-12-30 13:15:53.000000','2024-12-30 13:15:53.000000',NULL),(59,1,'2024-12-30','AD_1169',7,1,NULL,'2024-12-30 13:37:10.000000','2024-12-30 13:37:10.000000',NULL),(60,1,'2024-12-30','AD_1170',7,1,NULL,'2024-12-30 13:40:17.000000','2024-12-30 13:40:17.000000',NULL),(61,1,'2024-12-30','AD_1171',7,1,NULL,'2024-12-30 13:46:12.000000','2024-12-30 13:46:12.000000',NULL),(62,1,'2024-12-30','AD_1172',7,1,NULL,'2024-12-30 13:58:59.000000','2024-12-30 13:58:59.000000',NULL),(63,1,'2024-12-30','AD_1173',7,1,NULL,'2024-12-30 14:01:52.000000','2024-12-30 14:01:52.000000',NULL),(64,1,'2024-12-30','AD_1174',7,1,NULL,'2024-12-30 14:13:25.000000','2024-12-30 14:13:25.000000',NULL),(65,1,'2024-12-30','AD_1175',7,1,NULL,'2024-12-30 14:18:09.000000','2024-12-30 14:18:09.000000',NULL),(66,1,'2024-12-30','AD_1176',7,1,NULL,'2024-12-30 14:30:03.000000','2024-12-30 14:30:03.000000',NULL),(67,1,'2024-12-30','AD_1177',7,1,NULL,'2024-12-30 14:35:44.000000','2024-12-30 14:35:44.000000',NULL),(68,1,'2024-12-30','AD_1178',8,1,NULL,'2024-12-30 14:37:32.000000','2024-12-30 14:37:32.000000',NULL),(69,1,'2024-12-30','AD_1179',7,1,NULL,'2024-12-30 14:47:16.000000','2024-12-30 14:47:16.000000',NULL),(70,1,'2024-12-30','AD_1180',7,1,NULL,'2024-12-30 14:53:27.000000','2024-12-30 14:53:27.000000',NULL),(71,1,'2024-12-30','AD_1181',7,1,NULL,'2024-12-30 14:55:08.000000','2024-12-30 14:55:08.000000',NULL),(72,1,'2024-12-30','AD_1182',7,1,NULL,'2024-12-30 15:00:58.000000','2024-12-30 15:00:58.000000',NULL),(73,1,'2024-12-30','AD_1183',7,1,NULL,'2024-12-30 15:04:09.000000','2024-12-30 15:04:09.000000',NULL),(74,1,'2024-12-30','AD_1184',7,1,NULL,'2024-12-30 15:06:51.000000','2024-12-30 15:06:51.000000',NULL),(75,1,'2024-12-30','AD_1185',7,1,NULL,'2024-12-30 15:16:24.000000','2024-12-30 15:16:24.000000',NULL),(76,1,'2024-12-30','AD_1186',7,1,NULL,'2024-12-30 15:17:59.000000','2024-12-30 15:17:59.000000',NULL),(77,1,'2024-12-30','AD_1187',7,1,NULL,'2024-12-30 15:19:46.000000','2024-12-30 15:19:46.000000',NULL),(78,1,'2024-12-30','AD_1188',7,1,NULL,'2024-12-30 15:20:49.000000','2024-12-30 15:20:49.000000',NULL),(79,1,'2024-12-30','AD_1189',7,1,NULL,'2024-12-30 15:21:25.000000','2024-12-30 15:21:25.000000',NULL),(80,1,'2024-12-30','AD_1190',7,1,NULL,'2024-12-30 15:21:59.000000','2024-12-30 15:21:59.000000',NULL),(81,1,'2024-12-30','AD_1191',7,1,NULL,'2024-12-30 15:22:34.000000','2024-12-30 15:22:34.000000',NULL),(82,1,'2024-12-30','AD_1192',7,1,NULL,'2024-12-30 15:23:42.000000','2024-12-30 15:23:42.000000',NULL),(83,1,'2024-12-30','AD_1193',7,1,NULL,'2024-12-30 15:27:55.000000','2024-12-30 15:27:55.000000',NULL),(84,1,'2024-12-30','AD_1194',7,1,NULL,'2024-12-30 15:30:32.000000','2024-12-30 15:30:32.000000',NULL),(85,1,'2024-12-30','AD_1195',7,1,NULL,'2024-12-30 15:44:43.000000','2024-12-30 15:44:43.000000',NULL),(86,1,'2024-12-30','AD_1196',7,1,NULL,'2024-12-30 16:06:40.000000','2024-12-30 16:06:40.000000',NULL),(87,1,'2024-12-30','AD_1197',7,1,NULL,'2024-12-30 16:18:00.000000','2024-12-30 16:18:00.000000',NULL),(88,1,'2024-12-30','AD_1198',7,1,NULL,'2024-12-30 16:30:51.000000','2024-12-30 16:30:51.000000',NULL),(89,1,'2024-12-30','AD_1199',7,1,NULL,'2024-12-30 16:33:14.000000','2024-12-30 16:33:14.000000',NULL),(90,1,'2024-12-30','AD_1200',7,1,NULL,'2024-12-30 16:39:09.000000','2024-12-30 16:39:09.000000',NULL),(91,1,'2024-12-30','AD_1201',7,1,NULL,'2024-12-30 16:47:53.000000','2024-12-30 16:47:53.000000',NULL),(92,1,'2024-12-30','AD_1202',7,1,NULL,'2024-12-30 17:03:54.000000','2024-12-30 17:03:54.000000',NULL),(93,1,'2024-12-30','AD_1203',7,1,NULL,'2024-12-30 17:10:09.000000','2024-12-30 17:10:09.000000',NULL),(94,1,'2024-12-30','AD_1204',7,1,NULL,'2024-12-30 17:16:18.000000','2024-12-30 17:16:18.000000',NULL),(95,1,'2024-12-30','AD_1205',7,1,NULL,'2024-12-30 17:19:28.000000','2024-12-30 17:19:28.000000',NULL),(96,1,'2024-12-30','AD_1206',7,1,NULL,'2024-12-30 17:22:08.000000','2024-12-30 17:22:08.000000',NULL),(97,1,'2024-12-30','AD_1207',7,1,NULL,'2024-12-30 17:25:42.000000','2024-12-30 17:25:42.000000',NULL),(98,1,'2024-12-30','AD_1208',7,1,NULL,'2024-12-30 17:27:36.000000','2024-12-30 17:27:36.000000',NULL),(99,1,'2024-12-30','AD_1209',7,1,NULL,'2024-12-30 19:18:41.000000','2024-12-30 19:18:41.000000',NULL),(100,1,'2024-12-30','AD_1210',7,1,NULL,'2024-12-30 19:28:18.000000','2024-12-30 19:28:18.000000',NULL),(101,1,'2024-12-30','AD_1211',7,1,NULL,'2024-12-30 19:42:48.000000','2024-12-30 19:42:48.000000',NULL),(102,1,'2024-12-30','AD_1212',7,1,NULL,'2024-12-30 19:56:49.000000','2024-12-30 19:56:49.000000',NULL),(103,1,'2024-12-30','AD_1213',7,1,NULL,'2024-12-30 20:06:14.000000','2024-12-30 20:06:14.000000',NULL),(104,1,'2024-12-30','AD_1214',7,1,NULL,'2024-12-30 20:48:18.000000','2024-12-30 20:48:18.000000',NULL),(105,1,'2025-01-03','AD_1215',7,1,NULL,'2025-01-03 14:18:25.000000','2025-01-03 14:18:25.000000',NULL),(106,1,'2025-01-03','AD_1216',7,1,NULL,'2025-01-03 14:20:24.000000','2025-01-03 14:20:24.000000',NULL),(107,1,'2025-01-03','AD_1217',7,1,NULL,'2025-01-03 14:26:31.000000','2025-01-03 14:26:31.000000',NULL),(108,1,'2025-01-03','AD_1218',7,1,NULL,'2025-01-03 14:27:18.000000','2025-01-03 14:27:18.000000',NULL),(109,1,'2025-01-07','AD_1219',5,1,NULL,'2025-01-07 12:01:13.000000','2025-01-07 12:01:13.000000',NULL),(110,1,'2025-01-07','AD_1220',5,1,NULL,'2025-01-07 12:03:57.000000','2025-01-07 12:03:57.000000',NULL),(111,1,'2025-01-07','AD_1221',5,1,NULL,'2025-01-07 20:12:13.000000','2025-01-07 20:12:13.000000',NULL),(112,1,'2025-01-07','AD_1222',5,1,NULL,'2025-01-07 20:12:50.000000','2025-01-07 20:12:50.000000',NULL),(113,1,'2025-01-07','AD_1223',7,1,NULL,'2025-01-07 20:54:58.000000','2025-01-07 20:54:58.000000',NULL),(114,1,'2025-01-07','AD_1224',7,1,NULL,'2025-01-07 21:03:16.000000','2025-01-07 21:03:16.000000',NULL),(115,1,'2025-01-07','AD_1225',7,1,NULL,'2025-01-07 21:09:16.000000','2025-01-07 21:09:16.000000',NULL),(116,1,'2025-01-07','AD_1226',5,1,NULL,'2025-01-07 21:14:43.000000','2025-01-07 21:14:43.000000',NULL),(117,1,'2025-01-07','AD_1227',5,1,NULL,'2025-01-07 21:49:56.000000','2025-01-07 21:49:56.000000',NULL),(118,1,'2025-01-07','AD_1228',5,1,NULL,'2025-01-07 21:51:29.000000','2025-01-07 21:51:29.000000',NULL),(119,1,'2025-01-07','AD_1229',5,1,NULL,'2025-01-07 21:53:34.000000','2025-01-07 21:53:34.000000',NULL),(120,1,'2025-01-07','AD_1230',5,1,NULL,'2025-01-07 21:56:22.000000','2025-01-07 21:56:22.000000',NULL),(121,1,'2025-01-07','AD_1231',5,1,NULL,'2025-01-07 22:00:26.000000','2025-01-07 22:00:26.000000',NULL),(122,1,'2025-01-07','AD_1232',5,1,NULL,'2025-01-07 22:16:44.000000','2025-01-07 22:16:44.000000',NULL),(123,1,'2025-01-07','AD_1233',5,1,NULL,'2025-01-07 22:27:07.000000','2025-01-07 22:27:07.000000',NULL),(124,1,'2025-01-07','AD_1234',5,1,NULL,'2025-01-07 22:28:24.000000','2025-01-07 22:28:24.000000',NULL),(125,1,'2025-01-07','AD_1235',5,1,NULL,'2025-01-07 22:31:12.000000','2025-01-07 22:31:12.000000',NULL),(126,1,'2025-01-07','AD_1236',5,1,NULL,'2025-01-07 22:35:30.000000','2025-01-07 22:35:30.000000',NULL),(127,1,'2025-01-07','AD_1237',5,1,NULL,'2025-01-07 22:39:48.000000','2025-01-07 22:39:48.000000',NULL),(128,1,'2025-01-07','AD_1238',5,1,NULL,'2025-01-07 22:41:38.000000','2025-01-07 22:41:38.000000',NULL),(129,1,'2025-01-07','AD_1239',5,1,NULL,'2025-01-07 22:42:10.000000','2025-01-07 22:42:10.000000',NULL),(130,1,'2025-01-07','AD_1240',5,1,NULL,'2025-01-07 22:42:44.000000','2025-01-07 22:42:44.000000',NULL),(131,1,'2025-01-07','AD_1241',5,1,NULL,'2025-01-07 22:43:48.000000','2025-01-07 22:43:48.000000',NULL),(132,1,'2025-01-07','AD_1242',5,1,NULL,'2025-01-07 22:44:24.000000','2025-01-07 22:44:24.000000',NULL),(133,1,'2025-01-07','AD_1243',5,1,NULL,'2025-01-07 22:45:06.000000','2025-01-07 22:45:06.000000',NULL),(134,1,'2025-01-07','AD_1244',5,1,NULL,'2025-01-07 22:45:54.000000','2025-01-07 22:45:54.000000',NULL),(135,1,'2025-01-08','AD_1245',5,1,NULL,'2025-01-08 12:14:58.000000','2025-01-08 12:14:58.000000',NULL),(136,1,'2025-01-08','AD_1246',5,1,NULL,'2025-01-08 12:18:13.000000','2025-01-08 12:18:13.000000',NULL),(137,1,'2025-01-08','AD_1247',5,1,NULL,'2025-01-08 12:21:32.000000','2025-01-08 12:21:32.000000',NULL),(138,1,'2025-01-08','AD_1248',5,1,NULL,'2025-01-08 12:31:51.000000','2025-01-08 12:31:51.000000',NULL),(139,1,'2025-01-08','AD_1249',5,1,NULL,'2025-01-08 12:52:51.000000','2025-01-08 12:52:51.000000',NULL),(140,1,'2025-01-08','AD_1250',5,1,NULL,'2025-01-08 13:25:25.000000','2025-01-08 13:25:25.000000',NULL),(141,1,'2025-01-08','AD_1251',5,1,NULL,'2025-01-08 13:38:01.000000','2025-01-08 13:38:01.000000',NULL),(142,1,'2025-01-08','AD_1252',5,1,NULL,'2025-01-08 13:45:25.000000','2025-01-08 13:45:25.000000',NULL),(143,1,'2025-01-08','AD_1253',5,1,NULL,'2025-01-08 13:51:34.000000','2025-01-08 13:51:34.000000',NULL),(144,1,'2025-01-08','AD_1254',5,1,NULL,'2025-01-08 14:01:14.000000','2025-01-08 14:01:14.000000',NULL),(145,1,'2025-01-08','AD_1255',5,1,NULL,'2025-01-08 14:16:11.000000','2025-01-08 14:16:11.000000',NULL),(146,1,'2025-01-08','AD_1256',5,1,NULL,'2025-01-08 14:25:39.000000','2025-01-08 14:25:39.000000',NULL),(147,1,'2025-01-08','AD_1257',5,1,NULL,'2025-01-08 14:36:29.000000','2025-01-08 14:36:29.000000',NULL),(148,1,'2025-01-08','AD_1258',5,1,NULL,'2025-01-08 14:40:19.000000','2025-01-08 14:40:19.000000',NULL),(149,1,'2025-01-08','AD_1259',5,1,NULL,'2025-01-08 15:18:19.000000','2025-01-08 15:18:19.000000',NULL),(150,1,'2025-01-08','AD_1260',5,1,NULL,'2025-01-08 15:21:14.000000','2025-01-08 15:21:14.000000',NULL),(151,1,'2025-01-08','AD_1261',5,1,NULL,'2025-01-08 15:46:39.000000','2025-01-08 15:46:39.000000',NULL),(152,1,'2025-01-08','AD_1262',5,1,NULL,'2025-01-08 15:50:10.000000','2025-01-08 15:50:10.000000',NULL),(153,1,'2025-01-08','AD_1263',5,1,NULL,'2025-01-08 20:36:25.000000','2025-01-08 20:36:25.000000',NULL),(154,1,'2025-01-09','AD_1264',5,1,NULL,'2025-01-09 11:59:14.000000','2025-01-09 11:59:14.000000',NULL),(155,1,'2025-01-09','AD_1265',5,1,NULL,'2025-01-09 12:07:10.000000','2025-01-09 12:07:10.000000',NULL),(156,1,'2025-01-09','AD_1266',5,1,NULL,'2025-01-09 12:10:56.000000','2025-01-09 12:10:56.000000',NULL),(157,1,'2025-01-09','AD_1267',7,1,NULL,'2025-01-09 12:43:35.000000','2025-01-09 12:43:35.000000',NULL),(158,1,'2025-01-09','AD_1268',7,1,NULL,'2025-01-09 12:47:48.000000','2025-01-09 12:47:48.000000',NULL),(159,1,'2025-01-09','AD_1269',7,1,NULL,'2025-01-09 13:03:52.000000','2025-01-09 13:03:52.000000',NULL),(160,1,'2025-01-09','AD_1270',7,1,NULL,'2025-01-09 13:04:51.000000','2025-01-09 13:04:51.000000',NULL),(161,1,'2025-01-09','AD_1271',7,1,NULL,'2025-01-09 13:32:24.000000','2025-01-09 13:32:24.000000',NULL),(162,1,'2025-01-09','AD_1272',7,1,NULL,'2025-01-09 16:33:22.000000','2025-01-09 16:33:22.000000',NULL),(163,1,'2025-01-09','AD_1273',7,1,NULL,'2025-01-09 16:36:33.000000','2025-01-09 16:36:33.000000',NULL),(164,1,'2025-01-09','AD_1274',7,1,NULL,'2025-01-09 16:42:22.000000','2025-01-09 16:42:22.000000',NULL),(165,1,'2025-01-09','AD_1275',7,1,NULL,'2025-01-09 16:50:38.000000','2025-01-09 16:50:38.000000',NULL),(166,1,'2025-01-09','AD_1276',7,1,NULL,'2025-01-09 16:52:19.000000','2025-01-09 16:52:19.000000',NULL),(167,1,'2025-01-09','AD_1277',7,1,'w','2025-01-09 17:31:27.000000','2025-01-09 17:31:27.000000',NULL),(168,1,'2025-01-09','AD_1278',7,1,NULL,'2025-01-09 17:32:13.000000','2025-01-09 17:32:13.000000',NULL),(169,1,'2025-01-09','AD_1279',7,1,NULL,'2025-01-09 17:34:45.000000','2025-01-09 17:34:45.000000',NULL),(170,1,'2025-01-09','AD_1280',7,1,NULL,'2025-01-09 17:35:30.000000','2025-01-09 17:35:30.000000',NULL),(171,1,'2025-01-09','AD_1281',5,1,NULL,'2025-01-09 17:41:19.000000','2025-01-09 17:41:19.000000',NULL),(172,1,'2025-01-09','AD_1282',5,1,NULL,'2025-01-09 17:42:29.000000','2025-01-09 17:42:29.000000',NULL),(173,1,'2025-01-09','AD_1283',5,1,NULL,'2025-01-09 17:46:06.000000','2025-01-09 17:46:06.000000',NULL),(174,1,'2025-01-09','AD_1284',5,1,NULL,'2025-01-09 21:23:59.000000','2025-01-09 21:23:59.000000',NULL),(175,1,'2025-01-09','AD_1285',7,2,NULL,'2025-01-09 21:53:25.000000','2025-01-09 21:53:25.000000',NULL),(176,1,'2025-01-10','AD_1286',5,1,NULL,'2025-01-10 13:52:41.000000','2025-01-10 13:52:41.000000',NULL),(177,1,'2025-01-10','AD_1287',5,1,NULL,'2025-01-10 13:55:30.000000','2025-01-10 13:55:30.000000',NULL),(178,1,'2025-01-10','AD_1288',5,1,NULL,'2025-01-10 20:47:26.000000','2025-01-10 20:47:26.000000',NULL),(179,1,'2025-01-10','AD_1289',5,1,NULL,'2025-01-10 20:48:26.000000','2025-01-10 20:48:26.000000',NULL),(180,1,'2025-01-10','AD_1290',5,1,NULL,'2025-01-10 20:49:02.000000','2025-01-10 20:49:02.000000',NULL),(181,1,'2025-01-10','AD_1291',5,1,NULL,'2025-01-10 20:49:45.000000','2025-01-10 20:49:45.000000',NULL),(182,1,'2025-01-10','AD_1292',5,1,NULL,'2025-01-10 20:53:04.000000','2025-01-10 20:53:04.000000',NULL),(183,1,'2025-01-10','AD_1293',5,1,NULL,'2025-01-10 20:58:49.000000','2025-01-10 20:58:49.000000',NULL),(184,1,'2025-01-10','AD_1294',5,1,NULL,'2025-01-10 21:14:08.000000','2025-01-10 21:14:08.000000',NULL),(185,1,'2025-01-10','AD_1295',5,1,NULL,'2025-01-10 21:18:59.000000','2025-01-10 21:18:59.000000',NULL),(186,1,'2025-01-10','AD_1296',5,1,NULL,'2025-01-10 21:22:59.000000','2025-01-10 21:22:59.000000',NULL),(187,1,'2025-01-10','AD_1297',5,1,NULL,'2025-01-10 21:25:41.000000','2025-01-10 21:25:41.000000',NULL),(188,1,'2025-01-10','AD_1298',5,1,NULL,'2025-01-10 21:27:44.000000','2025-01-10 21:27:44.000000',NULL),(189,1,'2025-01-10','AD_1299',5,1,NULL,'2025-01-10 21:30:04.000000','2025-01-10 21:30:04.000000',NULL),(190,1,'2025-01-11','AD_1300',5,1,NULL,'2025-01-11 13:27:32.000000','2025-01-11 13:27:32.000000',NULL),(191,1,'2025-01-11','AD_1301',7,1,NULL,'2025-01-11 14:42:14.000000','2025-01-11 14:42:14.000000',NULL),(192,1,'2025-01-11','AD_1302',7,2,NULL,'2025-01-11 17:51:34.000000','2025-01-11 17:51:34.000000',NULL),(193,1,'2025-01-11','AD_1303',7,1,NULL,'2025-01-11 17:54:18.000000','2025-01-11 17:54:18.000000',NULL),(194,1,'2025-01-11','AD_1304',7,1,NULL,'2025-01-11 17:56:04.000000','2025-01-11 17:56:04.000000',NULL),(195,1,'2025-01-11','AD_1305',7,1,NULL,'2025-01-11 18:02:47.000000','2025-01-11 18:02:47.000000',NULL),(196,1,'2025-01-11','AD_1306',5,1,NULL,'2025-01-11 19:33:31.000000','2025-01-11 19:33:31.000000',NULL),(197,1,'2025-01-11','AD_1307',5,1,NULL,'2025-01-11 20:11:04.000000','2025-01-11 20:11:04.000000',NULL),(198,1,'2025-01-13','AD_1308',8,1,NULL,'2025-01-13 16:34:29.000000','2025-01-13 16:34:29.000000',NULL),(199,1,'2025-01-13','AD_1309',8,1,NULL,'2025-01-13 16:38:21.000000','2025-01-13 16:38:21.000000',NULL),(200,1,'2025-01-13','AD_1310',8,1,NULL,'2025-01-13 16:39:10.000000','2025-01-13 16:39:10.000000',NULL),(201,1,'2025-01-13','AD_1311',8,1,NULL,'2025-01-13 16:43:16.000000','2025-01-13 16:43:16.000000',NULL),(202,1,'2025-01-13','AD_1312',8,1,NULL,'2025-01-13 16:52:25.000000','2025-01-13 16:52:25.000000',NULL),(203,1,'2025-01-13','AD_1313',8,1,NULL,'2025-01-13 17:25:10.000000','2025-01-13 17:25:10.000000',NULL),(204,1,'2025-01-13','AD_1314',8,1,NULL,'2025-01-13 17:35:59.000000','2025-01-13 17:35:59.000000',NULL),(205,1,'2025-01-13','AD_1315',8,1,NULL,'2025-01-13 17:39:27.000000','2025-01-13 17:39:27.000000',NULL),(206,1,'2025-01-13','AD_1316',8,1,NULL,'2025-01-13 18:08:23.000000','2025-01-13 18:08:23.000000',NULL),(207,1,'2025-01-13','AD_1317',8,1,NULL,'2025-01-13 19:18:55.000000','2025-01-13 19:18:55.000000',NULL),(208,1,'2025-01-13','AD_1318',8,1,NULL,'2025-01-13 19:31:56.000000','2025-01-13 19:31:56.000000',NULL),(209,1,'2025-01-13','AD_1319',8,1,NULL,'2025-01-13 20:07:55.000000','2025-01-13 20:07:55.000000',NULL),(210,1,'2025-01-13','AD_1320',8,1,NULL,'2025-01-13 20:09:11.000000','2025-01-13 20:09:11.000000',NULL),(211,1,'2025-01-13','AD_1321',7,1,NULL,'2025-01-13 20:40:36.000000','2025-01-13 20:40:36.000000',NULL),(212,1,'2025-01-14','AD_1322',8,1,NULL,'2025-01-14 12:47:05.000000','2025-01-14 12:47:05.000000',NULL),(213,1,'2025-01-14','AD_1323',8,1,NULL,'2025-01-14 12:48:07.000000','2025-01-14 12:48:07.000000',NULL),(214,1,'2025-01-14','AD_1324',8,1,NULL,'2025-01-14 12:51:46.000000','2025-01-14 12:51:46.000000',NULL),(215,1,'2025-01-14','AD_1325',8,1,NULL,'2025-01-14 13:00:42.000000','2025-01-14 13:00:42.000000',NULL),(216,1,'2025-01-14','AD_1326',8,4,NULL,'2025-01-14 13:10:56.000000','2025-01-14 13:10:56.000000',NULL),(217,1,'2025-01-14','AD_1327',8,1,NULL,'2025-01-14 13:15:25.000000','2025-01-14 13:15:25.000000',NULL),(218,1,'2025-01-14','AD_1328',8,1,NULL,'2025-01-14 13:19:29.000000','2025-01-14 13:19:29.000000',NULL),(219,1,'2025-01-14','AD_1329',8,1,NULL,'2025-01-14 13:20:34.000000','2025-01-14 13:20:34.000000',NULL),(220,1,'2025-01-14','AD_1330',8,1,NULL,'2025-01-14 13:23:20.000000','2025-01-14 13:23:20.000000',NULL),(221,1,'2025-01-14','AD_1331',8,1,NULL,'2025-01-14 13:28:22.000000','2025-01-14 13:28:22.000000',NULL),(222,1,'2025-01-14','AD_1332',8,1,NULL,'2025-01-14 13:31:06.000000','2025-01-14 13:31:06.000000',NULL),(223,1,'2025-01-14','AD_1333',8,1,NULL,'2025-01-14 13:37:42.000000','2025-01-14 13:37:42.000000',NULL),(224,1,'2025-01-14','AD_1334',8,1,NULL,'2025-01-14 13:39:16.000000','2025-01-14 13:39:16.000000',NULL),(225,1,'2025-01-14','AD_1335',8,4,NULL,'2025-01-14 13:50:35.000000','2025-01-14 13:50:35.000000',NULL),(226,1,'2025-01-14','AD_1336',8,5,NULL,'2025-01-14 13:57:00.000000','2025-01-14 13:57:00.000000',NULL),(227,1,'2025-01-14','AD_1337',8,1,NULL,'2025-01-14 13:59:53.000000','2025-01-14 13:59:53.000000',NULL),(228,1,'2025-01-14','AD_1338',8,1,NULL,'2025-01-14 14:00:39.000000','2025-01-14 14:00:39.000000',NULL),(229,1,'2025-01-14','AD_1339',8,1,NULL,'2025-01-14 14:13:48.000000','2025-01-14 14:13:48.000000',NULL),(230,1,'2025-01-14','AD_1340',8,1,NULL,'2025-01-14 14:21:45.000000','2025-01-14 14:21:45.000000',NULL),(231,1,'2025-01-14','AD_1341',8,1,NULL,'2025-01-14 14:26:11.000000','2025-01-14 14:26:11.000000',NULL),(232,1,'2025-01-14','AD_1342',8,1,NULL,'2025-01-14 14:29:02.000000','2025-01-14 14:29:02.000000',NULL),(233,1,'2025-01-14','AD_1343',8,3,NULL,'2025-01-14 14:33:18.000000','2025-01-14 14:33:18.000000',NULL),(234,1,'2025-01-14','AD_1344',8,1,NULL,'2025-01-14 14:53:48.000000','2025-01-14 14:53:48.000000',NULL),(235,1,'2025-01-14','AD_1345',8,1,NULL,'2025-01-14 14:58:40.000000','2025-01-14 14:58:40.000000',NULL),(236,1,'2025-01-14','AD_1346',8,3,NULL,'2025-01-14 15:09:11.000000','2025-01-14 15:09:11.000000',NULL),(237,1,'2025-01-14','AD_1347',8,1,NULL,'2025-01-14 15:11:40.000000','2025-01-14 15:11:40.000000',NULL),(238,1,'2025-01-14','AD_1348',8,1,NULL,'2025-01-14 15:12:38.000000','2025-01-14 15:12:38.000000',NULL),(239,1,'2025-01-14','AD_1349',8,2,NULL,'2025-01-14 15:13:32.000000','2025-01-14 15:13:32.000000',NULL),(240,1,'2025-01-14','AD_1350',8,1,NULL,'2025-01-14 15:20:24.000000','2025-01-14 15:20:24.000000',NULL),(241,1,'2025-01-14','AD_1351',8,1,NULL,'2025-01-14 15:28:15.000000','2025-01-14 15:28:15.000000',NULL),(242,1,'2025-01-14','AD_1352',8,1,NULL,'2025-01-14 15:33:43.000000','2025-01-14 15:33:43.000000',NULL),(243,1,'2025-01-14','AD_1353',8,1,NULL,'2025-01-14 15:36:10.000000','2025-01-14 15:36:10.000000',NULL),(244,1,'2025-01-14','AD_1354',8,1,NULL,'2025-01-14 18:37:18.000000','2025-01-14 18:37:18.000000',NULL),(245,1,'2025-01-15','AD_1355',8,1,NULL,'2025-01-15 11:34:53.000000','2025-01-15 11:34:53.000000',NULL),(246,1,'2025-01-15','AD_1356',8,1,NULL,'2025-01-15 11:37:30.000000','2025-01-15 11:37:30.000000',NULL),(247,1,'2025-01-15','AD_1357',8,1,NULL,'2025-01-15 11:45:00.000000','2025-01-15 11:45:00.000000',NULL),(248,1,'2025-01-15','AD_1358',8,1,NULL,'2025-01-15 11:48:24.000000','2025-01-15 11:48:24.000000',NULL),(249,1,'2025-01-15','AD_1359',8,2,NULL,'2025-01-15 11:51:13.000000','2025-01-15 11:51:13.000000',NULL),(250,1,'2025-01-15','AD_1360',8,2,NULL,'2025-01-15 11:55:38.000000','2025-01-15 11:55:38.000000',NULL),(251,1,'2025-01-15','AD_1361',8,1,NULL,'2025-01-15 12:03:08.000000','2025-01-15 12:03:08.000000',NULL),(252,1,'2025-01-15','AD_1362',8,3,NULL,'2025-01-15 12:11:48.000000','2025-01-15 12:11:48.000000',NULL),(253,1,'2025-01-15','AD_1363',8,1,NULL,'2025-01-15 12:16:39.000000','2025-01-15 12:16:39.000000',NULL),(254,1,'2025-01-15','AD_1364',8,1,NULL,'2025-01-15 12:19:40.000000','2025-01-15 12:19:40.000000',NULL),(255,1,'2025-01-15','AD_1365',8,1,NULL,'2025-01-15 12:30:44.000000','2025-01-15 12:30:44.000000',NULL),(256,1,'2025-01-15','AD_1366',8,1,NULL,'2025-01-15 12:40:08.000000','2025-01-15 12:40:08.000000',NULL),(257,1,'2025-01-15','AD_1367',8,1,NULL,'2025-01-15 12:43:03.000000','2025-01-15 12:43:03.000000',NULL),(258,1,'2025-01-15','AD_1368',8,1,NULL,'2025-01-15 12:45:53.000000','2025-01-15 12:45:53.000000',NULL),(259,1,'2025-01-15','AD_1369',8,1,NULL,'2025-01-15 12:47:57.000000','2025-01-15 12:47:57.000000',NULL),(260,1,'2025-01-15','AD_1370',8,1,NULL,'2025-01-15 12:51:38.000000','2025-01-15 12:51:38.000000',NULL),(261,1,'2025-01-15','AD_1371',8,1,NULL,'2025-01-15 12:55:31.000000','2025-01-15 12:55:31.000000',NULL),(262,1,'2025-01-15','AD_1372',8,1,NULL,'2025-01-15 13:01:14.000000','2025-01-15 13:01:14.000000',NULL),(263,1,'2025-01-15','AD_1373',8,1,NULL,'2025-01-15 13:07:08.000000','2025-01-15 13:07:08.000000',NULL),(264,1,'2025-01-15','AD_1374',8,1,NULL,'2025-01-15 13:14:15.000000','2025-01-15 13:14:15.000000',NULL),(265,1,'2025-01-15','AD_1375',8,1,NULL,'2025-01-15 13:27:50.000000','2025-01-15 13:27:50.000000',NULL),(266,1,'2025-01-15','AD_1376',8,1,NULL,'2025-01-15 13:33:57.000000','2025-01-15 13:33:57.000000',NULL),(267,1,'2025-01-15','AD_1377',8,1,NULL,'2025-01-15 13:55:51.000000','2025-01-15 13:55:51.000000',NULL),(268,1,'2025-01-15','AD_1378',8,1,NULL,'2025-01-15 14:10:11.000000','2025-01-15 14:10:11.000000',NULL),(269,1,'2025-01-16','AD_1379',7,1,NULL,'2025-01-16 11:53:51.000000','2025-01-16 11:53:51.000000',NULL),(270,1,'2025-01-16','AD_1380',8,1,NULL,'2025-01-16 12:23:15.000000','2025-01-16 12:23:15.000000',NULL),(271,1,'2025-01-16','AD_1381',8,1,NULL,'2025-01-16 12:26:07.000000','2025-01-16 12:26:07.000000',NULL),(272,1,'2025-01-16','AD_1382',8,1,NULL,'2025-01-16 12:29:22.000000','2025-01-16 12:29:22.000000',NULL),(273,1,'2025-01-16','AD_1383',8,1,NULL,'2025-01-16 12:32:41.000000','2025-01-16 12:32:41.000000',NULL),(274,1,'2025-01-16','AD_1384',8,1,NULL,'2025-01-16 12:36:33.000000','2025-01-16 12:36:33.000000',NULL),(275,1,'2025-01-16','AD_1385',8,1,NULL,'2025-01-16 12:40:09.000000','2025-01-16 12:40:09.000000',NULL),(276,1,'2025-01-16','AD_1386',8,3,NULL,'2025-01-16 12:52:48.000000','2025-01-16 12:52:48.000000',NULL),(277,1,'2025-01-16','AD_1387',8,1,NULL,'2025-01-16 12:58:39.000000','2025-01-16 12:58:39.000000',NULL),(278,1,'2025-01-16','AD_1388',8,3,NULL,'2025-01-16 13:05:29.000000','2025-01-16 13:05:29.000000',NULL);

--
-- Table structure for table `attendances`
--

CREATE TABLE `attendances` (
  `id` int(11) NOT NULL AUTO_INCREMENT,
  `user_id` int(11) NOT NULL,
  `company_id` int(11) NOT NULL,
  `employee_id` int(11) NOT NULL,
  `date` date NOT NULL,
  `clock_in` varchar(191) NOT NULL,
  `clock_in_ip` varchar(45) NOT NULL,
  `clock_out` varchar(191) NOT NULL,
  `clock_out_ip` varchar(191) NOT NULL,
  `clock_in_out` tinyint(1) NOT NULL,
  `depart_early` varchar(191) NOT NULL DEFAULT '00:00',
  `late_time` varchar(191) NOT NULL DEFAULT '00:00',
  `overtime` varchar(191) NOT NULL DEFAULT '00:00',
  `total_work` varchar(191) NOT NULL DEFAULT '00:00',
  `total_rest` varchar(191) NOT NULL DEFAULT '00:00',
  `status` varchar(191) NOT NULL DEFAULT 'present',
  `created_at` timestamp(6) NULL DEFAULT NULL,
  `updated_at` timestamp(6) NULL DEFAULT NULL,
  `deleted_at` timestamp NULL DEFAULT NULL,
  PRIMARY KEY (`id`),
  KEY `attendances_user_id` (`user_id`),
  KEY `attendances_company_id` (`company_id`),
  KEY `attendances_employee_id` (`employee_id`),
  CONSTRAINT `attendances_company_id` FOREIGN KEY (`company_id`) REFERENCES `companies` (`id`),
  CONSTRAINT `attendances_employee_id` FOREIGN KEY (`employee_id`) REFERENCES `employees` (`id`),
  CONSTRAINT `attendances_user_id` FOREIGN KEY (`user_id`) REFERENCES `users` (`id`)
) ENGINE=InnoDB DEFAULT CHARSET=utf8mb4 COLLATE=utf8mb4_general_ci;

--
-- Dumping data for table `attendances`
--


--
-- Table structure for table `brands`
--

CREATE TABLE `brands` (
  `id` int(11) NOT NULL AUTO_INCREMENT,
  `name` varchar(192) NOT NULL,
  `description` varchar(192) DEFAULT NULL,
  `image` varchar(192) DEFAULT NULL,
  `created_at` timestamp(6) NULL DEFAULT NULL,
  `updated_at` timestamp(6) NULL DEFAULT NULL,
  `deleted_at` timestamp NULL DEFAULT NULL,
  PRIMARY KEY (`id`)
) ENGINE=InnoDB AUTO_INCREMENT=16 DEFAULT CHARSET=utf8mb4 COLLATE=utf8mb4_general_ci;

--
-- Dumping data for table `brands`
--

INSERT INTO `brands` VALUES (1,'LORENTZ','null','no-image.png','2024-12-24 19:46:06.000000','2024-12-26 15:21:24.000000',NULL),(2,'ZHEJIANG JINSHANG','ZHEJIANG JINSHANG','no-image.png','2024-12-27 12:09:13.000000','2024-12-27 12:09:13.000000',NULL),(3,'CHINA BRAND','CHINA BRAND','no-image.png','2024-12-27 13:05:45.000000','2024-12-27 13:05:45.000000',NULL),(4,'Vackson','Vackson','no-image.png','2024-12-27 13:20:16.000000','2024-12-27 13:20:16.000000',NULL),(5,'KOSHIN LTD','KOSHIN LTD','no-image.png','2024-12-27 13:20:36.000000','2024-12-27 13:20:36.000000',NULL),(6,'TECHNOPOWER','TECHNOPOWER','no-image.png','2024-12-27 13:20:57.000000','2024-12-27 13:20:57.000000',NULL),(7,'dayliff','dayliff','no-image.png','2024-12-28 16:18:40.000000','2024-12-28 16:18:40.000000',NULL),(8,'Andeli','Andeli','no-image.png','2024-12-28 16:22:38.000000','2024-12-28 16:22:38.000000',NULL),(9,'IEKO','IEKO','no-image.png','2024-12-28 16:22:58.000000','2024-12-28 16:22:58.000000',NULL),(10,'SO-Safe','SO-Safe','no-image.png','2024-12-28 17:02:34.000000','2024-12-28 17:02:34.000000',NULL),(11,'DISC','DISC','no-image.png','2024-12-28 17:05:48.000000','2024-12-28 17:05:48.000000',NULL),(12,'JET','JET','no-image.png','2024-12-28 17:06:07.000000','2024-12-28 17:06:07.000000',NULL),(13,'G.I','G.I','no-image.png','2024-12-30 12:33:07.000000','2024-12-30 12:33:07.000000',NULL),(14,'HDPE','HDPE','no-image.png','2024-12-30 14:08:34.000000','2024-12-30 14:08:34.000000',NULL),(15,'PVC','PVC','no-image.png','2024-12-30 19:06:22.000000','2024-12-30 19:06:22.000000',NULL);

--
-- Table structure for table `categories`
--

CREATE TABLE `categories` (
  `id` int(11) NOT NULL AUTO_INCREMENT,
  `code` varchar(192) NOT NULL,
  `name` varchar(192) NOT NULL,
  `created_at` timestamp(6) NULL DEFAULT NULL,
  `updated_at` timestamp(6) NULL DEFAULT NULL,
  `deleted_at` timestamp NULL DEFAULT NULL,
  PRIMARY KEY (`id`)
) ENGINE=InnoDB AUTO_INCREMENT=37 DEFAULT CHARSET=utf8mb4 COLLATE=utf8mb4_general_ci;

--
-- Dumping data for table `categories`
--

INSERT INTO `categories` VALUES (1,'2\'\'','camlock','2024-12-23 21:12:39.000000','2024-12-26 15:20:37.000000','2024-12-26 15:20:37'),(2,'Pump','Pump','2024-12-24 19:44:47.000000','2024-12-26 15:20:37.000000','2024-12-26 15:20:37'),(3,'Motari','Motari','2024-12-24 19:45:11.000000','2024-12-26 15:20:37.000000','2024-12-26 15:20:37'),(4,'SOLAR MOTOR','SOLAR MOTOR','2024-12-26 15:20:20.000000','2024-12-26 15:20:20.000000',NULL),(5,'CONTROLLER','CONTROLLER','2024-12-26 20:58:46.000000','2024-12-26 20:58:46.000000',NULL),(6,'PV DISCONNECT','PV DISCONNECT','2024-12-26 21:27:28.000000','2024-12-26 21:27:28.000000',NULL),(7,'PV PROTECT','PV PROTECT','2024-12-26 21:44:30.000000','2024-12-26 21:44:30.000000',NULL),(8,'WELL PROBE','WELL PROBE','2024-12-26 21:48:41.000000','2024-12-26 21:48:41.000000',NULL),(9,'SURGE PROTECTOR','SURGE PROTECTOR','2024-12-26 21:52:00.000000','2024-12-26 21:52:00.000000',NULL),(10,'SOLAR PANELS','SOLAR PANELS','2024-12-27 12:08:40.000000','2024-12-27 12:08:40.000000',NULL),(11,'SOLAR LAMP','SOLAR LAMP','2024-12-27 12:52:24.000000','2024-12-27 12:52:24.000000',NULL),(12,'WASHER PUMP','WASHER PUMP','2024-12-27 13:16:52.000000','2024-12-27 13:16:52.000000',NULL),(13,'HOSE PIPE','HOSE PIPE','2024-12-27 13:40:45.000000','2024-12-27 13:40:45.000000',NULL),(14,'TANK','TANK','2024-12-28 15:06:57.000000','2024-12-28 15:07:08.000000',NULL),(15,'REGULATOR','REGULATOR','2024-12-28 16:22:03.000000','2024-12-28 16:22:03.000000',NULL),(16,'METER','METER','2024-12-28 16:43:47.000000','2024-12-28 16:43:47.000000',NULL),(17,'FILTINGS','FILTINGS','2024-12-28 17:01:27.000000','2024-12-28 17:01:27.000000',NULL),(18,'GRAVINIZER','GRAVINIZER','2024-12-30 12:32:25.000000','2024-12-30 12:32:25.000000',NULL),(19,'HDPE','HDPE','2024-12-30 14:07:48.000000','2024-12-30 14:07:48.000000',NULL),(20,'PVC','PVC','2024-12-30 19:05:34.000000','2024-12-30 19:05:34.000000',NULL),(21,'PETROL PUMP','PETROL PUMP','2025-01-07 19:58:24.000000','2025-01-07 19:58:24.000000',NULL),(22,'CAMERA','CAMERA','2025-01-07 22:24:38.000000','2025-01-07 22:24:38.000000',NULL),(23,'Liquid Pressure','Liquid Pressure','2025-01-08 13:08:40.000000','2025-01-08 13:08:40.000000',NULL),(24,'PV COMBINER','PV COMBINER','2025-01-08 13:32:47.000000','2025-01-08 13:32:47.000000',NULL),(25,'Commender','Commender','2025-01-08 13:48:40.000000','2025-01-08 13:48:40.000000',NULL),(26,'Pump Shaft','Pump Shaft','2025-01-08 14:02:07.000000','2025-01-08 14:02:07.000000',NULL),(27,'Sun Sensor','Sun Sensor','2025-01-08 14:21:49.000000','2025-01-08 14:21:49.000000',NULL),(28,'Cable splice','Cable splice','2025-01-08 14:33:22.000000','2025-01-08 14:33:22.000000',NULL),(29,'Switch Float','Switch Float','2025-01-08 14:38:03.000000','2025-01-08 14:38:03.000000',NULL),(30,'Wheelbarrow','Wheelbarrow','2025-01-08 20:33:46.000000','2025-01-08 20:33:46.000000',NULL),(31,'DIESEL PUMP','DIESEL PUMP','2025-01-09 13:28:19.000000','2025-01-09 13:28:19.000000',NULL),(32,'BETON','BETON','2025-01-11 18:16:19.000000','2025-01-11 18:16:19.000000',NULL),(33,'BAGUETTE','BAGUETTE','2025-01-11 18:22:20.000000','2025-01-11 18:22:20.000000',NULL),(34,'Shiyuan pump','Shiyuan pump','2025-01-13 16:44:33.000000','2025-01-13 16:44:33.000000',NULL),(35,'Board','Board','2025-01-14 12:57:50.000000','2025-01-14 12:57:50.000000',NULL),(36,'home system','home system','2025-01-16 12:59:41.000000','2025-01-16 12:59:41.000000',NULL);

--
-- Table structure for table `clients`
--

CREATE TABLE `clients` (
  `id` int(11) NOT NULL AUTO_INCREMENT,
  `name` varchar(191) NOT NULL,
  `code` int(11) NOT NULL,
  `email` varchar(191) DEFAULT NULL,
  `country` varchar(191) DEFAULT NULL,
  `city` varchar(191) DEFAULT NULL,
  `phone` varchar(191) DEFAULT NULL,
  `tax_number` varchar(192) DEFAULT NULL,
  `adresse` varchar(191) DEFAULT NULL,
  `created_at` timestamp(6) NULL DEFAULT NULL,
  `updated_at` timestamp(6) NULL DEFAULT NULL,
  `deleted_at` timestamp NULL DEFAULT NULL,
  PRIMARY KEY (`id`)
) ENGINE=InnoDB AUTO_INCREMENT=82 DEFAULT CHARSET=utf8mb4 COLLATE=utf8mb4_general_ci;

--
-- Dumping data for table `clients`
--

INSERT INTO `clients` VALUES (1,'walk-in-customer',1,'walk-in-customer@example.com','bangladesh','dhaka','123456780',NULL,'N45 , Dhaka',NULL,'2025-01-10 11:59:07.000000','2025-01-10 11:59:07'),(2,'Gasana',2,NULL,NULL,NULL,NULL,NULL,NULL,'2024-12-23 20:38:16.000000','2025-01-10 11:59:07.000000','2025-01-10 11:59:07'),(3,'District Bugesera',3,'info@bugesera.com','Rwanda','bugesera','0788416746','134144414',NULL,'2024-12-24 19:11:59.000000','2025-01-10 11:59:07.000000','2025-01-10 11:59:07'),(4,'sentore',4,NULL,NULL,NULL,NULL,NULL,NULL,'2024-12-27 13:54:10.000000','2025-01-10 11:59:07.000000','2025-01-10 11:59:07'),(5,'Eric',5,'Eric@gmail.com','Rwanda','kigali','0785353535','145235235235','Nyarugenge, kigali','2024-12-30 14:01:27.000000','2025-01-10 11:58:44.000000','2025-01-10 11:58:44'),(6,'wilson',6,NULL,'RWANDA','kigli','0786170142','120000','NYARUGENGE','2024-12-30 14:48:58.000000','2024-12-30 14:48:58.000000',NULL),(7,'JEAN CLAUDE MANIRAFASHA',7,NULL,NULL,NULL,NULL,NULL,NULL,'2025-01-07 21:35:39.000000','2025-01-07 21:35:39.000000',NULL),(8,'Engineer water purification technology ltd',8,NULL,NULL,NULL,'0788536392',NULL,NULL,'2025-01-10 12:00:37.000000','2025-01-10 12:00:37.000000',NULL),(9,'Pierre',9,NULL,NULL,NULL,'0788566522',NULL,NULL,'2025-01-10 12:01:33.000000','2025-01-10 12:01:33.000000',NULL),(10,'Cyprien',10,NULL,NULL,NULL,'0788355626',NULL,NULL,'2025-01-10 12:02:20.000000','2025-01-10 12:02:20.000000',NULL),(11,'Shema',11,NULL,NULL,NULL,'0780341415',NULL,NULL,'2025-01-10 12:03:04.000000','2025-01-10 12:03:04.000000',NULL),(12,'Peter',12,NULL,NULL,NULL,'0788987151',NULL,NULL,'2025-01-10 12:16:34.000000','2025-01-10 12:16:34.000000',NULL),(13,'Alex',13,NULL,NULL,NULL,'0736393431',NULL,NULL,'2025-01-10 12:17:19.000000','2025-01-10 12:17:19.000000',NULL),(14,'Colonel',14,NULL,NULL,NULL,'0783688505',NULL,NULL,'2025-01-10 12:18:05.000000','2025-01-10 12:18:05.000000',NULL),(15,'Joseph',15,NULL,NULL,NULL,'0788840202',NULL,NULL,'2025-01-10 12:18:45.000000','2025-01-10 12:18:45.000000',NULL),(16,'Canisius',16,NULL,NULL,NULL,'0786081035',NULL,NULL,'2025-01-10 12:23:40.000000','2025-01-10 12:23:40.000000',NULL),(17,'Batista',17,NULL,NULL,NULL,'0788805046',NULL,NULL,'2025-01-10 12:25:06.000000','2025-01-10 12:25:06.000000',NULL),(18,'Eric',18,NULL,NULL,NULL,'0781729730',NULL,NULL,'2025-01-10 12:31:21.000000','2025-01-10 12:31:21.000000',NULL),(19,'Simon',19,NULL,NULL,NULL,'0784151010',NULL,NULL,'2025-01-10 12:32:40.000000','2025-01-10 12:32:40.000000',NULL),(20,'Ndayisaba',20,NULL,NULL,NULL,'0789261624',NULL,NULL,'2025-01-10 12:33:28.000000','2025-01-10 12:33:28.000000',NULL),(21,'Aimable',21,NULL,NULL,NULL,'0785406195',NULL,NULL,'2025-01-10 12:34:06.000000','2025-01-10 12:34:06.000000',NULL),(22,'J Claude',22,NULL,NULL,NULL,'0788717664',NULL,NULL,'2025-01-10 12:34:47.000000','2025-01-10 12:34:47.000000',NULL),(23,'Eng-Jacque',23,NULL,NULL,NULL,'0788383393',NULL,NULL,'2025-01-10 12:35:37.000000','2025-01-10 12:35:37.000000',NULL),(24,'Cossam',24,NULL,NULL,NULL,'0788739434',NULL,NULL,'2025-01-10 12:36:57.000000','2025-01-10 12:36:57.000000',NULL),(25,'Muhoza',25,NULL,NULL,NULL,'0788583603',NULL,NULL,'2025-01-10 12:38:24.000000','2025-01-10 12:38:24.000000',NULL),(26,'Colonel',26,NULL,NULL,NULL,'0788319967',NULL,NULL,'2025-01-10 12:38:59.000000','2025-01-10 12:38:59.000000',NULL),(27,'Dieudonne',27,NULL,NULL,NULL,'0783571018',NULL,NULL,'2025-01-10 12:39:40.000000','2025-01-10 12:39:40.000000',NULL),(28,'Mutabazi',28,NULL,NULL,NULL,'0788240611',NULL,NULL,'2025-01-10 12:40:24.000000','2025-01-10 12:40:24.000000',NULL),(29,'Edourd',29,NULL,NULL,NULL,'0788397570',NULL,NULL,'2025-01-10 12:41:59.000000','2025-01-10 12:41:59.000000',NULL),(30,'Eric',30,NULL,NULL,NULL,'0788355014',NULL,NULL,'2025-01-10 12:42:40.000000','2025-01-10 12:42:40.000000',NULL),(31,'Hodar',31,NULL,NULL,NULL,'0788458704',NULL,NULL,'2025-01-10 12:43:16.000000','2025-01-10 12:43:16.000000',NULL),(32,'Peter',32,NULL,NULL,NULL,'0788290367',NULL,NULL,'2025-01-10 12:43:58.000000','2025-01-10 12:43:58.000000',NULL),(33,'Dushimina',33,NULL,NULL,NULL,'0790222487',NULL,NULL,'2025-01-10 12:44:46.000000','2025-01-10 12:44:46.000000',NULL),(34,'Emmanuel',34,NULL,NULL,NULL,'0727144043',NULL,NULL,'2025-01-10 12:45:27.000000','2025-01-10 12:45:27.000000',NULL),(35,'FIFI',35,NULL,NULL,NULL,'0788988700',NULL,NULL,'2025-01-10 12:46:07.000000','2025-01-10 12:46:07.000000',NULL),(36,'Ishimwe',36,NULL,NULL,NULL,'0783037912',NULL,NULL,'2025-01-10 12:47:07.000000','2025-01-10 12:47:07.000000',NULL),(37,'Fauste',37,NULL,NULL,NULL,'0785616139',NULL,NULL,'2025-01-10 12:47:59.000000','2025-01-10 12:47:59.000000',NULL),(38,'David',38,NULL,NULL,NULL,'0785995044',NULL,NULL,'2025-01-10 12:49:57.000000','2025-01-10 12:49:57.000000',NULL),(39,'patrick',39,NULL,NULL,NULL,'0721252995',NULL,NULL,'2025-01-10 12:50:33.000000','2025-01-10 12:50:33.000000',NULL),(40,'Jimmy',40,NULL,NULL,NULL,'0783688245',NULL,NULL,'2025-01-10 12:51:57.000000','2025-01-10 12:51:57.000000',NULL),(41,'Maike',41,NULL,NULL,NULL,'0780059193',NULL,NULL,'2025-01-10 12:52:47.000000','2025-01-10 12:52:47.000000',NULL),(42,'Gisele',42,NULL,NULL,NULL,'0788457112',NULL,NULL,'2025-01-10 12:53:40.000000','2025-01-10 12:53:40.000000',NULL),(43,'Babra',43,NULL,NULL,NULL,'0788254100',NULL,NULL,'2025-01-10 12:54:21.000000','2025-01-10 12:54:21.000000',NULL),(44,'Patrick',44,NULL,NULL,NULL,'0780486010',NULL,NULL,'2025-01-10 12:55:07.000000','2025-01-10 12:55:07.000000',NULL),(45,'Damour',45,NULL,NULL,NULL,'0725966710',NULL,NULL,'2025-01-10 12:55:53.000000','2025-01-10 12:55:53.000000',NULL),(46,'phocas',46,NULL,NULL,NULL,'0788425002',NULL,NULL,'2025-01-10 12:56:31.000000','2025-01-10 12:56:31.000000',NULL),(47,'janvier',47,NULL,NULL,NULL,'0789920734',NULL,NULL,'2025-01-10 12:57:12.000000','2025-01-10 12:57:12.000000',NULL),(48,'Ester',48,NULL,NULL,NULL,'0781672137',NULL,NULL,'2025-01-10 12:57:56.000000','2025-01-10 12:57:56.000000',NULL),(49,'Nzabamwita',49,NULL,NULL,NULL,'0733120200',NULL,NULL,'2025-01-10 12:58:33.000000','2025-01-10 12:58:33.000000',NULL),(50,'li&le',50,NULL,NULL,NULL,'0783688505',NULL,NULL,'2025-01-10 12:59:10.000000','2025-01-10 12:59:10.000000',NULL),(51,'Ignace',51,NULL,NULL,NULL,'0788307576',NULL,NULL,'2025-01-10 13:01:01.000000','2025-01-10 13:01:01.000000',NULL),(52,'scovia',52,NULL,NULL,NULL,'0787875303',NULL,NULL,'2025-01-10 13:01:37.000000','2025-01-10 13:01:37.000000',NULL),(53,'Bloom hill Rwanda ltd',53,NULL,NULL,NULL,NULL,'103602637',NULL,'2025-01-10 13:03:31.000000','2025-01-10 13:03:31.000000',NULL),(54,'Tugume',54,NULL,NULL,NULL,'0785131970',NULL,NULL,'2025-01-10 13:04:34.000000','2025-01-10 13:04:34.000000',NULL),(55,'KABAHIZI Jean',55,NULL,NULL,NULL,'0784903916',NULL,NULL,'2025-01-10 13:05:11.000000','2025-01-10 13:05:11.000000',NULL),(56,'Alex',56,NULL,NULL,NULL,'0788530165',NULL,NULL,'2025-01-10 13:05:51.000000','2025-01-10 13:05:51.000000',NULL),(57,'Charles',57,NULL,NULL,NULL,'0788758547',NULL,NULL,'2025-01-10 13:06:27.000000','2025-01-10 13:06:27.000000',NULL),(58,'MUCYO',58,NULL,NULL,NULL,'0783497923',NULL,NULL,'2025-01-10 13:07:35.000000','2025-01-10 13:07:35.000000',NULL),(59,'Fred Sold Africa',59,NULL,NULL,NULL,'0782715102',NULL,NULL,'2025-01-10 13:08:43.000000','2025-01-10 13:08:43.000000',NULL),(60,'Jean',60,NULL,NULL,NULL,'0788896174',NULL,NULL,'2025-01-10 13:09:41.000000','2025-01-10 13:09:41.000000',NULL),(61,'Emmy',61,NULL,NULL,NULL,'0788783440',NULL,NULL,'2025-01-10 13:10:10.000000','2025-01-10 13:10:10.000000',NULL),(62,'Nyamwasa',62,NULL,NULL,NULL,'0788308058',NULL,NULL,'2025-01-10 13:10:47.000000','2025-01-10 13:10:47.000000',NULL),(63,'Mutabazi',63,NULL,NULL,NULL,'0788240611',NULL,NULL,'2025-01-10 13:11:30.000000','2025-01-10 13:11:30.000000',NULL),(64,'Uwase Chantal Rujugiro',64,NULL,NULL,NULL,'0788327076',NULL,NULL,'2025-01-10 13:12:10.000000','2025-01-10 13:12:10.000000',NULL),(65,'APEKI',65,NULL,NULL,NULL,'0790846536',NULL,NULL,'2025-01-10 13:12:44.000000','2025-01-10 13:12:44.000000',NULL),(66,'Aliane emma',66,NULL,NULL,NULL,'0780804223',NULL,NULL,'2025-01-10 13:13:28.000000','2025-01-10 13:13:28.000000',NULL),(67,'NIKKI Production ltd',67,NULL,NULL,NULL,'0788397717',NULL,NULL,'2025-01-10 13:14:02.000000','2025-01-10 13:14:02.000000',NULL),(68,'Nshumbusho',68,NULL,NULL,NULL,'0782460817',NULL,NULL,'2025-01-10 13:14:40.000000','2025-01-10 13:14:40.000000',NULL),(69,'V&D General Trading LTD',69,NULL,NULL,NULL,'0788229874',NULL,NULL,'2025-01-10 13:15:11.000000','2025-01-10 13:15:11.000000',NULL),(70,'Alfred',70,NULL,NULL,NULL,'0788641167',NULL,NULL,'2025-01-10 13:15:54.000000','2025-01-10 13:15:54.000000',NULL),(71,'Gasana',71,NULL,NULL,NULL,'0788316512',NULL,NULL,'2025-01-10 13:16:23.000000','2025-01-10 13:16:23.000000',NULL),(72,'Gahire',72,NULL,NULL,NULL,'0788850463',NULL,NULL,'2025-01-10 13:17:15.000000','2025-01-10 13:17:15.000000',NULL),(73,'Celestin',73,NULL,NULL,NULL,'0782032486',NULL,NULL,'2025-01-10 13:17:50.000000','2025-01-10 13:17:50.000000',NULL),(74,'Egide',74,NULL,NULL,NULL,'0782175404',NULL,NULL,'2025-01-10 13:18:26.000000','2025-01-10 13:18:26.000000',NULL),(75,'Cyprien',75,NULL,NULL,NULL,'0788355626',NULL,NULL,'2025-01-10 13:18:58.000000','2025-01-10 13:18:58.000000',NULL),(76,'Jean Pierre',76,NULL,NULL,NULL,'0788541493',NULL,NULL,'2025-01-10 13:19:35.000000','2025-01-10 13:19:35.000000',NULL),(77,'SHAMI',77,NULL,NULL,NULL,NULL,NULL,NULL,'2025-01-13 20:17:11.000000','2025-01-13 20:17:11.000000',NULL),(78,'ELECTRICOM LTD',78,NULL,'RWANDA','KIGALI',NULL,'101394902',NULL,'2025-01-13 20:30:44.000000','2025-01-13 20:30:44.000000',NULL),(79,'Photons ltd',79,NULL,NULL,'ARUSH','+255762067467',NULL,NULL,'2025-01-14 20:11:56.000000','2025-01-14 20:11:56.000000',NULL),(80,'KARANGWA Jean Bosco',80,NULL,NULL,'Munyinya Sector','0788597296',NULL,NULL,'2025-01-18 13:56:30.000000','2025-01-18 13:56:30.000000',NULL),(81,'SAIP',81,NULL,NULL,NULL,NULL,NULL,NULL,'2025-01-18 14:15:30.000000','2025-01-18 14:15:30.000000',NULL);

--
-- Table structure for table `combined_products`
--

CREATE TABLE `combined_products` (
  `id` int(11) NOT NULL AUTO_INCREMENT,
  `product_id` int(11) NOT NULL,
  `combined_product_id` int(11) NOT NULL,
  `quantity` double NOT NULL,
  `created_at` timestamp(6) NULL DEFAULT NULL,
  `updated_at` timestamp(6) NULL DEFAULT NULL,
  PRIMARY KEY (`id`),
  KEY `combined_products_product_id` (`product_id`),
  KEY `combined_products_combined_product_id` (`combined_product_id`),
  CONSTRAINT `combined_products_combined_product_id` FOREIGN KEY (`combined_product_id`) REFERENCES `products` (`id`),
  CONSTRAINT `combined_products_product_id` FOREIGN KEY (`product_id`) REFERENCES `products` (`id`)
) ENGINE=InnoDB DEFAULT CHARSET=utf8mb4 COLLATE=utf8mb4_general_ci;

--
-- Dumping data for table `combined_products`
--


--
-- Table structure for table `companies`
--

CREATE TABLE `companies` (
  `id` int(11) NOT NULL AUTO_INCREMENT,
  `name` varchar(191) NOT NULL,
  `email` varchar(191) DEFAULT NULL,
  `phone` varchar(191) DEFAULT NULL,
  `country` varchar(191) DEFAULT NULL,
  `created_at` timestamp(6) NULL DEFAULT NULL,
  `updated_at` timestamp(6) NULL DEFAULT NULL,
  `deleted_at` timestamp NULL DEFAULT NULL,
  PRIMARY KEY (`id`)
) ENGINE=InnoDB DEFAULT CHARSET=utf8mb4 COLLATE=utf8mb4_general_ci;

--
-- Dumping data for table `companies`
--


--
-- Table structure for table `count_stock`
--

CREATE TABLE `count_stock` (
  `id` int(11) NOT NULL AUTO_INCREMENT,
  `user_id` int(11) NOT NULL,
  `date` date NOT NULL,
  `warehouse_id` int(11) NOT NULL,
  `file_stock` varchar(192) NOT NULL,
  `created_at` timestamp(6) NULL DEFAULT NULL,
  `updated_at` timestamp(6) NULL DEFAULT NULL,
  `deleted_at` timestamp NULL DEFAULT NULL,
  PRIMARY KEY (`id`),
  KEY `count_stock_user_id` (`user_id`),
  KEY `count_stock_warehouse_id` (`warehouse_id`),
  CONSTRAINT `count_stock_user_id` FOREIGN KEY (`user_id`) REFERENCES `users` (`id`),
  CONSTRAINT `count_stock_warehouse_id` FOREIGN KEY (`warehouse_id`) REFERENCES `warehouses` (`id`)
) ENGINE=InnoDB DEFAULT CHARSET=utf8mb4 COLLATE=utf8mb4_general_ci;

--
-- Dumping data for table `count_stock`
--


--
-- Table structure for table `currencies`
--

CREATE TABLE `currencies` (
  `id` int(11) NOT NULL AUTO_INCREMENT,
  `code` varchar(192) NOT NULL,
  `name` varchar(192) NOT NULL,
  `symbol` varchar(192) NOT NULL,
  `created_at` timestamp(6) NULL DEFAULT NULL,
  `updated_at` timestamp(6) NULL DEFAULT NULL,
  `deleted_at` timestamp NULL DEFAULT NULL,
  PRIMARY KEY (`id`)
) ENGINE=InnoDB AUTO_INCREMENT=3 DEFAULT CHARSET=utf8mb4 COLLATE=utf8mb4_general_ci;

--
-- Dumping data for table `currencies`
--

INSERT INTO `currencies` VALUES (1,'USD','US Dollar','$',NULL,NULL,NULL),(2,'Rwf','Rwf','Rwf','2024-12-23 15:58:41.000000','2024-12-23 15:58:41.000000',NULL);

--
-- Table structure for table `departments`
--

CREATE TABLE `departments` (
  `id` int(11) NOT NULL AUTO_INCREMENT,
  `department` varchar(191) NOT NULL,
  `company_id` int(11) NOT NULL,
  `department_head` int(11) DEFAULT NULL,
  `created_at` timestamp(6) NULL DEFAULT NULL,
  `updated_at` timestamp(6) NULL DEFAULT NULL,
  `deleted_at` timestamp NULL DEFAULT NULL,
  PRIMARY KEY (`id`),
  KEY `department_company_id` (`company_id`),
  KEY `department_department_head` (`department_head`),
  CONSTRAINT `department_company_id` FOREIGN KEY (`company_id`) REFERENCES `companies` (`id`),
  CONSTRAINT `department_department_head` FOREIGN KEY (`department_head`) REFERENCES `employees` (`id`)
) ENGINE=InnoDB DEFAULT CHARSET=utf8mb4 COLLATE=utf8mb4_general_ci;

--
-- Dumping data for table `departments`
--


--
-- Table structure for table `deposit_categories`
--

CREATE TABLE `deposit_categories` (
  `id` int(11) NOT NULL AUTO_INCREMENT,
  `title` varchar(192) NOT NULL,
  `created_at` timestamp(6) NULL DEFAULT NULL,
  `updated_at` timestamp(6) NULL DEFAULT NULL,
  `deleted_at` timestamp NULL DEFAULT NULL,
  PRIMARY KEY (`id`)
) ENGINE=InnoDB AUTO_INCREMENT=4 DEFAULT CHARSET=utf8mb4 COLLATE=utf8mb4_general_ci;

--
-- Dumping data for table `deposit_categories`
--

INSERT INTO `deposit_categories` VALUES (1,'Daily Sales Deposit','2024-12-30 13:42:06.000000','2024-12-30 13:42:06.000000',NULL),(2,'Customer Deposit','2024-12-30 13:42:14.000000','2024-12-30 13:42:55.000000',NULL),(3,'Cheque Deposit','2024-12-30 13:42:37.000000','2024-12-30 13:42:37.000000',NULL);

--
-- Table structure for table `deposits`
--

CREATE TABLE `deposits` (
  `id` int(11) NOT NULL AUTO_INCREMENT,
  `user_id` int(11) NOT NULL,
  `date` date NOT NULL,
  `deposit_ref` varchar(192) NOT NULL,
  `account_id` int(11) DEFAULT NULL,
  `deposit_category_id` int(11) NOT NULL,
  `amount` double NOT NULL,
  `description` text DEFAULT NULL,
  `created_at` timestamp(6) NULL DEFAULT NULL,
  `updated_at` timestamp(6) NULL DEFAULT NULL,
  `deleted_at` timestamp NULL DEFAULT NULL,
  PRIMARY KEY (`id`),
  KEY `deposit_user_id` (`user_id`),
  KEY `deposit_account_id` (`account_id`),
  KEY `deposit_category_id` (`deposit_category_id`),
  CONSTRAINT `deposit_account_id` FOREIGN KEY (`account_id`) REFERENCES `accounts` (`id`),
  CONSTRAINT `deposit_category_id` FOREIGN KEY (`deposit_category_id`) REFERENCES `deposit_categories` (`id`),
  CONSTRAINT `deposit_user_id` FOREIGN KEY (`user_id`) REFERENCES `users` (`id`)
) ENGINE=InnoDB AUTO_INCREMENT=3 DEFAULT CHARSET=utf8mb4 COLLATE=utf8mb4_general_ci;

--
-- Dumping data for table `deposits`
--

INSERT INTO `deposits` VALUES (1,6,'2024-12-30','DP_1111',4,1,2000000,'To day we have made sales for 2M Rwf and money was directly deposited to Equit bank account','2024-12-30 13:45:30.000000','2024-12-30 13:45:30.000000',NULL),(2,6,'2024-12-30','DP_1112',6,3,1200000,'we have received cheque from a client who paid us by using cheque and we did cash out and was directly deposited to to I&M bank account','2024-12-30 13:47:25.000000','2024-12-30 13:47:25.000000',NULL);

--
-- Table structure for table `designations`
--

CREATE TABLE `designations` (
  `id` int(11) NOT NULL AUTO_INCREMENT,
  `company_id` int(11) NOT NULL,
  `department_id` int(11) NOT NULL,
  `designation` varchar(192) NOT NULL,
  `created_at` timestamp(6) NULL DEFAULT NULL,
  `updated_at` timestamp(6) NULL DEFAULT NULL,
  `deleted_at` timestamp NULL DEFAULT NULL,
  PRIMARY KEY (`id`),
  KEY `designation_company_id` (`company_id`),
  KEY `designation_departement_id` (`department_id`),
  CONSTRAINT `designation_company_id` FOREIGN KEY (`company_id`) REFERENCES `companies` (`id`),
  CONSTRAINT `designation_departement_id` FOREIGN KEY (`department_id`) REFERENCES `departments` (`id`)
) ENGINE=InnoDB DEFAULT CHARSET=utf8mb4 COLLATE=utf8mb4_general_ci;

--
-- Dumping data for table `designations`
--


--
-- Table structure for table `draft_sale_details`
--

CREATE TABLE `draft_sale_details` (
  `id` int(11) NOT NULL AUTO_INCREMENT,
  `date` date NOT NULL,
  `draft_sale_id` int(11) NOT NULL,
  `product_id` int(11) NOT NULL,
  `product_variant_id` int(11) DEFAULT NULL,
  `imei_number` text DEFAULT NULL,
  `price` double NOT NULL,
  `sale_unit_id` int(11) DEFAULT NULL,
  `TaxNet` double DEFAULT NULL,
  `tax_method` varchar(192) DEFAULT '1',
  `discount` double DEFAULT NULL,
  `discount_method` varchar(192) DEFAULT '1',
  `total` double NOT NULL,
  `quantity` double NOT NULL,
  `created_at` timestamp(6) NULL DEFAULT NULL,
  `updated_at` timestamp(6) NULL DEFAULT NULL,
  PRIMARY KEY (`id`),
  KEY `draft_sale_details_draft_sale_id` (`draft_sale_id`),
  KEY `draft_sale_details_product_id` (`product_id`),
  KEY `draft_sale_details_product_variant_id` (`product_variant_id`),
  KEY `draft_sale_details_sale_unit_id` (`sale_unit_id`),
  CONSTRAINT `draft_sale_details_draft_sale_id` FOREIGN KEY (`draft_sale_id`) REFERENCES `draft_sales` (`id`),
  CONSTRAINT `draft_sale_details_product_id` FOREIGN KEY (`product_id`) REFERENCES `products` (`id`),
  CONSTRAINT `draft_sale_details_product_variant_id` FOREIGN KEY (`product_variant_id`) REFERENCES `product_variants` (`id`),
  CONSTRAINT `draft_sale_details_sale_unit_id` FOREIGN KEY (`sale_unit_id`) REFERENCES `units` (`id`)
) ENGINE=InnoDB DEFAULT CHARSET=utf8mb4 COLLATE=utf8mb4_general_ci;

--
-- Dumping data for table `draft_sale_details`
--


--
-- Table structure for table `draft_sales`
--

CREATE TABLE `draft_sales` (
  `id` int(11) NOT NULL AUTO_INCREMENT,
  `user_id` int(11) NOT NULL,
  `date` date NOT NULL,
  `Ref` varchar(192) NOT NULL,
  `client_id` int(11) NOT NULL,
  `warehouse_id` int(11) NOT NULL,
  `tax_rate` double DEFAULT 0,
  `TaxNet` double DEFAULT 0,
  `discount` double DEFAULT 0,
  `shipping` double DEFAULT 0,
  `GrandTotal` double NOT NULL DEFAULT 0,
  `created_at` timestamp(6) NULL DEFAULT NULL,
  `updated_at` timestamp(6) NULL DEFAULT NULL,
  `deleted_at` timestamp NULL DEFAULT NULL,
  PRIMARY KEY (`id`),
  KEY `draft_sales_user_id` (`user_id`),
  KEY `draft_sales_client_id` (`client_id`),
  KEY `draft_sales_warehouse_id` (`warehouse_id`),
  CONSTRAINT `draft_sales_client_id` FOREIGN KEY (`client_id`) REFERENCES `clients` (`id`),
  CONSTRAINT `draft_sales_user_id` FOREIGN KEY (`user_id`) REFERENCES `users` (`id`),
  CONSTRAINT `draft_sales_warehouse_id` FOREIGN KEY (`warehouse_id`) REFERENCES `warehouses` (`id`)
) ENGINE=InnoDB DEFAULT CHARSET=utf8mb4 COLLATE=utf8mb4_general_ci;

--
-- Dumping data for table `draft_sales`
--


--
-- Table structure for table `email_messages`
--

CREATE TABLE `email_messages` (
  `id` int(11) NOT NULL AUTO_INCREMENT,
  `name` text DEFAULT NULL,
  `subject` text DEFAULT NULL,
  `body` text DEFAULT NULL,
  `created_at` timestamp(6) NULL DEFAULT NULL,
  `updated_at` timestamp(6) NULL DEFAULT NULL,
  `deleted_at` timestamp NULL DEFAULT NULL,
  PRIMARY KEY (`id`)
) ENGINE=InnoDB AUTO_INCREMENT=6 DEFAULT CHARSET=utf8mb4 COLLATE=utf8mb4_general_ci;

--
-- Dumping data for table `email_messages`
--

INSERT INTO `email_messages` VALUES (1,'sale','Thank you for your purchase!','<h1><b><span style=\'font-size:14px;\'>Dear</span><span style=\'font-size:14px;\'>  </span></b><span style=\'font-size:14px;\'><b>{contact_name},</b></span></h1><p><span style=\'font-size:14px;\'>Thank you for your purchase! Your invoice number is {invoice_number}.</span></p><p><span style=\'font-size:14px;\'>If you have any questions or concerns, please don\'t hesitate to reach out to us. We are here to help!</span></p><p><span style=\'font-size:14px;\'>Best regards,</span></p><p><b>{business_name}</b></p>',NULL,NULL,NULL),(2,'quotation','Thank you for your interest in our products !','<p><b><span style=\"font-size:14px;\">Dear {contact_name},</span></b></p><p>Thank you for your interest in our products. Your quotation number is {quotation_number}.</p><p>Please let us know if you have any questions or concerns regarding your quotation. We are here to assist you.</p><p>Best regards,</p><p><b><span style=\"font-size:14px;\">{business_name}</span></b></p>',NULL,NULL,NULL),(3,'payment_received','Payment Received - Thank You','<p><b><span style=\"font-size:14px;\">Dear {contact_name},</span></b></p><p>Thank you for making your payment. We have received it and it has been processed successfully.</p><p>If you have any further questions or concerns, please don\'t hesitate to reach out to us. We are always here to help.</p><p>Best regards,</p><p><b><span style=\"font-size:14px;\">{business_name}</span></b></p>',NULL,NULL,NULL),(4,'purchase','Thank You for Your Cooperation and Service','<p><b><span style=\"font-size:14px;\">Dear {contact_name},</span></b></p><p>I recently made a purchase from your company and I wanted to thank you for your cooperation and service. My invoice number is {invoice_number} .</p><p>If you have any questions or concerns regarding my purchase, please don\'t hesitate to contact me. I am here to make sure I have a positive experience with your company.</p><p>Best regards,</p><p><b><span style=\"font-size:14px;\">{business_name}</span></b></p>',NULL,NULL,NULL),(5,'payment_sent','Payment Sent - Thank You for Your Service','<p><b><span style=\"font-size:14px;\">Dear {contact_name},</span></b></p><p>We have just sent the payment . We appreciate your prompt attention to this matter and the high level of service you provide.</p><p>If you need any further information or clarification, please do not hesitate to reach out to us. We are here to help.</p><p>Best regards,</p><p><b><span style=\"font-size:14px;\">{business_name}</span></b></p>',NULL,NULL,NULL);

--
-- Table structure for table `employee_accounts`
--

CREATE TABLE `employee_accounts` (
  `id` int(11) NOT NULL AUTO_INCREMENT,
  `employee_id` int(11) NOT NULL,
  `bank_name` varchar(192) NOT NULL,
  `bank_branch` varchar(192) NOT NULL,
  `account_no` varchar(192) NOT NULL,
  `note` text DEFAULT NULL,
  `created_at` timestamp(6) NULL DEFAULT NULL,
  `updated_at` timestamp(6) NULL DEFAULT NULL,
  `deleted_at` timestamp NULL DEFAULT NULL,
  PRIMARY KEY (`id`),
  KEY `employee_accounts_employee_id` (`employee_id`),
  CONSTRAINT `employee_accounts_employee_id` FOREIGN KEY (`employee_id`) REFERENCES `employees` (`id`)
) ENGINE=InnoDB DEFAULT CHARSET=utf8mb4 COLLATE=utf8mb4_general_ci;

--
-- Dumping data for table `employee_accounts`
--


--
-- Table structure for table `employee_experiences`
--

CREATE TABLE `employee_experiences` (
  `id` int(11) NOT NULL AUTO_INCREMENT,
  `employee_id` int(11) NOT NULL,
  `title` varchar(192) NOT NULL,
  `company_name` varchar(192) NOT NULL,
  `location` varchar(192) DEFAULT NULL,
  `employment_type` varchar(192) NOT NULL,
  `start_date` date NOT NULL,
  `end_date` date NOT NULL,
  `description` text DEFAULT NULL,
  `created_at` timestamp(6) NULL DEFAULT NULL,
  `updated_at` timestamp(6) NULL DEFAULT NULL,
  `deleted_at` timestamp NULL DEFAULT NULL,
  PRIMARY KEY (`id`),
  KEY `employee_experience_employee_id` (`employee_id`),
  CONSTRAINT `employee_experience_employee_id` FOREIGN KEY (`employee_id`) REFERENCES `employees` (`id`)
) ENGINE=InnoDB DEFAULT CHARSET=utf8mb4 COLLATE=utf8mb4_general_ci;

--
-- Dumping data for table `employee_experiences`
--


--
-- Table structure for table `employee_project`
--

CREATE TABLE `employee_project` (
  `employee_id` int(11) NOT NULL,
  `project_id` int(11) NOT NULL,
  KEY `employee_project_employee_id` (`employee_id`),
  KEY `employee_project_project_id` (`project_id`),
  CONSTRAINT `employee_project_employee_id` FOREIGN KEY (`employee_id`) REFERENCES `employees` (`id`),
  CONSTRAINT `employee_project_project_id` FOREIGN KEY (`project_id`) REFERENCES `projects` (`id`)
) ENGINE=InnoDB DEFAULT CHARSET=utf8mb4 COLLATE=utf8mb4_general_ci;

--
-- Dumping data for table `employee_project`
--


--
-- Table structure for table `employee_task`
--

CREATE TABLE `employee_task` (
  `employee_id` int(11) NOT NULL,
  `task_id` int(11) NOT NULL,
  KEY `employee_task_employee_id` (`employee_id`),
  KEY `employee_task_task_id` (`task_id`),
  CONSTRAINT `employee_task_employee_id` FOREIGN KEY (`employee_id`) REFERENCES `employees` (`id`),
  CONSTRAINT `employee_task_task_id` FOREIGN KEY (`task_id`) REFERENCES `tasks` (`id`)
) ENGINE=InnoDB DEFAULT CHARSET=utf8mb4 COLLATE=utf8mb4_general_ci;

--
-- Dumping data for table `employee_task`
--


--
-- Table structure for table `employees`
--

CREATE TABLE `employees` (
  `id` int(11) NOT NULL AUTO_INCREMENT,
  `firstname` varchar(192) NOT NULL,
  `lastname` varchar(192) NOT NULL,
  `username` varchar(191) NOT NULL,
  `email` varchar(192) DEFAULT NULL,
  `phone` varchar(192) DEFAULT NULL,
  `country` varchar(192) DEFAULT NULL,
  `city` varchar(192) DEFAULT NULL,
  `province` varchar(192) DEFAULT NULL,
  `zipcode` varchar(192) DEFAULT NULL,
  `address` varchar(192) DEFAULT NULL,
  `gender` varchar(192) NOT NULL,
  `resume` varchar(192) DEFAULT NULL,
  `avatar` varchar(192) DEFAULT 'no_avatar.png',
  `document` varchar(192) DEFAULT NULL,
  `birth_date` date DEFAULT NULL,
  `joining_date` date DEFAULT NULL,
  `company_id` int(11) NOT NULL,
  `department_id` int(11) NOT NULL,
  `designation_id` int(11) NOT NULL,
  `office_shift_id` int(11) NOT NULL,
  `remaining_leave` tinyint(1) DEFAULT 0,
  `total_leave` tinyint(1) DEFAULT 0,
  `hourly_rate` decimal(10,2) DEFAULT 0.00,
  `basic_salary` decimal(10,2) DEFAULT 0.00,
  `employment_type` varchar(192) DEFAULT 'full_time',
  `leaving_date` date DEFAULT NULL,
  `marital_status` varchar(192) DEFAULT 'single',
  `facebook` varchar(192) DEFAULT NULL,
  `skype` varchar(192) DEFAULT NULL,
  `whatsapp` varchar(192) DEFAULT NULL,
  `twitter` varchar(192) DEFAULT NULL,
  `linkedin` varchar(192) DEFAULT NULL,
  `created_at` timestamp(6) NULL DEFAULT NULL,
  `updated_at` timestamp(6) NULL DEFAULT NULL,
  `deleted_at` timestamp NULL DEFAULT NULL,
  PRIMARY KEY (`id`),
  KEY `employees_company_id` (`company_id`),
  KEY `employees_department_id` (`department_id`),
  KEY `employees_designation_id` (`designation_id`),
  KEY `employees_office_shift_id` (`office_shift_id`),
  CONSTRAINT `employees_company_id` FOREIGN KEY (`company_id`) REFERENCES `companies` (`id`),
  CONSTRAINT `employees_department_id` FOREIGN KEY (`department_id`) REFERENCES `departments` (`id`),
  CONSTRAINT `employees_designation_id` FOREIGN KEY (`designation_id`) REFERENCES `designations` (`id`),
  CONSTRAINT `employees_office_shift_id` FOREIGN KEY (`office_shift_id`) REFERENCES `office_shifts` (`id`)
) ENGINE=InnoDB DEFAULT CHARSET=utf8mb4 COLLATE=utf8mb4_general_ci;

--
-- Dumping data for table `employees`
--


--
-- Table structure for table `expense_categories`
--

CREATE TABLE `expense_categories` (
  `id` int(11) NOT NULL AUTO_INCREMENT,
  `user_id` int(11) NOT NULL,
  `name` varchar(192) NOT NULL,
  `description` text DEFAULT NULL,
  `created_at` timestamp(6) NULL DEFAULT NULL,
  `updated_at` timestamp(6) NULL DEFAULT NULL,
  `deleted_at` timestamp NULL DEFAULT NULL,
  PRIMARY KEY (`id`),
  KEY `expense_category_user_id` (`user_id`),
  CONSTRAINT `expense_category_user_id` FOREIGN KEY (`user_id`) REFERENCES `users` (`id`)
) ENGINE=InnoDB AUTO_INCREMENT=7 DEFAULT CHARSET=utf8mb4 COLLATE=utf8mb4_general_ci;

--
-- Dumping data for table `expense_categories`
--

INSERT INTO `expense_categories` VALUES (1,6,'Damage',NULL,'2024-12-28 14:19:54.000000','2024-12-28 14:19:54.000000',NULL),(2,6,'Expiration',NULL,'2024-12-28 14:20:14.000000','2024-12-28 14:20:14.000000',NULL),(3,6,'Airtime',NULL,'2024-12-28 14:20:24.000000','2024-12-28 14:20:24.000000',NULL),(4,6,'Transport',NULL,'2024-12-28 14:20:31.000000','2024-12-28 14:20:31.000000',NULL),(5,6,'Drinks',NULL,'2024-12-28 14:20:41.000000','2024-12-28 14:20:41.000000',NULL),(6,6,'Internet Subscription',NULL,'2024-12-30 13:41:31.000000','2024-12-30 13:41:31.000000',NULL);

--
-- Table structure for table `expenses`
--

CREATE TABLE `expenses` (
  `id` int(11) NOT NULL AUTO_INCREMENT,
  `date` date NOT NULL,
  `Ref` varchar(192) NOT NULL,
  `user_id` int(11) NOT NULL,
  `expense_category_id` int(11) NOT NULL,
  `warehouse_id` int(11) NOT NULL,
  `account_id` int(11) DEFAULT NULL,
  `details` varchar(192) NOT NULL,
  `amount` double NOT NULL,
  `created_at` timestamp(6) NULL DEFAULT NULL,
  `updated_at` timestamp(6) NULL DEFAULT NULL,
  `deleted_at` timestamp NULL DEFAULT NULL,
  PRIMARY KEY (`id`),
  KEY `expense_user_id` (`user_id`),
  KEY `expense_category_id` (`expense_category_id`),
  KEY `expense_warehouse_id` (`warehouse_id`),
  KEY `expense_account_id` (`account_id`),
  CONSTRAINT `expense_account_id` FOREIGN KEY (`account_id`) REFERENCES `accounts` (`id`),
  CONSTRAINT `expense_category_id` FOREIGN KEY (`expense_category_id`) REFERENCES `expense_categories` (`id`),
  CONSTRAINT `expense_user_id` FOREIGN KEY (`user_id`) REFERENCES `users` (`id`),
  CONSTRAINT `expense_warehouse_id` FOREIGN KEY (`warehouse_id`) REFERENCES `warehouses` (`id`)
) ENGINE=InnoDB AUTO_INCREMENT=24 DEFAULT CHARSET=utf8mb4 COLLATE=utf8mb4_general_ci;

--
-- Dumping data for table `expenses`
--

INSERT INTO `expenses` VALUES (1,'2024-12-28','EXP_1111',6,4,6,2,'petty  cash was used on transportation for ...',2000,'2024-12-28 14:37:01.000000','2024-12-28 18:41:42.000000','2024-12-28 18:41:42'),(2,'2024-12-28','EXP_1112',6,3,7,2,'airtime',5000,'2024-12-28 16:06:56.000000','2024-12-28 18:41:32.000000','2024-12-28 18:41:32'),(3,'2024-12-28','EXP_1113',6,4,10,2,'transport',1000,'2024-12-28 16:37:04.000000','2024-12-28 18:41:24.000000','2024-12-28 18:41:24'),(4,'2024-12-30','EXP_1114',6,6,5,2,'internet subscription was finished to day and then we bought other one for 200000 Rwf in the middle of the day',200000,'2024-12-30 13:53:06.000000','2025-01-03 19:55:23.000000','2025-01-03 19:55:23'),(5,'2024-12-30','EXP_1115',6,3,7,2,'bbbbbbb',5000,'2024-12-30 14:32:35.000000','2025-01-03 19:55:10.000000','2025-01-03 19:55:10'),(6,'2025-01-03','EXP_1116',1,1,7,NULL,'Sprikler black&blue 3',31500,'2025-01-03 14:19:47.000000','2025-01-03 14:19:47.000000',NULL),(7,'2025-01-03','EXP_1117',1,1,7,NULL,'Solar pv panel FDS-075-12 one quantity is damaged',67500,'2025-01-03 14:24:49.000000','2025-01-03 14:24:49.000000',NULL),(8,'2025-01-07','EXP_1118',1,1,5,NULL,'Rain gun 2\'\' (1 PIECE)',63000,'2025-01-07 22:50:43.000000','2025-01-07 22:51:54.000000',NULL),(9,'2025-01-07','EXP_1119',1,1,5,NULL,'SOLAR PANEL 75W( 1PIECE)',67500,'2025-01-07 22:53:56.000000','2025-01-07 22:53:56.000000',NULL),(10,'2025-01-09','EXP_1120',1,1,7,NULL,'Diesel engine Water pump 80cBz25-2.2 2.2KW ( 1 PUMP IS NOT WORKING)',450000,'2025-01-09 13:33:18.000000','2025-01-09 13:33:18.000000',NULL),(11,'2025-01-09','EXP_1121',1,1,5,NULL,'Solar pv panel 150w ( 3PIECES IS DAMAGED)',135000,'2025-01-09 13:39:55.000000','2025-01-09 13:39:55.000000',NULL),(12,'2025-01-04','EXP_1122',1,5,8,NULL,'AKANDI MINERAL WATER PAID BY CASH',3200,'2025-01-10 21:38:44.000000','2025-01-10 21:38:44.000000',NULL),(13,'2025-01-03','EXP_1123',1,4,8,NULL,'Essence RSF PETRULEUM LTD Elyse(Gatsibo payed on momo)',40000,'2025-01-11 13:40:55.000000','2025-01-11 13:40:55.000000',NULL),(14,'2025-01-06','EXP_1124',1,4,8,NULL,'ESSENCE RSF PETRULEUM LTD (NYAGATARE/NYABIHU/ELYSE PAID ON MOMO)',100000,'2025-01-11 13:44:40.000000','2025-01-11 13:44:40.000000',NULL),(15,'2025-01-07','EXP_1125',1,4,8,NULL,'ESSENCE SOCIETE PETROLIERE (BUGESERA/ELYSE PAID BY CASH)',20000,'2025-01-11 13:47:18.000000','2025-01-11 13:47:18.000000',NULL),(16,'2025-01-07','EXP_1126',1,4,8,NULL,'ESSENCE SOCIETE PETROLIERE (KIGALI PAID BY MOMO)',10000,'2025-01-11 13:49:44.000000','2025-01-11 13:49:44.000000',NULL),(17,'2025-01-08','EXP_1127',1,5,8,NULL,'AKANDI MINERAL WATER (CHIC PAID BY CASH)',3200,'2025-01-11 13:52:00.000000','2025-01-11 13:52:00.000000',NULL),(18,'2025-01-08','EXP_1128',1,4,8,NULL,'PAPIER DUPLICATEUR (CHIC PAID BY CASH)',8400,'2025-01-11 14:02:54.000000','2025-01-11 14:02:54.000000',NULL),(19,'2025-01-08','EXP_1129',1,4,8,NULL,'PARKING CHIC( PAID BY CASH)',30000,'2025-01-11 14:04:13.000000','2025-01-11 14:04:13.000000',NULL),(20,'2025-01-09','EXP_1130',1,4,8,NULL,'ESSENCE ELYSE( PROSEC LTD MASORO )',15000,'2025-01-11 14:06:28.000000','2025-01-11 14:06:28.000000',NULL),(21,'2025-01-08','EXP_1131',1,4,8,NULL,'AGRAPE BOX( CHIC PAID BY CASH)',6000,'2025-01-11 14:08:17.000000','2025-01-11 14:08:17.000000',NULL),(22,'2025-01-08','EXP_1132',1,4,8,NULL,'BOX FILE ALBA CARTON( PAID BY CASH)',1800,'2025-01-11 14:09:31.000000','2025-01-11 14:09:31.000000',NULL),(23,'2025-01-14','EXP_1133',1,5,8,2,'AKANDI CARTON( PAID BY CASH)',3200,'2025-01-15 20:05:12.000000','2025-01-15 20:05:12.000000',NULL);

--
-- Table structure for table `holidays`
--

CREATE TABLE `holidays` (
  `id` int(11) NOT NULL AUTO_INCREMENT,
  `title` varchar(192) NOT NULL,
  `company_id` int(11) NOT NULL,
  `start_date` date NOT NULL,
  `end_date` date NOT NULL,
  `description` text DEFAULT NULL,
  `created_at` timestamp(6) NULL DEFAULT NULL,
  `updated_at` timestamp(6) NULL DEFAULT NULL,
  `deleted_at` timestamp NULL DEFAULT NULL,
  PRIMARY KEY (`id`),
  KEY `holidays_company_id` (`company_id`),
  CONSTRAINT `holidays_company_id` FOREIGN KEY (`company_id`) REFERENCES `companies` (`id`)
) ENGINE=InnoDB DEFAULT CHARSET=utf8mb4 COLLATE=utf8mb4_general_ci;

--
-- Dumping data for table `holidays`
--


--
-- Table structure for table `leave_types`
--

CREATE TABLE `leave_types` (
  `id` int(11) NOT NULL AUTO_INCREMENT,
  `title` varchar(192) NOT NULL,
  `created_at` timestamp(6) NULL DEFAULT NULL,
  `updated_at` timestamp(6) NULL DEFAULT NULL,
  `deleted_at` timestamp NULL DEFAULT NULL,
  PRIMARY KEY (`id`)
) ENGINE=InnoDB DEFAULT CHARSET=utf8mb4 COLLATE=utf8mb4_general_ci;

--
-- Dumping data for table `leave_types`
--


--
-- Table structure for table `leaves`
--

CREATE TABLE `leaves` (
  `id` int(11) NOT NULL AUTO_INCREMENT,
  `employee_id` int(11) NOT NULL,
  `company_id` int(11) NOT NULL,
  `department_id` int(11) NOT NULL,
  `leave_type_id` int(11) NOT NULL,
  `start_date` date NOT NULL,
  `end_date` date NOT NULL,
  `days` varchar(192) NOT NULL,
  `reason` text DEFAULT NULL,
  `attachment` varchar(192) DEFAULT NULL,
  `half_day` tinyint(1) DEFAULT NULL,
  `status` varchar(192) NOT NULL,
  `created_at` timestamp(6) NULL DEFAULT NULL,
  `updated_at` timestamp(6) NULL DEFAULT NULL,
  `deleted_at` timestamp NULL DEFAULT NULL,
  PRIMARY KEY (`id`),
  KEY `leave_employee_id` (`employee_id`),
  KEY `leave_company_id` (`company_id`),
  KEY `leave_department_id` (`department_id`),
  KEY `leave_leave_type_id` (`leave_type_id`),
  CONSTRAINT `leave_company_id` FOREIGN KEY (`company_id`) REFERENCES `companies` (`id`),
  CONSTRAINT `leave_department_id` FOREIGN KEY (`department_id`) REFERENCES `departments` (`id`),
  CONSTRAINT `leave_employee_id` FOREIGN KEY (`employee_id`) REFERENCES `employees` (`id`),
  CONSTRAINT `leave_leave_type_id` FOREIGN KEY (`leave_type_id`) REFERENCES `leave_types` (`id`)
) ENGINE=InnoDB DEFAULT CHARSET=utf8mb4 COLLATE=utf8mb4_general_ci;

--
-- Dumping data for table `leaves`
--


--
-- Table structure for table `migrations`
--

CREATE TABLE `migrations` (
  `id` int(10) unsigned NOT NULL AUTO_INCREMENT,
  `migration` varchar(191) NOT NULL,
  `batch` int(11) NOT NULL,
  PRIMARY KEY (`id`)
) ENGINE=InnoDB AUTO_INCREMENT=178 DEFAULT CHARSET=utf8mb4 COLLATE=utf8mb4_general_ci;

--
-- Dumping data for table `migrations`
--

INSERT INTO `migrations` VALUES (1,'2016_06_01_000001_create_oauth_auth_codes_table',1),(2,'2016_06_01_000002_create_oauth_access_tokens_table',1),(3,'2016_06_01_000003_create_oauth_refresh_tokens_table',1),(4,'2016_06_01_000004_create_oauth_clients_table',1),(5,'2016_06_01_000005_create_oauth_personal_access_clients_table',1),(6,'2021_03_08_020247_create_adjustment_details_table',1),(7,'2021_03_08_020247_create_adjustments_table',1),(8,'2021_03_08_020247_create_brands_table',1),(9,'2021_03_08_020247_create_categories_table',1),(10,'2021_03_08_020247_create_clients_table',1),(11,'2021_03_08_020247_create_currencies_table',1),(12,'2021_03_08_020247_create_expense_categories_table',1),(13,'2021_03_08_020247_create_expenses_table',1),(14,'2021_03_08_020247_create_password_resets_table',1),(15,'2021_03_08_020247_create_payment_purchase_returns_table',1),(16,'2021_03_08_020247_create_payment_purchases_table',1),(17,'2021_03_08_020247_create_payment_sale_returns_table',1),(18,'2021_03_08_020247_create_payment_sales_table',1),(19,'2021_03_08_020247_create_payment_with_credit_card_table',1),(20,'2021_03_08_020247_create_permission_role_table',1),(21,'2021_03_08_020247_create_permissions_table',1),(22,'2021_03_08_020247_create_product_variants_table',1),(23,'2021_03_08_020247_create_product_warehouse_table',1),(24,'2021_03_08_020247_create_products_table',1),(25,'2021_03_08_020247_create_providers_table',1),(26,'2021_03_08_020247_create_purchase_details_table',1),(27,'2021_03_08_020247_create_purchase_return_details_table',1),(28,'2021_03_08_020247_create_purchase_returns_table',1),(29,'2021_03_08_020247_create_purchases_table',1),(30,'2021_03_08_020247_create_quotation_details_table',1),(31,'2021_03_08_020247_create_quotations_table',1),(32,'2021_03_08_020247_create_role_user_table',1),(33,'2021_03_08_020247_create_roles_table',1),(34,'2021_03_08_020247_create_sale_details_table',1),(35,'2021_03_08_020247_create_sale_return_details_table',1),(36,'2021_03_08_020247_create_sale_returns_table',1),(37,'2021_03_08_020247_create_sales_table',1),(38,'2021_03_08_020247_create_serveurs_table',1),(39,'2021_03_08_020247_create_settings_table',1),(40,'2021_03_08_020247_create_transfer_details_table',1),(41,'2021_03_08_020247_create_transfers_table',1),(42,'2021_03_08_020247_create_units_table',1),(43,'2021_03_08_020247_create_users_table',1),(44,'2021_03_08_020247_create_warehouses_table',1),(45,'2021_03_08_020248_add_status_to_roles_table',1),(46,'2021_03_08_020251_add_foreign_keys_to_adjustment_details_table',1),(47,'2021_03_08_020251_add_foreign_keys_to_adjustments_table',1),(48,'2021_03_08_020251_add_foreign_keys_to_expense_categories_table',1),(49,'2021_03_08_020251_add_foreign_keys_to_expenses_table',1),(50,'2021_03_08_020251_add_foreign_keys_to_payment_purchase_returns_table',1),(51,'2021_03_08_020251_add_foreign_keys_to_payment_purchases_table',1),(52,'2021_03_08_020251_add_foreign_keys_to_payment_sale_returns_table',1),(53,'2021_03_08_020251_add_foreign_keys_to_payment_sales_table',1),(54,'2021_03_08_020251_add_foreign_keys_to_permission_role_table',1),(55,'2021_03_08_020251_add_foreign_keys_to_product_variants_table',1),(56,'2021_03_08_020251_add_foreign_keys_to_product_warehouse_table',1),(57,'2021_03_08_020251_add_foreign_keys_to_products_table',1),(58,'2021_03_08_020251_add_foreign_keys_to_purchase_details_table',1),(59,'2021_03_08_020251_add_foreign_keys_to_purchase_return_details_table',1),(60,'2021_03_08_020251_add_foreign_keys_to_purchase_returns_table',1),(61,'2021_03_08_020251_add_foreign_keys_to_purchases_table',1),(62,'2021_03_08_020251_add_foreign_keys_to_quotation_details_table',1),(63,'2021_03_08_020251_add_foreign_keys_to_quotations_table',1),(64,'2021_03_08_020251_add_foreign_keys_to_role_user_table',1),(65,'2021_03_08_020251_add_foreign_keys_to_sale_details_table',1),(66,'2021_03_08_020251_add_foreign_keys_to_sale_return_details_table',1),(67,'2021_03_08_020251_add_foreign_keys_to_sale_returns_table',1),(68,'2021_03_08_020251_add_foreign_keys_to_sales_table',1),(69,'2021_03_08_020251_add_foreign_keys_to_settings_table',1),(70,'2021_03_08_020251_add_foreign_keys_to_transfer_details_table',1),(71,'2021_03_08_020251_add_foreign_keys_to_transfers_table',1),(72,'2021_03_08_020251_add_foreign_keys_to_units_table',1),(73,'2021_04_11_221536_add_footer_to_settings_table',1),(74,'2021_04_30_040505_add_devopped_by_to_settings',1),(75,'2021_05_07_140933_add_client_id_to_settings_table',1),(76,'2021_05_07_141034_add_warehouse_id_to_settings_table',1),(77,'2021_05_07_141303_add_foreign_keys_clients_to_settings',1),(78,'2021_07_19_141906_add_sale_unit_id_to_sale_details',1),(79,'2021_07_22_013045_add_sale_unit_id_to_quotation_details_table',1),(80,'2021_07_22_032512_add_purchase_unit_id_to_purchase_details_table',1),(81,'2021_07_22_052330_add_sale_unit_id_to_sale_return_details_table',1),(82,'2021_07_22_052447_add_purchase_unit_id_to_purchase_return_details_table',1),(83,'2021_07_22_052713_add_purchase_unit_id_to_transfer_details_table',1),(84,'2021_07_26_155038_change_cost_column_type_return_details',1),(85,'2021_07_30_142441_add_change_to_payment_sales',1),(86,'2021_07_31_122946_add_change_to_payment_purchases_table',1),(87,'2021_07_31_123105_add_change_to_payment_sale_returns_table',1),(88,'2021_07_31_123135_add_change_to_payment_purchase_returns_table',1),(89,'2021_09_23_003640_add_default_language_to_settings_table',1),(90,'2021_09_24_000547_create_pos_settings',1),(91,'2022_02_18_161351_create_attendances_table',1),(92,'2022_02_18_161351_create_companies_table',1),(93,'2022_02_18_161351_create_departments_table',1),(94,'2022_02_18_161351_create_designations_table',1),(95,'2022_02_18_161351_create_employee_accounts_table',1),(96,'2022_02_18_161351_create_employee_experiences_table',1),(97,'2022_02_18_161351_create_employees_table',1),(98,'2022_02_18_161351_create_holidays_table',1),(99,'2022_02_18_161351_create_leave_types_table',1),(100,'2022_02_18_161351_create_leaves_table',1),(101,'2022_02_18_161351_create_office_shifts_table',1),(102,'2022_02_18_161355_add_foreign_keys_to_attendances_table',1),(103,'2022_02_18_161355_add_foreign_keys_to_departments_table',1),(104,'2022_02_18_161355_add_foreign_keys_to_designations_table',1),(105,'2022_02_18_161355_add_foreign_keys_to_employee_accounts_table',1),(106,'2022_02_18_161355_add_foreign_keys_to_employee_experiences_table',1),(107,'2022_02_18_161355_add_foreign_keys_to_employees_table',1),(108,'2022_02_18_161355_add_foreign_keys_to_holidays_table',1),(109,'2022_02_18_161355_add_foreign_keys_to_leaves_table',1),(110,'2022_02_18_161355_add_foreign_keys_to_office_shifts_table',1),(111,'2022_04_06_155633_create_user_warehouse_table',1),(112,'2022_04_06_155635_add_foreign_keys_to_user_warehouse_table',1),(113,'2022_04_08_001056_change_type_of_columns__clients__table',1),(114,'2022_04_08_002126_change_type_of_columns__providers__table',1),(115,'2022_04_26_163039_add_imei_to_product_table',1),(116,'2022_04_26_163314_add_imei_number_to_purchase_details',1),(117,'2022_04_26_163516_add_imei_number_to_quotation_details',1),(118,'2022_04_26_163600_add_imei_number_to_sale_details',1),(119,'2022_04_26_163653_add_imei_number_to_sale_return_details',1),(120,'2022_04_26_163741_add_imei_number_to_purchase_return_details',1),(121,'2022_05_01_005644_add_shipping_status_to_sales',1),(122,'2022_05_11_010241_add_is_all_warehouses_to_users',1),(123,'2022_05_14_191716_create_shipments_table',1),(124,'2022_05_14_191718_add_foreign_keys_to_shipments_table',1),(125,'2022_06_15_021609_create_sms_gateway_table',1),(126,'2022_06_15_023409_add_sms_gateway_to_settings',1),(127,'2022_06_18_145901_add_not_selling_to_product_table',1),(128,'2022_06_19_011630_add_sale_id_to_sale__return_table',1),(129,'2022_06_19_125137_add_sender_name_to_servers_table',1),(130,'2022_06_19_131645_add_purchase_id_to_purchase_return_table',1),(131,'2022_06_23_000019_add_invoice_footer_to_settings_table',1),(132,'2022_08_04_172721_add_tax_number_to_clients_table',1),(133,'2022_08_04_172905_add_tax_number_to_providers_table',1),(134,'2023_01_04_140439_make_email_clients_nullable',1),(135,'2023_01_04_140547_make_email_providers_nullable',1),(136,'2023_01_21_100532_add_is_printable_topos_settings_table',1),(137,'2023_02_04_213317_show_warehouse_to_table_pos_settings',1),(138,'2023_02_07_001309_create_sms_messages_table',1),(139,'2023_04_03_164423_create_table_email_messages',1),(140,'2023_04_12_141222_add_option_create_quotation_in_settings',1),(141,'2023_04_13_142815_add_fileds_to_product_variants',1),(142,'2023_04_13_155131_add_type_to_products',1),(143,'2023_04_14_150505_add_column_manage_stock',1),(144,'2023_09_02_010523_create_ecommerce_clients_table',1),(145,'2023_09_02_010524_add_foreign_keys_to_ecommerce_clients_table',1),(146,'2023_12_12_235150_create_count_stock_table',1),(147,'2023_12_12_235152_add_foreign_keys_to_count_stock_table',1),(148,'2023_12_14_001459_create_accounts_table',1),(149,'2023_12_14_001459_create_deposit_categories_table',1),(150,'2023_12_14_001459_create_deposits_table',1),(151,'2023_12_14_001501_add_foreign_keys_to_deposits_table',1),(152,'2023_12_14_232125_create_account_id_to_expenses',1),(153,'2023_12_15_203807_add_account_id_to_payment_sales',1),(154,'2023_12_15_203914_add_account_id_to_payment_purchases',1),(155,'2023_12_15_204046_add_account_id_to_payment_purchase_returns',1),(156,'2023_12_15_204302_add_account_id_to_payment_sale_returns',1),(157,'2023_12_16_193712_create_draft_sale_details_table',1),(158,'2023_12_16_193712_create_draft_sales_table',1),(159,'2023_12_16_193713_add_foreign_keys_to_draft_sale_details_table',1),(160,'2023_12_16_193713_add_foreign_keys_to_draft_sales_table',1),(161,'2024_02_01_001414_create_transfer_money_table',1),(162,'2024_02_01_001416_add_foreign_keys_to_transfer_money_table',1),(163,'2024_02_02_143558_create_payrolls_table',1),(164,'2024_02_02_143600_add_foreign_keys_to_payrolls_table',1),(165,'2024_06_19_141607_create_combined_products_table',1),(166,'2024_07_11_141607_create_employee_project_table',1),(167,'2024_07_11_141607_create_employee_task_table',1),(168,'2024_07_11_141607_create_projects_table',1),(169,'2024_07_11_141607_create_tasks_table',1),(170,'2024_07_11_141608_add_foreign_keys_to_employee_project_table',1),(171,'2024_07_11_141608_add_foreign_keys_to_employee_task_table',1),(172,'2024_07_11_141608_add_foreign_keys_to_projects_table',1),(173,'2024_07_11_141608_add_foreign_keys_to_tasks_table',1),(174,'2024_07_26_161112_add_show_language_to_settings_table',1),(175,'2024_07_26_164248_add_products_per_page_to_pos_settings_table',1),(176,'2025_01_01_235957_add_partner_columns_to_quotations_table',2),(177,'2025_01_18_172012_add_payment_fields_to_quotations_table',3);

--
-- Table structure for table `oauth_auth_codes`
--

CREATE TABLE `oauth_auth_codes` (
  `id` varchar(100) NOT NULL,
  `user_id` bigint(20) unsigned NOT NULL,
  `client_id` bigint(20) unsigned NOT NULL,
  `scopes` text DEFAULT NULL,
  `revoked` tinyint(1) NOT NULL,
  `expires_at` datetime DEFAULT NULL,
  PRIMARY KEY (`id`),
  KEY `oauth_auth_codes_user_id_index` (`user_id`)
) ENGINE=InnoDB DEFAULT CHARSET=utf8mb4 COLLATE=utf8mb4_general_ci;

--
-- Dumping data for table `oauth_auth_codes`
--


--
-- Table structure for table `oauth_personal_access_clients`
--

CREATE TABLE `oauth_personal_access_clients` (
  `id` bigint(20) unsigned NOT NULL AUTO_INCREMENT,
  `client_id` bigint(20) unsigned NOT NULL,
  `created_at` timestamp NULL DEFAULT NULL,
  `updated_at` timestamp NULL DEFAULT NULL,
  PRIMARY KEY (`id`)
) ENGINE=InnoDB AUTO_INCREMENT=2 DEFAULT CHARSET=utf8mb4 COLLATE=utf8mb4_general_ci;

--
-- Dumping data for table `oauth_personal_access_clients`
--

INSERT INTO `oauth_personal_access_clients` VALUES (1,1,'2024-12-23 15:42:55','2024-12-23 15:42:55');

--
-- Table structure for table `office_shifts`
--

CREATE TABLE `office_shifts` (
  `id` int(11) NOT NULL AUTO_INCREMENT,
  `company_id` int(11) NOT NULL,
  `name` varchar(191) NOT NULL,
  `monday_in` varchar(191) DEFAULT NULL,
  `monday_out` varchar(191) DEFAULT NULL,
  `tuesday_in` varchar(191) DEFAULT NULL,
  `tuesday_out` varchar(191) DEFAULT NULL,
  `wednesday_in` varchar(191) DEFAULT NULL,
  `wednesday_out` varchar(191) DEFAULT NULL,
  `thursday_in` varchar(191) DEFAULT NULL,
  `thursday_out` varchar(191) DEFAULT NULL,
  `friday_in` varchar(191) DEFAULT NULL,
  `friday_out` varchar(191) DEFAULT NULL,
  `saturday_in` varchar(191) DEFAULT NULL,
  `saturday_out` varchar(191) DEFAULT NULL,
  `sunday_in` varchar(191) DEFAULT NULL,
  `sunday_out` varchar(191) DEFAULT NULL,
  `created_at` timestamp(6) NULL DEFAULT NULL,
  `updated_at` timestamp(6) NULL DEFAULT NULL,
  `deleted_at` timestamp NULL DEFAULT NULL,
  PRIMARY KEY (`id`),
  KEY `office_shift_company_id` (`company_id`),
  CONSTRAINT `office_shift_company_id` FOREIGN KEY (`company_id`) REFERENCES `companies` (`id`)
) ENGINE=InnoDB DEFAULT CHARSET=utf8mb4 COLLATE=utf8mb4_general_ci;

--
-- Dumping data for table `office_shifts`
--


--
-- Table structure for table `payment_purchase_returns`
--

CREATE TABLE `payment_purchase_returns` (
  `id` int(11) NOT NULL AUTO_INCREMENT,
  `user_id` int(11) NOT NULL,
  `date` date NOT NULL,
  `Ref` varchar(192) NOT NULL,
  `purchase_return_id` int(11) NOT NULL,
  `account_id` int(11) DEFAULT NULL,
  `montant` double NOT NULL,
  `change` double NOT NULL DEFAULT 0,
  `Reglement` varchar(191) NOT NULL,
  `notes` text DEFAULT NULL,
  `created_at` timestamp(6) NULL DEFAULT NULL,
  `updated_at` timestamp(6) NULL DEFAULT NULL,
  `deleted_at` timestamp NULL DEFAULT NULL,
  PRIMARY KEY (`id`),
  KEY `user_id_payment_return_purchase` (`user_id`),
  KEY `supplier_id_payment_return_purchase` (`purchase_return_id`),
  KEY `payment_purchase_returns_account_id` (`account_id`),
  CONSTRAINT `payment_purchase_returns_account_id` FOREIGN KEY (`account_id`) REFERENCES `accounts` (`id`),
  CONSTRAINT `supplier_id_payment_return_purchase` FOREIGN KEY (`purchase_return_id`) REFERENCES `purchase_returns` (`id`),
  CONSTRAINT `user_id_payment_return_purchase` FOREIGN KEY (`user_id`) REFERENCES `users` (`id`)
) ENGINE=InnoDB DEFAULT CHARSET=utf8mb4 COLLATE=utf8mb4_general_ci;

--
-- Dumping data for table `payment_purchase_returns`
--


--
-- Table structure for table `payment_purchases`
--

CREATE TABLE `payment_purchases` (
  `id` int(11) NOT NULL AUTO_INCREMENT,
  `user_id` int(11) NOT NULL,
  `date` date NOT NULL,
  `Ref` varchar(192) NOT NULL,
  `purchase_id` int(11) NOT NULL,
  `account_id` int(11) DEFAULT NULL,
  `montant` double NOT NULL,
  `change` double NOT NULL DEFAULT 0,
  `Reglement` varchar(192) NOT NULL,
  `notes` text DEFAULT NULL,
  `created_at` timestamp(6) NULL DEFAULT NULL,
  `updated_at` timestamp(6) NULL DEFAULT NULL,
  `deleted_at` timestamp NULL DEFAULT NULL,
  PRIMARY KEY (`id`),
  KEY `user_id_payment_purchases` (`user_id`),
  KEY `payments_purchase_id` (`purchase_id`),
  KEY `payment_purchases_account_id` (`account_id`),
  CONSTRAINT `factures_purchase_id` FOREIGN KEY (`purchase_id`) REFERENCES `purchases` (`id`),
  CONSTRAINT `payment_purchases_account_id` FOREIGN KEY (`account_id`) REFERENCES `accounts` (`id`),
  CONSTRAINT `user_id_factures_achat` FOREIGN KEY (`user_id`) REFERENCES `users` (`id`)
) ENGINE=InnoDB AUTO_INCREMENT=17 DEFAULT CHARSET=utf8mb4 COLLATE=utf8mb4_general_ci;

--
-- Dumping data for table `payment_purchases`
--

INSERT INTO `payment_purchases` VALUES (1,4,'2024-12-30','INV/PR_1111',5,NULL,52500,0,'Cash',NULL,'2024-12-30 15:24:37.000000','2025-01-03 19:54:20.000000','2025-01-03 19:54:20'),(2,4,'2024-12-31','INV/PR_1112',6,NULL,1166400,0,'Cash',NULL,'2024-12-31 13:33:39.000000','2025-01-03 19:54:20.000000','2025-01-03 19:54:20'),(3,1,'2025-01-07','INV/PR_1113',8,NULL,373352,0,'cheque',NULL,'2025-01-07 20:25:38.000000','2025-01-07 20:37:52.000000','2025-01-07 20:37:52'),(4,1,'2025-01-07','INV/PR_1114',8,4,373352,0,'cheque',NULL,'2025-01-07 20:26:29.000000','2025-01-07 20:37:52.000000','2025-01-07 20:37:52'),(5,1,'2025-01-07','INV/PR_1115',9,4,331000,0,'bank transfer',NULL,'2025-01-07 20:28:49.000000','2025-01-07 20:28:49.000000',NULL),(6,1,'2025-01-07','INV/PR_1116',10,4,10000,0,'cheque',NULL,'2025-01-07 20:33:02.000000','2025-01-07 20:37:40.000000','2025-01-07 20:37:40'),(7,1,'2025-01-07','INV/PR_1117',11,4,11000,0,'bank transfer',NULL,'2025-01-07 20:39:16.000000','2025-01-07 20:39:16.000000',NULL),(8,1,'2025-01-07','INV/PR_1118',12,7,373352,0,'bank transfer',NULL,'2025-01-07 20:40:51.000000','2025-01-07 20:40:51.000000',NULL),(9,1,'2025-01-07','INV/PR_1119',13,NULL,582000,0,'Cash',NULL,'2025-01-07 20:44:56.000000','2025-01-07 20:44:56.000000',NULL),(10,1,'2025-01-07','INV/PR_1120',14,NULL,92000,0,'Cash',NULL,'2025-01-07 20:47:55.000000','2025-01-07 20:47:55.000000',NULL),(11,1,'2025-01-03','INV/PR_1121',16,NULL,90000,0,'Cash',NULL,'2025-01-11 18:28:45.000000','2025-01-11 18:28:45.000000',NULL),(12,1,'2025-01-07','INV/PR_1122',15,NULL,373352,0,'cheque',NULL,'2025-01-11 18:32:28.000000','2025-01-11 18:32:28.000000',NULL),(13,1,'2025-01-11','INV/PR_1123',17,NULL,210500,0,'Momo MTN',NULL,'2025-01-11 18:40:49.000000','2025-01-11 18:40:49.000000',NULL),(14,1,'2025-01-13','INV/PR_1124',18,NULL,15000,0,'Momo MTN',NULL,'2025-01-13 20:31:46.000000','2025-01-13 20:31:46.000000',NULL),(15,1,'2025-01-15','INV/PR_1125',19,NULL,23128,0,'Momo MTN',NULL,'2025-01-15 20:01:03.000000','2025-01-15 20:01:03.000000',NULL),(16,1,'2025-01-15','INV/PR_1126',20,NULL,15000,0,'Cash',NULL,'2025-01-15 20:09:26.000000','2025-01-15 20:09:26.000000',NULL);

--
-- Table structure for table `payment_sale_returns`
--

CREATE TABLE `payment_sale_returns` (
  `id` int(11) NOT NULL AUTO_INCREMENT,
  `user_id` int(11) NOT NULL,
  `date` date NOT NULL,
  `Ref` varchar(192) NOT NULL,
  `sale_return_id` int(11) NOT NULL,
  `account_id` int(11) DEFAULT NULL,
  `montant` double NOT NULL,
  `change` double NOT NULL DEFAULT 0,
  `Reglement` varchar(191) NOT NULL,
  `notes` text DEFAULT NULL,
  `created_at` timestamp(6) NULL DEFAULT NULL,
  `updated_at` timestamp(6) NULL DEFAULT NULL,
  `deleted_at` timestamp NULL DEFAULT NULL,
  PRIMARY KEY (`id`),
  KEY `factures_sale_return_user_id` (`user_id`),
  KEY `factures_sale_return` (`sale_return_id`),
  KEY `payment_sale_returns_account_id` (`account_id`),
  CONSTRAINT `factures_sale_return` FOREIGN KEY (`sale_return_id`) REFERENCES `sale_returns` (`id`),
  CONSTRAINT `factures_sale_return_user_id` FOREIGN KEY (`user_id`) REFERENCES `users` (`id`),
  CONSTRAINT `payment_sale_returns_account_id` FOREIGN KEY (`account_id`) REFERENCES `accounts` (`id`)
) ENGINE=InnoDB DEFAULT CHARSET=utf8mb4 COLLATE=utf8mb4_general_ci;

--
-- Dumping data for table `payment_sale_returns`
--


--
-- Table structure for table `payment_sales`
--

CREATE TABLE `payment_sales` (
  `id` int(11) NOT NULL AUTO_INCREMENT,
  `user_id` int(11) NOT NULL,
  `date` date NOT NULL,
  `Ref` varchar(192) NOT NULL,
  `sale_id` int(11) NOT NULL,
  `account_id` int(11) DEFAULT NULL,
  `montant` double NOT NULL,
  `change` double NOT NULL DEFAULT 0,
  `Reglement` varchar(192) NOT NULL,
  `notes` text DEFAULT NULL,
  `created_at` timestamp(6) NULL DEFAULT NULL,
  `updated_at` timestamp(6) NULL DEFAULT NULL,
  `deleted_at` timestamp NULL DEFAULT NULL,
  PRIMARY KEY (`id`),
  KEY `user_id_payments_sale` (`user_id`),
  KEY `payment_sale_id` (`sale_id`),
  KEY `payment_sales_account_id` (`account_id`),
  CONSTRAINT `facture_sale_id` FOREIGN KEY (`sale_id`) REFERENCES `sales` (`id`),
  CONSTRAINT `payment_sales_account_id` FOREIGN KEY (`account_id`) REFERENCES `accounts` (`id`),
  CONSTRAINT `user_id_factures_ventes` FOREIGN KEY (`user_id`) REFERENCES `users` (`id`)
) ENGINE=InnoDB AUTO_INCREMENT=32 DEFAULT CHARSET=utf8mb4 COLLATE=utf8mb4_general_ci;

--
-- Dumping data for table `payment_sales`
--

INSERT INTO `payment_sales` VALUES (1,1,'2024-12-26','INV/SL_1111',1,NULL,972006,8748050,'bank transfer',NULL,'2024-12-26 15:42:59.000000','2024-12-26 15:46:09.000000','2024-12-26 15:46:09'),(2,3,'2024-12-26','INV/SL_1112',2,NULL,7200562,2519494,'Cash',NULL,'2024-12-26 16:22:53.000000','2024-12-27 13:25:53.000000','2024-12-27 13:25:53'),(3,3,'2024-12-26','INV/SL_1113',2,NULL,251994,2267500,'Cash',NULL,'2024-12-26 16:29:50.000000','2024-12-27 13:25:53.000000','2024-12-27 13:25:53'),(4,3,'2024-12-26','INV/SL_1114',2,NULL,2267500,0,'Cash',NULL,'2024-12-26 16:30:06.000000','2024-12-27 13:25:53.000000','2024-12-27 13:25:53'),(5,3,'2024-12-27','INV/SL_1115',3,NULL,1241223.1,0,'tpe',NULL,'2024-12-27 13:17:35.000000','2024-12-27 13:25:14.000000','2024-12-27 13:25:14'),(6,3,'2024-12-27','INV/SL_1116',4,NULL,1241223.1,0,'Cash',NULL,'2024-12-27 13:21:18.000000','2024-12-27 13:24:58.000000','2024-12-27 13:24:58'),(7,3,'2024-12-27','INV/SL_1117',5,NULL,620000,621223.1,'Cash',NULL,'2024-12-27 13:28:20.000000','2024-12-27 13:35:37.000000','2024-12-27 13:35:37'),(8,3,'2024-12-27','INV/SL_1118',5,NULL,621223.1,0,'Cash',NULL,'2024-12-27 13:30:53.000000','2024-12-27 13:35:37.000000','2024-12-27 13:35:37'),(9,3,'2024-12-27','INV/SL_1119',6,NULL,2300,1238923.1,'Cash',NULL,'2024-12-27 13:32:46.000000','2024-12-27 13:35:37.000000','2024-12-27 13:35:37'),(10,3,'2024-12-27','INV/SL_1120',6,NULL,500000,738923.1,'Cash',NULL,'2024-12-27 13:33:15.000000','2024-12-27 13:35:37.000000','2024-12-27 13:35:37'),(11,3,'2024-12-27','INV/SL_1121',6,NULL,738923.1,0,'Cash',NULL,'2024-12-27 13:33:29.000000','2024-12-27 13:35:37.000000','2024-12-27 13:35:37'),(12,3,'2024-12-27','INV/SL_1122',7,NULL,3000,1238223.1,'Cash',NULL,'2024-12-27 13:34:05.000000','2024-12-27 13:35:37.000000','2024-12-27 13:35:37'),(13,3,'2024-12-27','INV/SL_1123',7,NULL,1238223.1,0,'Cash',NULL,'2024-12-27 13:34:42.000000','2024-12-27 13:35:37.000000','2024-12-27 13:35:37'),(14,3,'2024-12-27','INV/SL_1124',8,NULL,942223.1,0,'Cash',NULL,'2024-12-27 13:38:57.000000','2024-12-27 13:50:59.000000','2024-12-27 13:50:59'),(15,3,'2024-12-27','INV/SL_1125',9,NULL,1241223.1,0,'Cash',NULL,'2024-12-27 13:48:17.000000','2024-12-27 13:50:59.000000','2024-12-27 13:50:59'),(16,3,'2024-12-28','INV/SL_1126',11,NULL,2482446.2,0,'tpe','mobile money for boss','2024-12-28 15:38:56.000000','2024-12-28 18:40:50.000000','2024-12-28 18:40:50'),(17,6,'2024-12-30','INV/SL_1127',12,NULL,13000,0,'Cash',NULL,'2024-12-30 14:07:12.000000','2025-01-03 19:49:54.000000','2025-01-03 19:49:54'),(18,6,'2024-12-30','INV/SL_1128',13,NULL,9720056,0,'Cash',NULL,'2024-12-30 14:22:38.000000','2025-01-03 19:49:54.000000','2025-01-03 19:49:54'),(19,3,'2024-12-30','INV/SL_1129',14,NULL,700000,764643.26,'Cash',NULL,'2024-12-30 14:45:32.000000','2025-01-03 19:42:42.000000','2025-01-03 19:42:42'),(20,3,'2024-12-30','INV/SL_1130',15,NULL,3588501,0,'Cash',NULL,'2024-12-30 14:47:57.000000','2025-01-03 19:42:50.000000','2025-01-03 19:42:50'),(21,4,'2024-12-30','INV/SL_1131',16,NULL,27000,0,'Cash',NULL,'2024-12-30 14:57:46.000000','2025-01-03 19:49:54.000000','2025-01-03 19:49:54'),(22,4,'2024-12-30','INV/SL_1132',17,NULL,36000,0,'Cash',NULL,'2024-12-30 15:00:07.000000','2025-01-03 19:49:39.000000','2025-01-03 19:49:39'),(23,4,'2024-12-31','INV/SL_1133',18,NULL,15000,0,'Cash',NULL,'2024-12-31 13:35:24.000000','2025-01-03 19:44:24.000000','2025-01-03 19:44:24'),(24,3,'2025-01-07','INV/SL_1134',19,NULL,3300000,0,'Cash','paid by mom number of Boss','2025-01-07 13:23:30.000000','2025-01-07 13:23:30.000000',NULL),(25,1,'2025-01-07','INV/SL_1135',20,NULL,15000,0,'Momo MTN',NULL,'2025-01-07 21:36:53.000000','2025-01-07 21:36:53.000000',NULL),(26,3,'2025-01-09','INV/SL_1136',21,NULL,12000,0,'tpe','Paid by mom code','2025-01-09 17:15:13.000000','2025-01-09 17:15:13.000000',NULL),(27,3,'2025-01-13','INV/SL_1137',22,NULL,4222968,0,'Cash','Boss knows how to get the money for it','2025-01-13 20:19:30.000000','2025-01-13 20:19:30.000000',NULL),(28,3,'2025-01-13','INV/SL_1138',23,NULL,300596,0,'Cash','This is order for the electricom ltd','2025-01-13 20:43:32.000000','2025-01-16 11:43:25.000000','2025-01-16 11:43:25'),(29,3,'2025-01-14','INV/SL_1139',24,NULL,2259100,0,'bank transfer','there are transfer for the BANK OF KIGALI  OF ETS ACCOUNT','2025-01-14 20:20:01.000000','2025-01-14 20:20:01.000000',NULL),(30,1,'2025-01-15','INV/SL_1140',22,NULL,30066.4,0,'other',NULL,'2025-01-15 20:02:40.000000','2025-01-15 20:02:40.000000',NULL),(31,3,'2025-01-17','INV/SL_1141',25,NULL,2839750.04,0,'Cash',NULL,'2025-01-17 18:35:28.000000','2025-01-17 18:35:28.000000',NULL);

--
-- Table structure for table `payment_with_credit_card`
--

CREATE TABLE `payment_with_credit_card` (
  `id` int(11) NOT NULL AUTO_INCREMENT,
  `payment_id` int(11) NOT NULL,
  `customer_id` int(11) NOT NULL,
  `customer_stripe_id` varchar(192) NOT NULL,
  `charge_id` varchar(192) NOT NULL,
  `created_at` timestamp(6) NULL DEFAULT NULL,
  `updated_at` timestamp(6) NULL DEFAULT NULL,
  PRIMARY KEY (`id`)
) ENGINE=InnoDB DEFAULT CHARSET=utf8mb4 COLLATE=utf8mb4_general_ci;

--
-- Dumping data for table `payment_with_credit_card`
--


--
-- Table structure for table `payrolls`
--

CREATE TABLE `payrolls` (
  `id` int(11) NOT NULL AUTO_INCREMENT,
  `user_id` int(11) NOT NULL,
  `Ref` varchar(192) NOT NULL,
  `date` date NOT NULL,
  `employee_id` int(11) NOT NULL,
  `account_id` int(11) DEFAULT NULL,
  `amount` double NOT NULL,
  `payment_method` varchar(192) NOT NULL,
  `payment_status` varchar(192) NOT NULL,
  `created_at` timestamp(6) NULL DEFAULT NULL,
  `updated_at` timestamp(6) NULL DEFAULT NULL,
  `deleted_at` timestamp NULL DEFAULT NULL,
  PRIMARY KEY (`id`),
  KEY `payrolls_user_id` (`user_id`),
  KEY `payrolls_employee_id` (`employee_id`),
  KEY `payrolls_account_id` (`account_id`),
  CONSTRAINT `payrolls_account_id` FOREIGN KEY (`account_id`) REFERENCES `accounts` (`id`),
  CONSTRAINT `payrolls_employee_id` FOREIGN KEY (`employee_id`) REFERENCES `employees` (`id`),
  CONSTRAINT `payrolls_user_id` FOREIGN KEY (`user_id`) REFERENCES `users` (`id`)
) ENGINE=InnoDB DEFAULT CHARSET=utf8mb4 COLLATE=utf8mb4_general_ci;

--
-- Dumping data for table `payrolls`
--


--
-- Table structure for table `permission_role`
--

CREATE TABLE `permission_role` (
  `id` int(11) NOT NULL AUTO_INCREMENT,
  `permission_id` int(11) NOT NULL,
  `role_id` int(11) NOT NULL,
  PRIMARY KEY (`id`),
  KEY `permission_role_permission_id` (`permission_id`),
  KEY `permission_role_role_id` (`role_id`),
  CONSTRAINT `permission_role_permission_id` FOREIGN KEY (`permission_id`) REFERENCES `permissions` (`id`),
  CONSTRAINT `permission_role_role_id` FOREIGN KEY (`role_id`) REFERENCES `roles` (`id`)
) ENGINE=InnoDB AUTO_INCREMENT=1540 DEFAULT CHARSET=utf8mb4 COLLATE=utf8mb4_general_ci;

--
-- Dumping data for table `permission_role`
--

INSERT INTO `permission_role` VALUES (192,110,2),(193,11,2),(194,126,2),(195,26,2),(196,24,2),(197,18,2),(198,17,2),(199,32,2),(200,34,2),(201,31,2),(202,15,2),(203,37,2),(204,38,2),(205,35,2),(206,44,2),(207,45,2),(208,62,2),(209,59,2),(210,88,2),(211,60,2),(212,111,2),(213,112,2),(214,131,2),(215,80,2),(216,78,2),(217,132,2),(218,133,2),(219,134,2),(220,130,2),(221,135,2),(222,127,2),(223,76,2),(224,75,2),(225,72,2),(226,70,2),(227,105,2),(228,115,2),(229,117,2),(230,90,2),(231,92,2),(232,94,2),(233,96,2),(234,98,2),(235,137,2),(236,91,2),(237,93,2),(238,95,2),(239,97,2),(240,99,2),(241,136,2),(242,138,2),(303,110,4),(304,1,4),(305,2,4),(306,3,4),(307,5,4),(308,4,4),(309,7,4),(310,6,4),(311,9,4),(312,8,4),(313,11,4),(314,13,4),(315,12,4),(316,65,4),(317,63,4),(318,126,4),(319,68,4),(320,87,4),(321,10,4),(322,14,4),(323,26,4),(324,25,4),(325,24,4),(326,23,4),(327,21,4),(328,22,4),(329,20,4),(330,19,4),(331,131,4),(332,18,4),(333,17,4),(334,130,4),(335,129,4),(336,135,4),(337,15,4),(338,16,4),(339,127,4),(340,128,4),(341,28,4),(342,27,4),(343,86,4),(344,103,4),(345,119,4),(346,122,4),(347,30,4),(348,29,4),(349,32,4),(350,31,4),(351,120,4),(352,123,4),(353,34,4),(354,33,4),(355,38,4),(356,37,4),(357,36,4),(358,35,4),(359,121,4),(360,124,4),(361,50,4),(362,49,4),(363,48,4),(364,47,4),(365,45,4),(366,46,4),(367,43,4),(368,44,4),(369,42,4),(370,41,4),(371,40,4),(372,39,4),(373,52,4),(374,51,4),(375,54,4),(376,53,4),(377,56,4),(378,55,4),(379,58,4),(380,57,4),(381,60,4),(382,59,4),(383,88,4),(384,111,4),(385,112,4),(386,62,4),(387,61,4),(388,85,4),(389,84,4),(390,89,4),(391,113,4),(392,114,4),(393,83,4),(394,82,4),(395,81,4),(396,80,4),(397,79,4),(398,78,4),(399,132,4),(400,133,4),(401,134,4),(402,77,4),(403,76,4),(404,75,4),(405,74,4),(406,72,4),(407,70,4),(408,101,4),(409,102,4),(410,104,4),(411,105,4),(412,115,4),(413,116,4),(414,117,4),(415,73,4),(416,90,4),(417,91,4),(418,92,4),(419,94,4),(420,96,4),(421,98,4),(422,100,4),(423,137,4),(424,93,4),(425,95,4),(426,97,4),(427,99,4),(428,136,4),(429,138,4),(430,67,4),(431,139,4),(768,110,3),(769,11,3),(770,14,3),(771,13,3),(772,12,3),(773,65,3),(774,63,3),(775,87,3),(776,68,3),(777,126,3),(778,21,3),(779,20,3),(780,28,3),(781,30,3),(782,86,3),(783,103,3),(784,119,3),(785,122,3),(786,34,3),(787,32,3),(788,38,3),(789,37,3),(790,35,3),(791,121,3),(792,124,3),(793,50,3),(794,48,3),(795,42,3),(796,40,3),(797,60,3),(798,62,3),(799,88,3),(800,111,3),(801,83,3),(802,85,3),(803,89,3),(804,80,3),(805,81,3),(806,79,3),(807,132,3),(808,15,3),(809,133,3),(810,134,3),(811,130,3),(812,127,3),(813,131,3),(814,77,3),(815,76,3),(816,75,3),(817,74,3),(818,72,3),(819,70,3),(820,101,3),(821,105,3),(822,115,3),(823,116,3),(824,117,3),(825,139,3),(826,45,3),(827,44,3),(828,52,3),(829,54,3),(830,56,3),(831,58,3),(832,18,3),(833,120,3),(834,1,1),(835,2,1),(836,3,1),(837,4,1),(838,5,1),(839,6,1),(840,7,1),(841,8,1),(842,9,1),(843,10,1),(844,11,1),(845,12,1),(846,13,1),(847,14,1),(848,15,1),(849,16,1),(850,17,1),(851,18,1),(852,19,1),(853,20,1),(854,21,1),(855,22,1),(856,23,1),(857,24,1),(858,25,1),(859,26,1),(860,27,1),(861,28,1),(862,29,1),(863,30,1),(864,31,1),(865,32,1),(866,33,1),(867,34,1),(868,35,1),(869,36,1),(870,37,1),(871,38,1),(872,39,1),(873,40,1),(874,41,1),(875,42,1),(876,43,1),(877,44,1),(878,45,1),(879,46,1),(880,47,1),(881,48,1),(882,49,1),(883,50,1),(884,51,1),(885,52,1),(886,53,1),(887,54,1),(888,55,1),(889,56,1),(890,57,1),(891,58,1),(892,59,1),(893,60,1),(894,61,1),(895,62,1),(896,63,1),(897,64,1),(898,65,1),(899,66,1),(900,67,1),(901,68,1),(902,69,1),(903,70,1),(904,72,1),(905,73,1),(906,74,1),(907,75,1),(908,76,1),(909,77,1),(910,78,1),(911,79,1),(912,80,1),(913,81,1),(914,82,1),(915,83,1),(916,84,1),(917,85,1),(918,86,1),(919,87,1),(920,88,1),(921,89,1),(922,90,1),(923,91,1),(924,92,1),(925,93,1),(926,94,1),(927,95,1),(928,96,1),(929,97,1),(930,98,1),(931,99,1),(932,100,1),(933,101,1),(934,102,1),(935,103,1),(936,104,1),(937,105,1),(938,106,1),(939,107,1),(940,108,1),(941,109,1),(942,110,1),(943,111,1),(944,112,1),(945,113,1),(946,114,1),(947,115,1),(948,116,1),(949,117,1),(950,118,1),(951,119,1),(952,120,1),(953,121,1),(954,122,1),(955,123,1),(956,124,1),(957,125,1),(958,126,1),(959,127,1),(960,128,1),(961,129,1),(962,130,1),(963,131,1),(964,132,1),(965,133,1),(966,134,1),(967,135,1),(968,136,1),(969,137,1),(970,138,1),(971,139,1),(1036,110,5),(1037,131,5),(1038,18,5),(1039,17,5),(1040,130,5),(1041,129,5),(1042,135,5),(1043,15,5),(1044,127,5),(1045,38,5),(1046,35,5),(1047,121,5),(1048,124,5),(1049,37,5),(1050,81,5),(1051,80,5),(1052,79,5),(1053,78,5),(1054,132,5),(1055,133,5),(1056,134,5),(1057,77,5),(1058,76,5),(1059,75,5),(1060,74,5),(1061,73,5),(1062,72,5),(1063,70,5),(1064,102,5),(1065,101,5),(1066,104,5),(1067,105,5),(1068,115,5),(1069,116,5),(1070,117,5),(1071,139,5),(1072,11,5),(1073,28,5),(1074,32,5),(1075,50,5),(1076,45,5),(1077,42,5),(1078,52,5),(1079,56,5),(1080,60,5),(1081,85,5),(1082,138,5),(1083,137,5),(1084,30,5),(1085,86,5),(1086,103,5),(1087,122,5),(1088,62,5),(1089,111,5),(1090,112,5),(1091,27,5),(1092,119,5),(1093,49,5),(1094,48,5),(1095,40,5),(1096,41,5),(1097,67,5),(1098,21,5),(1099,26,5),(1100,126,5),(1101,88,5),(1102,89,5),(1103,90,5),(1104,98,5),(1105,100,5),(1106,96,5),(1107,94,5),(1108,91,5),(1109,95,5),(1110,97,5),(1111,136,5),(1455,1,6),(1456,2,6),(1457,3,6),(1458,6,6),(1459,7,6),(1460,11,6),(1461,12,6),(1462,15,6),(1463,17,6),(1464,18,6),(1465,21,6),(1466,26,6),(1467,27,6),(1468,28,6),(1469,32,6),(1470,35,6),(1471,37,6),(1472,38,6),(1473,40,6),(1474,41,6),(1475,42,6),(1476,44,6),(1477,45,6),(1478,46,6),(1479,48,6),(1480,49,6),(1481,50,6),(1482,51,6),(1483,52,6),(1484,54,6),(1485,55,6),(1486,56,6),(1487,58,6),(1488,59,6),(1489,60,6),(1490,62,6),(1491,63,6),(1492,65,6),(1493,68,6),(1494,70,6),(1495,72,6),(1496,73,6),(1497,74,6),(1498,75,6),(1499,76,6),(1500,77,6),(1501,78,6),(1502,79,6),(1503,80,6),(1504,81,6),(1505,83,6),(1506,84,6),(1507,85,6),(1508,86,6),(1509,87,6),(1510,88,6),(1511,89,6),(1512,101,6),(1513,102,6),(1514,103,6),(1515,104,6),(1516,105,6),(1517,110,6),(1518,111,6),(1519,112,6),(1520,113,6),(1521,114,6),(1522,115,6),(1523,116,6),(1524,117,6),(1525,119,6),(1526,120,6),(1527,121,6),(1528,122,6),(1529,123,6),(1530,124,6),(1531,126,6),(1532,127,6),(1533,130,6),(1534,131,6),(1535,132,6),(1536,133,6),(1537,134,6),(1538,135,6),(1539,139,6);

--
-- Table structure for table `permissions`
--

CREATE TABLE `permissions` (
  `id` int(11) NOT NULL AUTO_INCREMENT,
  `name` varchar(192) NOT NULL,
  `label` varchar(192) DEFAULT NULL,
  `description` text DEFAULT NULL,
  `created_at` timestamp(6) NULL DEFAULT NULL,
  `updated_at` timestamp(6) NULL DEFAULT NULL,
  `deleted_at` timestamp NULL DEFAULT NULL,
  PRIMARY KEY (`id`)
) ENGINE=InnoDB AUTO_INCREMENT=140 DEFAULT CHARSET=utf8mb4 COLLATE=utf8mb4_general_ci;

--
-- Dumping data for table `permissions`
--

INSERT INTO `permissions` VALUES (1,'users_view',NULL,NULL,NULL,NULL,NULL),(2,'users_edit',NULL,NULL,NULL,NULL,NULL),(3,'record_view',NULL,NULL,NULL,NULL,NULL),(4,'users_delete',NULL,NULL,NULL,NULL,NULL),(5,'users_add',NULL,NULL,NULL,NULL,NULL),(6,'permissions_edit',NULL,NULL,NULL,NULL,NULL),(7,'permissions_view',NULL,NULL,NULL,NULL,NULL),(8,'permissions_delete',NULL,NULL,NULL,NULL,NULL),(9,'permissions_add',NULL,NULL,NULL,NULL,NULL),(10,'products_delete',NULL,NULL,NULL,NULL,NULL),(11,'products_view',NULL,NULL,NULL,NULL,NULL),(12,'barcode_view',NULL,NULL,NULL,NULL,NULL),(13,'products_edit',NULL,NULL,NULL,NULL,NULL),(14,'products_add',NULL,NULL,NULL,NULL,NULL),(15,'expense_add',NULL,NULL,NULL,NULL,NULL),(16,'expense_delete',NULL,NULL,NULL,NULL,NULL),(17,'expense_edit',NULL,NULL,NULL,NULL,NULL),(18,'expense_view',NULL,NULL,NULL,NULL,NULL),(19,'transfer_delete',NULL,NULL,NULL,NULL,NULL),(20,'transfer_add',NULL,NULL,NULL,NULL,NULL),(21,'transfer_view',NULL,NULL,NULL,NULL,NULL),(22,'transfer_edit',NULL,NULL,NULL,NULL,NULL),(23,'adjustment_delete',NULL,NULL,NULL,NULL,NULL),(24,'adjustment_add',NULL,NULL,NULL,NULL,NULL),(25,'adjustment_edit',NULL,NULL,NULL,NULL,NULL),(26,'adjustment_view',NULL,NULL,NULL,NULL,NULL),(27,'Sales_edit',NULL,NULL,NULL,NULL,NULL),(28,'Sales_view',NULL,NULL,NULL,NULL,NULL),(29,'Sales_delete',NULL,NULL,NULL,NULL,NULL),(30,'Sales_add',NULL,NULL,NULL,NULL,NULL),(31,'Purchases_edit',NULL,NULL,NULL,NULL,NULL),(32,'Purchases_view',NULL,NULL,NULL,NULL,NULL),(33,'Purchases_delete',NULL,NULL,NULL,NULL,NULL),(34,'Purchases_add',NULL,NULL,NULL,NULL,NULL),(35,'Quotations_edit',NULL,NULL,NULL,NULL,NULL),(36,'Quotations_delete',NULL,NULL,NULL,NULL,NULL),(37,'Quotations_add',NULL,NULL,NULL,NULL,NULL),(38,'Quotations_view',NULL,NULL,NULL,NULL,NULL),(39,'payment_sales_delete',NULL,NULL,NULL,NULL,NULL),(40,'payment_sales_add',NULL,NULL,NULL,NULL,NULL),(41,'payment_sales_edit',NULL,NULL,NULL,NULL,NULL),(42,'payment_sales_view',NULL,NULL,NULL,NULL,NULL),(43,'Purchase_Returns_delete',NULL,NULL,NULL,NULL,NULL),(44,'Purchase_Returns_add',NULL,NULL,NULL,NULL,NULL),(45,'Purchase_Returns_view',NULL,NULL,NULL,NULL,NULL),(46,'Purchase_Returns_edit',NULL,NULL,NULL,NULL,NULL),(47,'Sale_Returns_delete',NULL,NULL,NULL,NULL,NULL),(48,'Sale_Returns_add',NULL,NULL,NULL,NULL,NULL),(49,'Sale_Returns_edit',NULL,NULL,NULL,NULL,NULL),(50,'Sale_Returns_view',NULL,NULL,NULL,NULL,NULL),(51,'payment_purchases_edit',NULL,NULL,NULL,NULL,NULL),(52,'payment_purchases_view',NULL,NULL,NULL,NULL,NULL),(53,'payment_purchases_delete',NULL,NULL,NULL,NULL,NULL),(54,'payment_purchases_add',NULL,NULL,NULL,NULL,NULL),(55,'payment_returns_edit',NULL,NULL,NULL,NULL,NULL),(56,'payment_returns_view',NULL,NULL,NULL,NULL,NULL),(57,'payment_returns_delete',NULL,NULL,NULL,NULL,NULL),(58,'payment_returns_add',NULL,NULL,NULL,NULL,NULL),(59,'Customers_edit',NULL,NULL,NULL,NULL,NULL),(60,'Customers_view',NULL,NULL,NULL,NULL,NULL),(61,'Customers_delete',NULL,NULL,NULL,NULL,NULL),(62,'Customers_add',NULL,NULL,NULL,NULL,NULL),(63,'unit',NULL,NULL,NULL,NULL,NULL),(64,'currency',NULL,NULL,NULL,NULL,NULL),(65,'category',NULL,NULL,NULL,NULL,NULL),(66,'backup',NULL,NULL,NULL,NULL,NULL),(67,'warehouse',NULL,NULL,NULL,NULL,NULL),(68,'brand',NULL,NULL,NULL,NULL,NULL),(69,'setting_system',NULL,NULL,NULL,NULL,NULL),(70,'Warehouse_report',NULL,NULL,NULL,NULL,NULL),(72,'Reports_quantity_alerts',NULL,NULL,NULL,NULL,NULL),(73,'Reports_profit',NULL,NULL,NULL,NULL,NULL),(74,'Reports_suppliers',NULL,NULL,NULL,NULL,NULL),(75,'Reports_customers',NULL,NULL,NULL,NULL,NULL),(76,'Reports_purchase',NULL,NULL,NULL,NULL,NULL),(77,'Reports_sales',NULL,NULL,NULL,NULL,NULL),(78,'Reports_payments_purchase_Return',NULL,NULL,NULL,NULL,NULL),(79,'Reports_payments_Sale_Returns',NULL,NULL,NULL,NULL,NULL),(80,'Reports_payments_Purchases',NULL,NULL,NULL,NULL,NULL),(81,'Reports_payments_Sales',NULL,NULL,NULL,NULL,NULL),(82,'Suppliers_delete',NULL,NULL,NULL,NULL,NULL),(83,'Suppliers_add',NULL,NULL,NULL,NULL,NULL),(84,'Suppliers_edit',NULL,NULL,NULL,NULL,NULL),(85,'Suppliers_view',NULL,NULL,NULL,NULL,NULL),(86,'Pos_view',NULL,NULL,NULL,NULL,NULL),(87,'product_import',NULL,NULL,NULL,NULL,NULL),(88,'customers_import',NULL,NULL,NULL,NULL,NULL),(89,'Suppliers_import',NULL,NULL,NULL,NULL,NULL),(90,'view_employee',NULL,NULL,NULL,NULL,NULL),(91,'add_employee',NULL,NULL,NULL,NULL,NULL),(92,'edit_employee',NULL,NULL,NULL,NULL,NULL),(93,'delete_employee',NULL,NULL,NULL,NULL,NULL),(94,'company',NULL,NULL,NULL,NULL,NULL),(95,'department',NULL,NULL,NULL,NULL,NULL),(96,'designation',NULL,NULL,NULL,NULL,NULL),(97,'office_shift',NULL,NULL,NULL,NULL,NULL),(98,'attendance',NULL,NULL,NULL,NULL,NULL),(99,'leave',NULL,NULL,NULL,NULL,NULL),(100,'holiday',NULL,NULL,NULL,NULL,NULL),(101,'Top_products',NULL,NULL,NULL,NULL,NULL),(102,'Top_customers',NULL,NULL,NULL,NULL,NULL),(103,'shipment',NULL,NULL,NULL,NULL,NULL),(104,'users_report',NULL,NULL,NULL,NULL,NULL),(105,'stock_report',NULL,NULL,NULL,NULL,NULL),(106,'sms_settings',NULL,NULL,NULL,NULL,NULL),(107,'pos_settings',NULL,NULL,NULL,NULL,NULL),(108,'payment_gateway',NULL,NULL,NULL,NULL,NULL),(109,'mail_settings',NULL,NULL,NULL,NULL,NULL),(110,'dashboard',NULL,NULL,NULL,NULL,NULL),(111,'pay_due',NULL,NULL,NULL,NULL,NULL),(112,'pay_sale_return_due',NULL,NULL,NULL,NULL,NULL),(113,'pay_supplier_due',NULL,NULL,NULL,NULL,NULL),(114,'pay_purchase_return_due',NULL,NULL,NULL,NULL,NULL),(115,'product_report',NULL,NULL,NULL,NULL,NULL),(116,'product_sales_report',NULL,NULL,NULL,NULL,NULL),(117,'product_purchases_report',NULL,NULL,NULL,NULL,NULL),(118,'notification_template',NULL,NULL,NULL,NULL,NULL),(119,'edit_product_sale',NULL,NULL,NULL,NULL,NULL),(120,'edit_product_purchase',NULL,NULL,NULL,NULL,NULL),(121,'edit_product_quotation',NULL,NULL,NULL,NULL,NULL),(122,'edit_tax_discount_shipping_sale',NULL,NULL,NULL,NULL,NULL),(123,'edit_tax_discount_shipping_purchase',NULL,NULL,NULL,NULL,NULL),(124,'edit_tax_discount_shipping_quotation',NULL,NULL,NULL,NULL,NULL),(125,'module_settings',NULL,NULL,NULL,NULL,NULL),(126,'count_stock',NULL,NULL,NULL,NULL,NULL),(127,'deposit_add',NULL,NULL,NULL,NULL,NULL),(128,'deposit_delete',NULL,NULL,NULL,NULL,NULL),(129,'deposit_edit',NULL,NULL,NULL,NULL,NULL),(130,'deposit_view',NULL,NULL,NULL,NULL,NULL),(131,'account',NULL,NULL,NULL,NULL,NULL),(132,'inventory_valuation',NULL,NULL,NULL,NULL,NULL),(133,'expenses_report',NULL,NULL,NULL,NULL,NULL),(134,'deposits_report',NULL,NULL,NULL,NULL,NULL),(135,'transfer_money',NULL,NULL,NULL,NULL,NULL),(136,'payroll',NULL,NULL,NULL,NULL,NULL),(137,'projects',NULL,NULL,NULL,NULL,NULL),(138,'tasks',NULL,NULL,NULL,NULL,NULL),(139,'online_store',NULL,NULL,'2024-12-26 14:08:42.000000','2024-12-26 14:08:42.000000',NULL);

--
-- Table structure for table `pos_settings`
--

CREATE TABLE `pos_settings` (
  `id` int(11) NOT NULL AUTO_INCREMENT,
  `note_customer` varchar(192) NOT NULL DEFAULT 'Thank You For Shopping With Us . Please Come Again',
  `show_note` tinyint(1) NOT NULL DEFAULT 1,
  `show_barcode` tinyint(1) NOT NULL DEFAULT 1,
  `show_discount` tinyint(1) NOT NULL DEFAULT 1,
  `show_customer` tinyint(1) NOT NULL DEFAULT 1,
  `show_email` tinyint(1) NOT NULL DEFAULT 1,
  `show_phone` tinyint(1) NOT NULL DEFAULT 1,
  `show_address` tinyint(1) NOT NULL DEFAULT 1,
  `products_per_page` int(11) NOT NULL DEFAULT 8,
  `is_printable` tinyint(1) NOT NULL DEFAULT 1,
  `created_at` timestamp(6) NULL DEFAULT NULL,
  `updated_at` timestamp(6) NULL DEFAULT NULL,
  `deleted_at` timestamp NULL DEFAULT NULL,
  `show_Warehouse` tinyint(1) NOT NULL DEFAULT 1,
  PRIMARY KEY (`id`)
) ENGINE=InnoDB AUTO_INCREMENT=2 DEFAULT CHARSET=utf8mb4 COLLATE=utf8mb4_general_ci;

--
-- Dumping data for table `pos_settings`
--

INSERT INTO `pos_settings` VALUES (1,'Thank You For Shopping With Us . Please Come Again',1,1,1,1,1,1,1,8,1,NULL,NULL,NULL,1);

--
-- Table structure for table `product_variants`
--

CREATE TABLE `product_variants` (
  `id` int(11) NOT NULL AUTO_INCREMENT,
  `product_id` int(11) DEFAULT NULL,
  `name` varchar(192) DEFAULT NULL,
  `cost` double NOT NULL,
  `price` double NOT NULL,
  `code` varchar(192) NOT NULL,
  `image` varchar(191) NOT NULL DEFAULT 'no-image.png',
  `qty` decimal(8,2) DEFAULT 0.00,
  `created_at` timestamp(6) NULL DEFAULT NULL,
  `updated_at` timestamp(6) NULL DEFAULT NULL,
  `deleted_at` timestamp NULL DEFAULT NULL,
  PRIMARY KEY (`id`),
  KEY `product_id_variant` (`product_id`),
  CONSTRAINT `product_id_variant` FOREIGN KEY (`product_id`) REFERENCES `products` (`id`)
) ENGINE=InnoDB DEFAULT CHARSET=utf8mb4 COLLATE=utf8mb4_general_ci;

--
-- Dumping data for table `product_variants`
--


--
-- Table structure for table `product_warehouse`
--

CREATE TABLE `product_warehouse` (
  `id` int(11) NOT NULL AUTO_INCREMENT,
  `product_id` int(11) NOT NULL,
  `warehouse_id` int(11) NOT NULL,
  `product_variant_id` int(11) DEFAULT NULL,
  `qte` double NOT NULL,
  `manage_stock` tinyint(1) NOT NULL DEFAULT 1,
  `created_at` timestamp(6) NULL DEFAULT NULL,
  `updated_at` timestamp(6) NULL DEFAULT NULL,
  `deleted_at` timestamp NULL DEFAULT NULL,
  PRIMARY KEY (`id`),
  KEY `product_warehouse_id` (`product_id`),
  KEY `warehouse_id` (`warehouse_id`),
  KEY `product_variant_id` (`product_variant_id`),
  CONSTRAINT `art_id` FOREIGN KEY (`product_id`) REFERENCES `products` (`id`),
  CONSTRAINT `mag_id` FOREIGN KEY (`warehouse_id`) REFERENCES `warehouses` (`id`),
  CONSTRAINT `product_variant_id` FOREIGN KEY (`product_variant_id`) REFERENCES `product_variants` (`id`)
) ENGINE=InnoDB AUTO_INCREMENT=2648 DEFAULT CHARSET=utf8mb4 COLLATE=utf8mb4_general_ci;

--
-- Dumping data for table `product_warehouse`
--

INSERT INTO `product_warehouse` VALUES (1,1,1,NULL,0,1,NULL,'2024-12-26 15:23:12.000000','2024-12-26 15:23:12'),(2,1,2,NULL,0,1,NULL,'2024-12-26 15:23:12.000000','2024-12-26 15:23:12'),(3,1,3,NULL,0,1,NULL,'2024-12-26 15:23:12.000000','2024-12-26 15:23:12'),(4,1,5,NULL,0,1,NULL,'2024-12-26 15:23:12.000000','2024-12-26 15:23:12'),(5,1,6,NULL,0,1,NULL,'2024-12-26 15:23:12.000000','2024-12-26 15:23:12'),(6,1,7,NULL,0,1,NULL,'2024-12-26 15:23:12.000000','2024-12-26 15:23:12'),(7,1,8,NULL,0,1,NULL,'2024-12-26 15:23:12.000000','2024-12-26 15:23:12'),(8,1,9,NULL,0,1,NULL,'2024-12-26 15:23:12.000000','2024-12-26 15:23:12'),(9,1,10,NULL,0,1,NULL,'2024-12-26 15:23:12.000000','2024-12-26 15:23:12'),(10,1,11,NULL,0,1,NULL,'2024-12-26 15:23:12.000000','2024-12-26 15:23:12'),(11,1,12,NULL,0,1,NULL,'2024-12-26 15:23:12.000000','2024-12-26 15:23:12'),(12,1,13,NULL,0,1,NULL,'2024-12-26 15:23:12.000000','2024-12-26 15:23:12'),(13,1,14,NULL,0,1,NULL,'2024-12-26 15:23:12.000000','2024-12-26 15:23:12'),(14,2,2,NULL,0,1,NULL,'2024-12-26 15:23:12.000000','2024-12-26 15:23:12'),(15,2,5,NULL,90,1,NULL,'2024-12-26 15:23:12.000000','2024-12-26 15:23:12'),(16,2,6,NULL,0,1,NULL,'2024-12-26 15:23:12.000000','2024-12-26 15:23:12'),(17,2,7,NULL,5,1,NULL,'2024-12-26 15:23:12.000000','2024-12-26 15:23:12'),(18,2,8,NULL,0,1,NULL,'2024-12-26 15:23:12.000000','2024-12-26 15:23:12'),(19,2,9,NULL,0,1,NULL,'2024-12-26 15:23:12.000000','2024-12-26 15:23:12'),(20,2,10,NULL,0,1,NULL,'2024-12-26 15:23:12.000000','2024-12-26 15:23:12'),(21,2,11,NULL,0,1,NULL,'2024-12-26 15:23:12.000000','2024-12-26 15:23:12'),(22,2,12,NULL,0,1,NULL,'2024-12-26 15:23:12.000000','2024-12-26 15:23:12'),(23,2,13,NULL,0,1,NULL,'2024-12-26 15:23:12.000000','2024-12-26 15:23:12'),(24,2,14,NULL,5,1,NULL,'2024-12-26 15:23:12.000000','2024-12-26 15:23:12'),(25,3,2,NULL,0,1,NULL,NULL,NULL),(26,3,5,NULL,0,1,NULL,NULL,NULL),(27,3,6,NULL,0,1,NULL,NULL,NULL),(28,3,7,NULL,1,1,NULL,'2025-01-03 19:49:54.000000',NULL),(29,3,8,NULL,0,1,NULL,NULL,NULL),(30,3,9,NULL,0,1,NULL,NULL,NULL),(31,3,10,NULL,0,1,NULL,NULL,NULL),(32,3,11,NULL,0,1,NULL,NULL,NULL),(33,3,12,NULL,0,1,NULL,NULL,NULL),(34,4,2,NULL,0,1,NULL,NULL,NULL),(35,4,5,NULL,0,1,NULL,NULL,NULL),(36,4,6,NULL,0,1,NULL,NULL,NULL),(37,4,7,NULL,0,1,NULL,'2025-01-07 13:23:30.000000',NULL),(38,4,8,NULL,0,1,NULL,NULL,NULL),(39,4,9,NULL,0,1,NULL,NULL,NULL),(40,4,10,NULL,0,1,NULL,NULL,NULL),(41,4,11,NULL,0,1,NULL,NULL,NULL),(42,4,12,NULL,0,1,NULL,NULL,NULL),(43,5,2,NULL,0,1,NULL,NULL,NULL),(44,5,5,NULL,0,1,NULL,NULL,NULL),(45,5,6,NULL,0,1,NULL,NULL,NULL),(46,5,7,NULL,0,1,NULL,'2025-01-15 20:02:09.000000',NULL),(47,5,8,NULL,0,1,NULL,NULL,NULL),(48,5,9,NULL,0,1,NULL,NULL,NULL),(49,5,10,NULL,0,1,NULL,NULL,NULL),(50,5,11,NULL,0,1,NULL,NULL,NULL),(51,5,12,NULL,0,1,NULL,NULL,NULL),(52,6,2,NULL,0,1,NULL,NULL,NULL),(53,6,5,NULL,0,1,NULL,NULL,NULL),(54,6,6,NULL,0,1,NULL,NULL,NULL),(55,6,7,NULL,1,1,NULL,'2024-12-26 20:54:29.000000',NULL),(56,6,8,NULL,0,1,NULL,NULL,NULL),(57,6,9,NULL,0,1,NULL,NULL,NULL),(58,6,10,NULL,0,1,NULL,NULL,NULL),(59,6,11,NULL,0,1,NULL,NULL,NULL),(60,6,12,NULL,0,1,NULL,NULL,NULL),(61,7,2,NULL,0,1,NULL,NULL,NULL),(62,7,5,NULL,0,1,NULL,NULL,NULL),(63,7,6,NULL,0,1,NULL,NULL,NULL),(64,7,7,NULL,1,1,NULL,'2024-12-26 20:57:41.000000',NULL),(65,7,8,NULL,0,1,NULL,NULL,NULL),(66,7,9,NULL,0,1,NULL,NULL,NULL),(67,7,10,NULL,0,1,NULL,NULL,NULL),(68,7,11,NULL,0,1,NULL,NULL,NULL),(69,7,12,NULL,0,1,NULL,NULL,NULL),(70,8,2,NULL,0,1,NULL,NULL,NULL),(71,8,5,NULL,2,1,NULL,'2025-01-07 21:56:22.000000',NULL),(72,8,6,NULL,0,1,NULL,NULL,NULL),(73,8,7,NULL,1,1,NULL,'2024-12-26 21:05:41.000000',NULL),(74,8,8,NULL,0,1,NULL,NULL,NULL),(75,8,9,NULL,0,1,NULL,NULL,NULL),(76,8,10,NULL,0,1,NULL,NULL,NULL),(77,8,11,NULL,0,1,NULL,NULL,NULL),(78,8,12,NULL,0,1,NULL,NULL,NULL),(79,9,2,NULL,0,1,NULL,NULL,NULL),(80,9,5,NULL,1,1,NULL,'2025-01-07 21:53:34.000000',NULL),(81,9,6,NULL,0,1,NULL,NULL,NULL),(82,9,7,NULL,3,1,NULL,'2025-01-03 19:42:42.000000',NULL),(83,9,8,NULL,0,1,NULL,NULL,NULL),(84,9,9,NULL,0,1,NULL,NULL,NULL),(85,9,10,NULL,0,1,NULL,NULL,NULL),(86,9,11,NULL,0,1,NULL,NULL,NULL),(87,9,12,NULL,0,1,NULL,NULL,NULL),(88,10,2,NULL,0,1,NULL,NULL,NULL),(89,10,5,NULL,0,1,NULL,NULL,NULL),(90,10,6,NULL,0,1,NULL,NULL,NULL),(91,10,7,NULL,0,1,NULL,'2025-01-17 18:35:28.000000',NULL),(92,10,8,NULL,0,1,NULL,NULL,NULL),(93,10,9,NULL,0,1,NULL,NULL,NULL),(94,10,10,NULL,0,1,NULL,NULL,NULL),(95,10,11,NULL,0,1,NULL,NULL,NULL),(96,10,12,NULL,0,1,NULL,NULL,NULL),(97,11,2,NULL,0,1,NULL,NULL,NULL),(98,11,5,NULL,0,1,NULL,NULL,NULL),(99,11,6,NULL,0,1,NULL,NULL,NULL),(100,11,7,NULL,1,1,NULL,'2024-12-26 21:38:49.000000',NULL),(101,11,8,NULL,0,1,NULL,NULL,NULL),(102,11,9,NULL,0,1,NULL,NULL,NULL),(103,11,10,NULL,0,1,NULL,NULL,NULL),(104,11,11,NULL,0,1,NULL,NULL,NULL),(105,11,12,NULL,0,1,NULL,NULL,NULL),(106,12,2,NULL,0,1,NULL,NULL,NULL),(107,12,5,NULL,0,1,NULL,NULL,NULL),(108,12,6,NULL,0,1,NULL,NULL,NULL),(109,12,7,NULL,1,1,NULL,'2024-12-26 21:42:57.000000',NULL),(110,12,8,NULL,0,1,NULL,NULL,NULL),(111,12,9,NULL,0,1,NULL,NULL,NULL),(112,12,10,NULL,0,1,NULL,NULL,NULL),(113,12,11,NULL,0,1,NULL,NULL,NULL),(114,12,12,NULL,0,1,NULL,NULL,NULL),(115,13,2,NULL,0,1,NULL,NULL,NULL),(116,13,5,NULL,0,1,NULL,NULL,NULL),(117,13,6,NULL,0,1,NULL,NULL,NULL),(118,13,7,NULL,1,1,NULL,'2024-12-26 21:47:26.000000',NULL),(119,13,8,NULL,0,1,NULL,NULL,NULL),(120,13,9,NULL,0,1,NULL,NULL,NULL),(121,13,10,NULL,0,1,NULL,NULL,NULL),(122,13,11,NULL,0,1,NULL,NULL,NULL),(123,13,12,NULL,0,1,NULL,NULL,NULL),(124,14,2,NULL,0,1,NULL,NULL,NULL),(125,14,5,NULL,2,1,NULL,'2025-01-07 22:43:48.000000',NULL),(126,14,6,NULL,0,1,NULL,NULL,NULL),(127,14,7,NULL,0,1,NULL,NULL,NULL),(128,14,8,NULL,4,1,NULL,'2025-01-14 12:47:05.000000',NULL),(129,14,9,NULL,0,1,NULL,NULL,NULL),(130,14,10,NULL,0,1,NULL,NULL,NULL),(131,14,11,NULL,0,1,NULL,NULL,NULL),(132,14,12,NULL,0,1,NULL,NULL,NULL),(133,15,2,NULL,0,1,NULL,NULL,NULL),(134,15,5,NULL,4,1,NULL,'2025-01-07 22:28:24.000000',NULL),(135,15,6,NULL,0,1,NULL,NULL,NULL),(136,15,7,NULL,4,1,NULL,'2024-12-26 22:01:17.000000',NULL),(137,15,8,NULL,1,1,NULL,'2025-01-13 20:07:55.000000',NULL),(138,15,9,NULL,0,1,NULL,NULL,NULL),(139,15,10,NULL,0,1,NULL,NULL,NULL),(140,15,11,NULL,0,1,NULL,NULL,NULL),(141,15,12,NULL,0,1,NULL,NULL,NULL),(142,16,2,NULL,0,1,NULL,NULL,NULL),(143,16,5,NULL,108,1,NULL,'2025-01-07 21:51:29.000000',NULL),(144,16,6,NULL,0,1,NULL,NULL,NULL),(145,16,7,NULL,1,1,NULL,'2024-12-27 12:16:33.000000',NULL),(146,16,8,NULL,1,1,NULL,'2025-01-14 13:10:56.000000',NULL),(147,16,9,NULL,0,1,NULL,NULL,NULL),(148,16,10,NULL,0,1,NULL,NULL,NULL),(149,16,11,NULL,0,1,NULL,NULL,NULL),(150,16,12,NULL,0,1,NULL,NULL,NULL),(151,17,2,NULL,0,1,NULL,NULL,NULL),(152,17,5,NULL,310,1,NULL,'2025-01-07 12:01:13.000000',NULL),(153,17,6,NULL,0,1,NULL,NULL,NULL),(154,17,7,NULL,0,1,NULL,NULL,NULL),(155,17,8,NULL,1,1,NULL,'2025-01-14 13:10:56.000000',NULL),(156,17,9,NULL,0,1,NULL,NULL,NULL),(157,17,10,NULL,0,1,NULL,NULL,NULL),(158,17,11,NULL,0,1,NULL,NULL,NULL),(159,17,12,NULL,0,1,NULL,NULL,NULL),(160,18,2,NULL,0,1,NULL,NULL,NULL),(161,18,5,NULL,29,1,NULL,'2025-01-09 17:46:06.000000',NULL),(162,18,6,NULL,0,1,NULL,NULL,NULL),(163,18,7,NULL,1,1,NULL,'2025-01-03 14:27:18.000000',NULL),(164,18,8,NULL,2,1,NULL,'2025-01-14 13:10:56.000000',NULL),(165,18,9,NULL,0,1,NULL,NULL,NULL),(166,18,10,NULL,0,1,NULL,NULL,NULL),(167,18,11,NULL,0,1,NULL,NULL,NULL),(168,18,12,NULL,0,1,NULL,NULL,NULL),(169,19,2,NULL,0,1,NULL,NULL,NULL),(170,19,5,NULL,0,1,NULL,NULL,NULL),(171,19,6,NULL,0,1,NULL,NULL,NULL),(172,19,7,NULL,10,1,NULL,'2024-12-27 12:31:01.000000',NULL),(173,19,8,NULL,0,1,NULL,NULL,NULL),(174,19,9,NULL,0,1,NULL,NULL,NULL),(175,19,10,NULL,0,1,NULL,NULL,NULL),(176,19,11,NULL,0,1,NULL,NULL,NULL),(177,19,12,NULL,0,1,NULL,NULL,NULL),(178,20,2,NULL,0,1,NULL,NULL,NULL),(179,20,5,NULL,0,1,NULL,NULL,NULL),(180,20,6,NULL,0,1,NULL,NULL,NULL),(181,20,7,NULL,3,1,NULL,'2024-12-27 12:34:47.000000',NULL),(182,20,8,NULL,0,1,NULL,NULL,NULL),(183,20,9,NULL,0,1,NULL,NULL,NULL),(184,20,10,NULL,0,1,NULL,NULL,NULL),(185,20,11,NULL,0,1,NULL,NULL,NULL),(186,20,12,NULL,0,1,NULL,NULL,NULL),(187,21,2,NULL,0,1,NULL,NULL,NULL),(188,21,5,NULL,0,1,NULL,NULL,NULL),(189,21,6,NULL,0,1,NULL,NULL,NULL),(190,21,7,NULL,2,1,NULL,'2024-12-27 13:15:06.000000',NULL),(191,21,8,NULL,0,1,NULL,NULL,NULL),(192,21,9,NULL,0,1,NULL,NULL,NULL),(193,21,10,NULL,0,1,NULL,NULL,NULL),(194,21,11,NULL,0,1,NULL,NULL,NULL),(195,21,12,NULL,0,1,NULL,NULL,NULL),(196,22,2,NULL,0,1,NULL,NULL,NULL),(197,22,5,NULL,0,1,NULL,NULL,NULL),(198,22,6,NULL,0,1,NULL,NULL,NULL),(199,22,7,NULL,1,1,NULL,'2024-12-27 13:32:59.000000',NULL),(200,22,8,NULL,0,1,NULL,NULL,NULL),(201,22,9,NULL,0,1,NULL,NULL,NULL),(202,22,10,NULL,0,1,NULL,NULL,NULL),(203,22,11,NULL,0,1,NULL,NULL,NULL),(204,22,12,NULL,0,1,NULL,NULL,NULL),(205,23,2,NULL,0,1,NULL,NULL,NULL),(206,23,5,NULL,1,1,NULL,'2025-01-07 21:16:07.000000',NULL),(207,23,6,NULL,0,1,NULL,NULL,NULL),(208,23,7,NULL,0,1,NULL,'2025-01-09 16:33:22.000000',NULL),(209,23,8,NULL,0,1,NULL,'2025-01-03 19:54:20.000000',NULL),(210,23,9,NULL,0,1,NULL,NULL,NULL),(211,23,10,NULL,0,1,NULL,NULL,NULL),(212,23,11,NULL,0,1,NULL,'2025-01-03 19:54:20.000000',NULL),(213,23,12,NULL,0,1,NULL,NULL,NULL),(214,24,2,NULL,0,1,NULL,NULL,NULL),(215,24,5,NULL,0,1,NULL,NULL,NULL),(216,24,6,NULL,0,1,NULL,NULL,NULL),(217,24,7,NULL,1,1,NULL,'2024-12-27 13:35:23.000000',NULL),(218,24,8,NULL,1,1,NULL,'2025-01-13 17:35:59.000000',NULL),(219,24,9,NULL,0,1,NULL,NULL,NULL),(220,24,10,NULL,0,1,NULL,NULL,NULL),(221,24,11,NULL,0,1,NULL,NULL,NULL),(222,24,12,NULL,0,1,NULL,NULL,NULL),(223,25,2,NULL,0,1,NULL,NULL,NULL),(224,25,5,NULL,2,1,NULL,'2025-01-07 22:31:12.000000',NULL),(225,25,6,NULL,0,1,NULL,NULL,NULL),(226,25,7,NULL,14,1,NULL,'2025-01-09 12:43:35.000000',NULL),(227,25,8,NULL,1,1,NULL,'2025-01-14 13:57:00.000000',NULL),(228,25,9,NULL,0,1,NULL,NULL,NULL),(229,25,10,NULL,0,1,NULL,NULL,NULL),(230,25,11,NULL,0,1,NULL,NULL,NULL),(231,25,12,NULL,0,1,NULL,NULL,NULL),(232,26,2,NULL,0,1,NULL,'2024-12-27 14:18:12.000000','2024-12-27 14:18:12'),(233,26,5,NULL,0,1,NULL,'2024-12-27 14:18:12.000000','2024-12-27 14:18:12'),(234,26,6,NULL,0,1,NULL,'2024-12-27 14:18:12.000000','2024-12-27 14:18:12'),(235,26,7,NULL,0,1,NULL,'2024-12-27 14:18:12.000000','2024-12-27 14:18:12'),(236,26,8,NULL,0,1,NULL,'2024-12-27 14:18:12.000000','2024-12-27 14:18:12'),(237,26,9,NULL,0,1,NULL,'2024-12-27 14:18:12.000000','2024-12-27 14:18:12'),(238,26,10,NULL,0,1,NULL,'2024-12-27 14:18:12.000000','2024-12-27 14:18:12'),(239,26,11,NULL,0,1,NULL,'2024-12-27 14:18:12.000000','2024-12-27 14:18:12'),(240,26,12,NULL,0,1,NULL,'2024-12-27 14:18:12.000000','2024-12-27 14:18:12'),(241,27,2,NULL,0,1,NULL,NULL,NULL),(242,27,5,NULL,6,1,NULL,'2025-01-07 21:16:07.000000',NULL),(243,27,6,NULL,0,1,NULL,NULL,NULL),(244,27,7,NULL,0,1,NULL,NULL,NULL),(245,27,8,NULL,1,1,NULL,'2025-01-14 13:57:00.000000',NULL),(246,27,9,NULL,0,1,NULL,NULL,NULL),(247,27,10,NULL,0,1,NULL,NULL,NULL),(248,27,11,NULL,0,1,NULL,NULL,NULL),(249,27,12,NULL,0,1,NULL,NULL,NULL),(250,28,2,NULL,0,1,NULL,NULL,NULL),(251,28,5,NULL,0,1,NULL,NULL,NULL),(252,28,6,NULL,0,1,NULL,NULL,NULL),(253,28,7,NULL,3,1,NULL,'2024-12-27 15:06:58.000000',NULL),(254,28,8,NULL,2,1,NULL,'2025-01-14 13:57:00.000000',NULL),(255,28,9,NULL,0,1,NULL,NULL,NULL),(256,28,10,NULL,0,1,NULL,NULL,NULL),(257,28,11,NULL,0,1,NULL,NULL,NULL),(258,28,12,NULL,0,1,NULL,NULL,NULL),(259,29,2,NULL,0,1,NULL,NULL,NULL),(260,29,5,NULL,0,1,NULL,NULL,NULL),(261,29,6,NULL,0,1,NULL,NULL,NULL),(262,29,7,NULL,11,1,NULL,'2025-01-07 21:12:50.000000',NULL),(263,29,8,NULL,0,1,NULL,NULL,NULL),(264,29,9,NULL,0,1,NULL,NULL,NULL),(265,29,10,NULL,0,1,NULL,NULL,NULL),(266,29,11,NULL,0,1,NULL,NULL,NULL),(267,29,12,NULL,0,1,NULL,NULL,NULL),(268,30,2,NULL,0,1,NULL,NULL,NULL),(269,30,5,NULL,14,1,NULL,'2025-01-07 21:16:07.000000',NULL),(270,30,6,NULL,0,1,NULL,NULL,NULL),(271,30,7,NULL,1,1,NULL,'2024-12-27 15:37:15.000000',NULL),(272,30,8,NULL,1.5,1,NULL,'2025-01-14 13:57:00.000000',NULL),(273,30,9,NULL,0,1,NULL,NULL,NULL),(274,30,10,NULL,0,1,NULL,NULL,NULL),(275,30,11,NULL,0,1,NULL,NULL,NULL),(276,30,12,NULL,0,1,NULL,NULL,NULL),(277,31,2,NULL,0,1,NULL,NULL,NULL),(278,31,5,NULL,24,1,NULL,'2025-01-08 15:18:19.000000',NULL),(279,31,6,NULL,0,1,NULL,NULL,NULL),(280,31,7,NULL,3,1,NULL,'2024-12-27 17:58:35.000000',NULL),(281,31,8,NULL,1,1,NULL,'2025-01-14 13:57:00.000000',NULL),(282,31,9,NULL,0,1,NULL,NULL,NULL),(283,31,10,NULL,0,1,NULL,NULL,NULL),(284,31,11,NULL,0,1,NULL,NULL,NULL),(285,31,12,NULL,0,1,NULL,NULL,NULL),(286,32,2,NULL,0,1,NULL,NULL,NULL),(287,32,5,NULL,40,1,NULL,'2025-01-08 15:21:14.000000',NULL),(288,32,6,NULL,0,1,NULL,NULL,NULL),(289,32,7,NULL,2,1,NULL,'2024-12-27 18:02:44.000000',NULL),(290,32,8,NULL,0,1,NULL,NULL,NULL),(291,32,9,NULL,0,1,NULL,NULL,NULL),(292,32,10,NULL,0,1,NULL,NULL,NULL),(293,32,11,NULL,0,1,NULL,NULL,NULL),(294,32,12,NULL,0,1,NULL,NULL,NULL),(295,33,2,NULL,0,1,NULL,NULL,NULL),(296,33,5,NULL,0.5,1,NULL,'2025-01-08 13:45:25.000000',NULL),(297,33,6,NULL,0,1,NULL,NULL,NULL),(298,33,7,NULL,2558,1,NULL,'2024-12-27 18:32:11.000000',NULL),(299,33,8,NULL,0,1,NULL,NULL,NULL),(300,33,9,NULL,0,1,NULL,NULL,NULL),(301,33,10,NULL,0,1,NULL,NULL,NULL),(302,33,11,NULL,0,1,NULL,NULL,NULL),(303,33,12,NULL,0,1,NULL,NULL,NULL),(304,34,2,NULL,0,1,NULL,NULL,NULL),(305,34,5,NULL,1,1,NULL,'2025-01-07 22:44:24.000000',NULL),(306,34,6,NULL,0,1,NULL,NULL,NULL),(307,34,7,NULL,1,1,NULL,'2024-12-28 15:09:27.000000',NULL),(308,34,8,NULL,0,1,NULL,NULL,NULL),(309,34,9,NULL,0,1,NULL,NULL,NULL),(310,34,10,NULL,0,1,NULL,NULL,NULL),(311,34,11,NULL,0,1,NULL,NULL,NULL),(312,34,12,NULL,0,1,NULL,NULL,NULL),(313,35,2,NULL,0,1,NULL,NULL,NULL),(314,35,5,NULL,0,1,NULL,NULL,NULL),(315,35,6,NULL,0,1,NULL,NULL,NULL),(316,35,7,NULL,8,1,NULL,'2024-12-28 16:21:17.000000',NULL),(317,35,8,NULL,0,1,NULL,NULL,NULL),(318,35,9,NULL,0,1,NULL,NULL,NULL),(319,35,10,NULL,0,1,NULL,NULL,NULL),(320,35,11,NULL,0,1,NULL,NULL,NULL),(321,35,12,NULL,0,1,NULL,NULL,NULL),(322,40,2,NULL,0,1,NULL,NULL,NULL),(323,40,5,NULL,0,1,NULL,NULL,NULL),(324,40,6,NULL,0,1,NULL,NULL,NULL),(325,40,7,NULL,1,1,NULL,'2024-12-28 16:28:52.000000',NULL),(326,40,8,NULL,0,1,NULL,NULL,NULL),(327,40,9,NULL,0,1,NULL,NULL,NULL),(328,40,10,NULL,0,1,NULL,NULL,NULL),(329,40,11,NULL,0,1,NULL,NULL,NULL),(330,40,12,NULL,0,1,NULL,NULL,NULL),(331,41,2,NULL,0,1,NULL,NULL,NULL),(332,41,5,NULL,0,1,NULL,NULL,NULL),(333,41,6,NULL,0,1,NULL,NULL,NULL),(334,41,7,NULL,1,1,NULL,'2024-12-28 16:40:14.000000',NULL),(335,41,8,NULL,0,1,NULL,NULL,NULL),(336,41,9,NULL,0,1,NULL,NULL,NULL),(337,41,10,NULL,0,1,NULL,NULL,NULL),(338,41,11,NULL,0,1,NULL,NULL,NULL),(339,41,12,NULL,0,1,NULL,NULL,NULL),(340,42,2,NULL,0,1,NULL,NULL,NULL),(341,42,5,NULL,0,1,NULL,NULL,NULL),(342,42,6,NULL,0,1,NULL,NULL,NULL),(343,42,7,NULL,1,1,NULL,'2024-12-28 16:42:49.000000',NULL),(344,42,8,NULL,0,1,NULL,NULL,NULL),(345,42,9,NULL,0,1,NULL,NULL,NULL),(346,42,10,NULL,0,1,NULL,NULL,NULL),(347,42,11,NULL,0,1,NULL,NULL,NULL),(348,42,12,NULL,0,1,NULL,NULL,NULL),(349,43,2,NULL,0,1,NULL,NULL,NULL),(350,43,5,NULL,14,1,NULL,'2025-01-07 22:41:38.000000',NULL),(351,43,6,NULL,0,1,NULL,NULL,NULL),(352,43,7,NULL,2,1,NULL,'2024-12-28 16:47:06.000000',NULL),(353,43,8,NULL,0,1,NULL,NULL,NULL),(354,43,9,NULL,0,1,NULL,NULL,NULL),(355,43,10,NULL,0,1,NULL,NULL,NULL),(356,43,11,NULL,0,1,NULL,NULL,NULL),(357,43,12,NULL,0,1,NULL,NULL,NULL),(358,44,2,NULL,0,1,NULL,NULL,NULL),(359,44,5,NULL,9,1,NULL,'2025-01-07 22:42:10.000000',NULL),(360,44,6,NULL,0,1,NULL,NULL,NULL),(361,44,7,NULL,1,1,NULL,'2024-12-28 16:51:29.000000',NULL),(362,44,8,NULL,0,1,NULL,NULL,NULL),(363,44,9,NULL,0,1,NULL,NULL,NULL),(364,44,10,NULL,0,1,NULL,NULL,NULL),(365,44,11,NULL,0,1,NULL,NULL,NULL),(366,44,12,NULL,0,1,NULL,NULL,NULL),(367,45,2,NULL,0,1,NULL,NULL,NULL),(368,45,5,NULL,8,1,NULL,'2025-01-07 22:42:44.000000',NULL),(369,45,6,NULL,0,1,NULL,NULL,NULL),(370,45,7,NULL,1,1,NULL,'2024-12-28 16:56:04.000000',NULL),(371,45,8,NULL,1,1,NULL,'2025-01-14 13:39:16.000000',NULL),(372,45,9,NULL,0,1,NULL,NULL,NULL),(373,45,10,NULL,0,1,NULL,NULL,NULL),(374,45,11,NULL,0,1,NULL,NULL,NULL),(375,45,12,NULL,0,1,NULL,NULL,NULL),(376,46,2,NULL,0,1,NULL,NULL,NULL),(377,46,5,NULL,0,1,NULL,NULL,NULL),(378,46,6,NULL,0,1,NULL,NULL,NULL),(379,46,7,NULL,42,1,NULL,'2024-12-28 17:16:14.000000',NULL),(380,46,8,NULL,1,1,NULL,'2025-01-14 14:13:48.000000',NULL),(381,46,9,NULL,0,1,NULL,NULL,NULL),(382,46,10,NULL,0,1,NULL,NULL,NULL),(383,46,11,NULL,0,1,NULL,NULL,NULL),(384,46,12,NULL,0,1,NULL,NULL,NULL),(385,47,2,NULL,0,1,NULL,NULL,NULL),(386,47,5,NULL,0,1,NULL,NULL,NULL),(387,47,6,NULL,0,1,NULL,NULL,NULL),(388,47,7,NULL,0,1,NULL,NULL,NULL),(389,47,8,NULL,1,1,NULL,'2025-01-14 14:26:11.000000',NULL),(390,47,9,NULL,0,1,NULL,NULL,NULL),(391,47,10,NULL,0,1,NULL,NULL,NULL),(392,47,11,NULL,0,1,NULL,NULL,NULL),(393,47,12,NULL,0,1,NULL,NULL,NULL),(394,48,2,NULL,0,1,NULL,NULL,NULL),(395,48,5,NULL,6,1,NULL,'2025-01-09 21:23:59.000000',NULL),(396,48,6,NULL,0,1,NULL,NULL,NULL),(397,48,7,NULL,1,1,NULL,'2024-12-28 17:35:17.000000',NULL),(398,48,8,NULL,1,1,NULL,'2025-01-14 14:33:18.000000',NULL),(399,48,9,NULL,0,1,NULL,NULL,NULL),(400,48,10,NULL,0,1,NULL,NULL,NULL),(401,48,11,NULL,0,1,NULL,NULL,NULL),(402,48,12,NULL,0,1,NULL,NULL,NULL),(403,49,2,NULL,0,1,NULL,NULL,NULL),(404,49,5,NULL,0,1,NULL,NULL,NULL),(405,49,6,NULL,0,1,NULL,NULL,NULL),(406,49,7,NULL,3,1,NULL,'2024-12-28 17:39:49.000000',NULL),(407,49,8,NULL,1,1,NULL,'2025-01-14 14:33:18.000000',NULL),(408,49,9,NULL,0,1,NULL,NULL,NULL),(409,49,10,NULL,0,1,NULL,NULL,NULL),(410,49,11,NULL,0,1,NULL,NULL,NULL),(411,49,12,NULL,0,1,NULL,NULL,NULL),(412,50,2,NULL,0,1,NULL,NULL,NULL),(413,50,5,NULL,249,1,NULL,'2025-01-11 19:33:31.000000',NULL),(414,50,6,NULL,0,1,NULL,NULL,NULL),(415,50,7,NULL,11,1,NULL,'2024-12-28 17:52:32.000000',NULL),(416,50,8,NULL,9,1,NULL,'2025-01-16 12:32:41.000000',NULL),(417,50,9,NULL,0,1,NULL,NULL,NULL),(418,50,10,NULL,0,1,NULL,NULL,NULL),(419,50,11,NULL,0,1,NULL,NULL,NULL),(420,50,12,NULL,0,1,NULL,NULL,NULL),(421,51,2,NULL,0,1,NULL,NULL,NULL),(422,51,5,NULL,0,1,NULL,NULL,NULL),(423,51,6,NULL,0,1,NULL,NULL,NULL),(424,51,7,NULL,6,1,NULL,'2025-01-03 14:20:24.000000',NULL),(425,51,8,NULL,0,1,NULL,NULL,NULL),(426,51,9,NULL,0,1,NULL,NULL,NULL),(427,51,10,NULL,0,1,NULL,NULL,NULL),(428,51,11,NULL,0,1,NULL,NULL,NULL),(429,51,12,NULL,0,1,NULL,NULL,NULL),(430,52,2,NULL,0,1,NULL,NULL,NULL),(431,52,5,NULL,0,1,NULL,NULL,NULL),(432,52,6,NULL,0,1,NULL,NULL,NULL),(433,52,7,NULL,12,1,NULL,'2024-12-30 12:01:25.000000',NULL),(434,52,8,NULL,0,1,NULL,NULL,NULL),(435,52,9,NULL,0,1,NULL,NULL,NULL),(436,52,10,NULL,0,1,NULL,NULL,NULL),(437,52,11,NULL,0,1,NULL,NULL,NULL),(438,52,12,NULL,0,1,NULL,NULL,NULL),(439,53,2,NULL,0,1,NULL,NULL,NULL),(440,53,5,NULL,0,1,NULL,NULL,NULL),(441,53,6,NULL,0,1,NULL,NULL,NULL),(442,53,7,NULL,5,1,NULL,'2024-12-30 12:04:40.000000',NULL),(443,53,8,NULL,0,1,NULL,NULL,NULL),(444,53,9,NULL,0,1,NULL,NULL,NULL),(445,53,10,NULL,0,1,NULL,NULL,NULL),(446,53,11,NULL,0,1,NULL,NULL,NULL),(447,53,12,NULL,0,1,NULL,NULL,NULL),(448,54,2,NULL,0,1,NULL,NULL,NULL),(449,54,5,NULL,0,1,NULL,NULL,NULL),(450,54,6,NULL,0,1,NULL,NULL,NULL),(451,54,7,NULL,3000,1,NULL,'2024-12-30 12:08:47.000000',NULL),(452,54,8,NULL,0,1,NULL,NULL,NULL),(453,54,9,NULL,0,1,NULL,NULL,NULL),(454,54,10,NULL,0,1,NULL,NULL,NULL),(455,54,11,NULL,0,1,NULL,NULL,NULL),(456,54,12,NULL,0,1,NULL,NULL,NULL),(457,55,2,NULL,0,1,NULL,NULL,NULL),(458,55,5,NULL,0,1,NULL,NULL,NULL),(459,55,6,NULL,0,1,NULL,NULL,NULL),(460,55,7,NULL,7968,1,NULL,'2025-01-09 17:15:13.000000',NULL),(461,55,8,NULL,35,1,NULL,'2025-01-14 15:13:32.000000',NULL),(462,55,9,NULL,0,1,NULL,NULL,NULL),(463,55,10,NULL,0,1,NULL,NULL,NULL),(464,55,11,NULL,0,1,NULL,NULL,NULL),(465,55,12,NULL,0,1,NULL,NULL,NULL),(466,56,2,NULL,0,1,NULL,NULL,NULL),(467,56,5,NULL,0,1,NULL,NULL,NULL),(468,56,6,NULL,0,1,NULL,NULL,NULL),(469,56,7,NULL,592,1,NULL,'2024-12-30 12:16:00.000000',NULL),(470,56,8,NULL,10,1,NULL,'2025-01-14 15:13:32.000000',NULL),(471,56,9,NULL,0,1,NULL,NULL,NULL),(472,56,10,NULL,0,1,NULL,NULL,NULL),(473,56,11,NULL,0,1,NULL,NULL,NULL),(474,56,12,NULL,0,1,NULL,NULL,NULL),(475,57,2,NULL,0,1,NULL,NULL,NULL),(476,57,5,NULL,0,1,NULL,NULL,NULL),(477,57,6,NULL,0,1,NULL,NULL,NULL),(478,57,7,NULL,1110,1,NULL,'2024-12-30 12:20:32.000000',NULL),(479,57,8,NULL,0,1,NULL,NULL,NULL),(480,57,9,NULL,0,1,NULL,NULL,NULL),(481,57,10,NULL,0,1,NULL,NULL,NULL),(482,57,11,NULL,0,1,NULL,NULL,NULL),(483,57,12,NULL,0,1,NULL,NULL,NULL),(484,58,2,NULL,0,1,NULL,NULL,NULL),(485,58,5,NULL,0,1,NULL,NULL,NULL),(486,58,6,NULL,0,1,NULL,NULL,NULL),(487,58,7,NULL,9,1,NULL,'2024-12-30 12:27:18.000000',NULL),(488,58,8,NULL,2,1,NULL,'2025-01-15 14:10:11.000000',NULL),(489,58,9,NULL,0,1,NULL,NULL,NULL),(490,58,10,NULL,0,1,NULL,NULL,NULL),(491,58,11,NULL,0,1,NULL,NULL,NULL),(492,58,12,NULL,0,1,NULL,NULL,NULL),(493,59,2,NULL,0,1,NULL,NULL,NULL),(494,59,5,NULL,0,1,NULL,NULL,NULL),(495,59,6,NULL,0,1,NULL,NULL,NULL),(496,59,7,NULL,2,1,NULL,'2024-12-30 12:31:08.000000',NULL),(497,59,8,NULL,0,1,NULL,NULL,NULL),(498,59,9,NULL,0,1,NULL,NULL,NULL),(499,59,10,NULL,0,1,NULL,NULL,NULL),(500,59,11,NULL,0,1,NULL,NULL,NULL),(501,59,12,NULL,0,1,NULL,NULL,NULL),(502,60,2,NULL,0,1,NULL,NULL,NULL),(503,60,5,NULL,0,1,NULL,NULL,NULL),(504,60,6,NULL,0,1,NULL,NULL,NULL),(505,60,7,NULL,1,1,NULL,'2024-12-30 12:35:43.000000',NULL),(506,60,8,NULL,1,1,NULL,'2025-01-15 12:11:48.000000',NULL),(507,60,9,NULL,0,1,NULL,NULL,NULL),(508,60,10,NULL,0,1,NULL,NULL,NULL),(509,60,11,NULL,0,1,NULL,NULL,NULL),(510,60,12,NULL,0,1,NULL,NULL,NULL),(511,61,2,NULL,0,1,NULL,NULL,NULL),(512,61,5,NULL,2,1,NULL,'2025-01-09 17:41:19.000000',NULL),(513,61,6,NULL,0,1,NULL,NULL,NULL),(514,61,7,NULL,1,1,NULL,'2024-12-30 12:48:16.000000',NULL),(515,61,8,NULL,0,1,NULL,NULL,NULL),(516,61,9,NULL,0,1,NULL,NULL,NULL),(517,61,10,NULL,0,1,NULL,NULL,NULL),(518,61,11,NULL,0,1,NULL,NULL,NULL),(519,61,12,NULL,0,1,NULL,NULL,NULL),(520,62,2,NULL,0,1,NULL,NULL,NULL),(521,62,5,NULL,0,1,NULL,NULL,NULL),(522,62,6,NULL,0,1,NULL,NULL,NULL),(523,62,7,NULL,4,1,NULL,'2024-12-30 12:50:23.000000',NULL),(524,62,8,NULL,1,1,NULL,'2025-01-15 12:11:48.000000',NULL),(525,62,9,NULL,0,1,NULL,NULL,NULL),(526,62,10,NULL,0,1,NULL,NULL,NULL),(527,62,11,NULL,0,1,NULL,NULL,NULL),(528,62,12,NULL,0,1,NULL,NULL,NULL),(529,63,2,NULL,0,1,NULL,NULL,NULL),(530,63,5,NULL,0,1,NULL,NULL,NULL),(531,63,6,NULL,0,1,NULL,NULL,NULL),(532,63,7,NULL,2,1,NULL,'2024-12-30 12:53:00.000000',NULL),(533,63,8,NULL,0,1,NULL,NULL,NULL),(534,63,9,NULL,0,1,NULL,NULL,NULL),(535,63,10,NULL,0,1,NULL,NULL,NULL),(536,63,11,NULL,0,1,NULL,NULL,NULL),(537,63,12,NULL,0,1,NULL,NULL,NULL),(538,64,2,NULL,0,1,NULL,NULL,NULL),(539,64,5,NULL,0,1,NULL,NULL,NULL),(540,64,6,NULL,0,1,NULL,NULL,NULL),(541,64,7,NULL,4,1,NULL,'2025-01-11 14:42:14.000000',NULL),(542,64,8,NULL,0,1,NULL,NULL,NULL),(543,64,9,NULL,0,1,NULL,NULL,NULL),(544,64,10,NULL,0,1,NULL,NULL,NULL),(545,64,11,NULL,0,1,NULL,NULL,NULL),(546,64,12,NULL,0,1,NULL,NULL,NULL),(547,65,2,NULL,0,1,NULL,NULL,NULL),(548,65,5,NULL,0,1,NULL,NULL,NULL),(549,65,6,NULL,0,1,NULL,NULL,NULL),(550,65,7,NULL,1,1,NULL,'2024-12-30 13:01:50.000000',NULL),(551,65,8,NULL,0,1,NULL,NULL,NULL),(552,65,9,NULL,0,1,NULL,NULL,NULL),(553,65,10,NULL,0,1,NULL,NULL,NULL),(554,65,11,NULL,0,1,NULL,NULL,NULL),(555,65,12,NULL,0,1,NULL,NULL,NULL),(556,66,2,NULL,0,1,NULL,NULL,NULL),(557,66,5,NULL,0,1,NULL,NULL,NULL),(558,66,6,NULL,0,1,NULL,NULL,NULL),(559,66,7,NULL,2,1,NULL,'2025-01-09 21:53:25.000000',NULL),(560,66,8,NULL,0,1,NULL,NULL,NULL),(561,66,9,NULL,0,1,NULL,NULL,NULL),(562,66,10,NULL,0,1,NULL,NULL,NULL),(563,66,11,NULL,0,1,NULL,NULL,NULL),(564,66,12,NULL,0,1,NULL,NULL,NULL),(565,67,2,NULL,0,1,NULL,NULL,NULL),(566,67,5,NULL,0,1,NULL,NULL,NULL),(567,67,6,NULL,0,1,NULL,NULL,NULL),(568,67,7,NULL,1,1,NULL,'2024-12-30 13:09:32.000000',NULL),(569,67,8,NULL,0,1,NULL,NULL,NULL),(570,67,9,NULL,0,1,NULL,NULL,NULL),(571,67,10,NULL,0,1,NULL,NULL,NULL),(572,67,11,NULL,0,1,NULL,NULL,NULL),(573,67,12,NULL,0,1,NULL,NULL,NULL),(574,68,2,NULL,0,1,NULL,NULL,NULL),(575,68,5,NULL,0,1,NULL,NULL,NULL),(576,68,6,NULL,0,1,NULL,NULL,NULL),(577,68,7,NULL,1,1,NULL,'2024-12-30 13:13:05.000000',NULL),(578,68,8,NULL,0,1,NULL,NULL,NULL),(579,68,9,NULL,0,1,NULL,NULL,NULL),(580,68,10,NULL,0,1,NULL,NULL,NULL),(581,68,11,NULL,0,1,NULL,NULL,NULL),(582,68,12,NULL,0,1,NULL,NULL,NULL),(583,69,2,NULL,0,1,NULL,NULL,NULL),(584,69,5,NULL,0,1,NULL,NULL,NULL),(585,69,6,NULL,0,1,NULL,NULL,NULL),(586,69,7,NULL,3,1,NULL,'2025-01-09 17:34:45.000000',NULL),(587,69,8,NULL,0,1,NULL,NULL,NULL),(588,69,9,NULL,0,1,NULL,NULL,NULL),(589,69,10,NULL,0,1,NULL,NULL,NULL),(590,69,11,NULL,0,1,NULL,NULL,NULL),(591,69,12,NULL,0,1,NULL,NULL,NULL),(592,70,2,NULL,0,1,NULL,NULL,NULL),(593,70,5,NULL,0,1,NULL,NULL,NULL),(594,70,6,NULL,0,1,NULL,NULL,NULL),(595,70,7,NULL,2,1,NULL,'2024-12-30 13:37:10.000000',NULL),(596,70,8,NULL,0,1,NULL,NULL,NULL),(597,70,9,NULL,0,1,NULL,NULL,NULL),(598,70,10,NULL,0,1,NULL,NULL,NULL),(599,70,11,NULL,0,1,NULL,NULL,NULL),(600,70,12,NULL,0,1,NULL,NULL,NULL),(601,71,2,NULL,0,1,NULL,NULL,NULL),(602,71,5,NULL,0,1,NULL,NULL,NULL),(603,71,6,NULL,0,1,NULL,NULL,NULL),(604,71,7,NULL,1,1,NULL,'2024-12-30 13:40:17.000000',NULL),(605,71,8,NULL,1,1,NULL,'2025-01-15 11:51:13.000000',NULL),(606,71,9,NULL,0,1,NULL,NULL,NULL),(607,71,10,NULL,0,1,NULL,NULL,NULL),(608,71,11,NULL,0,1,NULL,NULL,NULL),(609,71,12,NULL,0,1,NULL,NULL,NULL),(610,72,2,NULL,0,1,NULL,NULL,NULL),(611,72,5,NULL,0,1,NULL,NULL,NULL),(612,72,6,NULL,0,1,NULL,NULL,NULL),(613,72,7,NULL,7,1,NULL,'2025-01-09 17:32:13.000000',NULL),(614,72,8,NULL,11,1,NULL,'2025-01-15 11:51:13.000000',NULL),(615,72,9,NULL,0,1,NULL,NULL,NULL),(616,72,10,NULL,0,1,NULL,NULL,NULL),(617,72,11,NULL,0,1,NULL,NULL,NULL),(618,72,12,NULL,0,1,NULL,NULL,NULL),(619,73,2,NULL,0,1,NULL,NULL,NULL),(620,73,5,NULL,20,1,NULL,'2025-01-07 22:45:06.000000',NULL),(621,73,6,NULL,0,1,NULL,NULL,NULL),(622,73,7,NULL,8,1,NULL,'2025-01-07 21:36:53.000000',NULL),(623,73,8,NULL,10,1,NULL,'2025-01-08 14:46:14.000000',NULL),(624,73,9,NULL,0,1,NULL,NULL,NULL),(625,73,10,NULL,0,1,NULL,NULL,NULL),(626,73,11,NULL,0,1,NULL,'2025-01-08 14:46:14.000000',NULL),(627,73,12,NULL,0,1,NULL,NULL,NULL),(628,74,2,NULL,0,1,NULL,NULL,NULL),(629,74,5,NULL,0,1,NULL,NULL,NULL),(630,74,6,NULL,0,1,NULL,NULL,NULL),(631,74,7,NULL,12,1,NULL,'2025-01-09 17:31:27.000000',NULL),(632,74,8,NULL,0,1,NULL,NULL,NULL),(633,74,9,NULL,0,1,NULL,NULL,NULL),(634,74,10,NULL,0,1,NULL,NULL,NULL),(635,74,11,NULL,0,1,NULL,NULL,NULL),(636,74,12,NULL,0,1,NULL,NULL,NULL),(637,75,2,NULL,0,1,NULL,NULL,NULL),(638,75,5,NULL,0,1,NULL,NULL,NULL),(639,75,6,NULL,0,1,NULL,NULL,NULL),(640,75,7,NULL,10,1,NULL,'2024-12-30 14:13:25.000000',NULL),(641,75,8,NULL,0,1,NULL,NULL,NULL),(642,75,9,NULL,0,1,NULL,NULL,NULL),(643,75,10,NULL,0,1,NULL,NULL,NULL),(644,75,11,NULL,0,1,NULL,NULL,NULL),(645,75,12,NULL,0,1,NULL,NULL,NULL),(646,76,2,NULL,0,1,NULL,NULL,NULL),(647,76,5,NULL,0,1,NULL,NULL,NULL),(648,76,6,NULL,0,1,NULL,NULL,NULL),(649,76,7,NULL,3,1,NULL,'2024-12-30 14:18:09.000000',NULL),(650,76,8,NULL,1,1,NULL,'2025-01-15 12:51:38.000000',NULL),(651,76,9,NULL,0,1,NULL,NULL,NULL),(652,76,10,NULL,0,1,NULL,NULL,NULL),(653,76,11,NULL,0,1,NULL,NULL,NULL),(654,76,12,NULL,0,1,NULL,NULL,NULL),(655,77,2,NULL,0,1,NULL,NULL,NULL),(656,77,5,NULL,0,1,NULL,NULL,NULL),(657,77,6,NULL,0,1,NULL,NULL,NULL),(658,77,7,NULL,8,1,NULL,'2024-12-30 14:30:03.000000',NULL),(659,77,8,NULL,0,1,NULL,NULL,NULL),(660,77,9,NULL,0,1,NULL,NULL,NULL),(661,77,10,NULL,0,1,NULL,NULL,NULL),(662,77,11,NULL,0,1,NULL,NULL,NULL),(663,77,12,NULL,0,1,NULL,NULL,NULL),(664,78,2,NULL,0,1,NULL,NULL,NULL),(665,78,5,NULL,0,1,NULL,NULL,NULL),(666,78,6,NULL,0,1,NULL,NULL,NULL),(667,78,7,NULL,11,1,NULL,'2024-12-30 14:35:44.000000',NULL),(668,78,8,NULL,0,1,NULL,NULL,NULL),(669,78,9,NULL,0,1,NULL,NULL,NULL),(670,78,10,NULL,0,1,NULL,NULL,NULL),(671,78,11,NULL,0,1,NULL,NULL,NULL),(672,78,12,NULL,0,1,NULL,NULL,NULL),(673,79,2,NULL,0,1,NULL,NULL,NULL),(674,79,5,NULL,0,1,NULL,NULL,NULL),(675,79,6,NULL,0,1,NULL,NULL,NULL),(676,79,7,NULL,10,1,NULL,'2024-12-30 14:47:16.000000',NULL),(677,79,8,NULL,0,1,NULL,NULL,NULL),(678,79,9,NULL,0,1,NULL,NULL,NULL),(679,79,10,NULL,0,1,NULL,NULL,NULL),(680,79,11,NULL,0,1,NULL,NULL,NULL),(681,79,12,NULL,0,1,NULL,NULL,NULL),(682,80,2,NULL,0,1,NULL,NULL,NULL),(683,80,5,NULL,0,1,NULL,NULL,NULL),(684,80,6,NULL,0,1,NULL,NULL,NULL),(685,80,7,NULL,6,1,NULL,'2024-12-30 15:23:42.000000',NULL),(686,80,8,NULL,0,1,NULL,NULL,NULL),(687,80,9,NULL,0,1,NULL,NULL,NULL),(688,80,10,NULL,0,1,NULL,NULL,NULL),(689,80,11,NULL,0,1,NULL,NULL,NULL),(690,80,12,NULL,0,1,NULL,NULL,NULL),(691,81,2,NULL,0,1,NULL,NULL,NULL),(692,81,5,NULL,0,1,NULL,NULL,NULL),(693,81,6,NULL,0,1,NULL,NULL,NULL),(694,81,7,NULL,1,1,NULL,'2024-12-30 15:00:58.000000',NULL),(695,81,8,NULL,0,1,NULL,NULL,NULL),(696,81,9,NULL,0,1,NULL,NULL,NULL),(697,81,10,NULL,0,1,NULL,NULL,NULL),(698,81,11,NULL,0,1,NULL,NULL,NULL),(699,81,12,NULL,0,1,NULL,NULL,NULL),(700,82,2,NULL,0,1,NULL,NULL,NULL),(701,82,5,NULL,0,1,NULL,NULL,NULL),(702,82,6,NULL,0,1,NULL,NULL,NULL),(703,82,7,NULL,2,1,NULL,'2024-12-30 15:04:09.000000',NULL),(704,82,8,NULL,0,1,NULL,NULL,NULL),(705,82,9,NULL,0,1,NULL,NULL,NULL),(706,82,10,NULL,0,1,NULL,NULL,NULL),(707,82,11,NULL,0,1,NULL,NULL,NULL),(708,82,12,NULL,0,1,NULL,NULL,NULL),(709,83,2,NULL,0,1,NULL,NULL,NULL),(710,83,5,NULL,0,1,NULL,NULL,NULL),(711,83,6,NULL,0,1,NULL,NULL,NULL),(712,83,7,NULL,8,1,NULL,'2024-12-30 15:06:51.000000',NULL),(713,83,8,NULL,0,1,NULL,NULL,NULL),(714,83,9,NULL,0,1,NULL,NULL,NULL),(715,83,10,NULL,0,1,NULL,NULL,NULL),(716,83,11,NULL,0,1,NULL,NULL,NULL),(717,83,12,NULL,0,1,NULL,NULL,NULL),(718,84,2,NULL,0,1,NULL,NULL,NULL),(719,84,5,NULL,0,1,NULL,NULL,NULL),(720,84,6,NULL,0,1,NULL,NULL,NULL),(721,84,7,NULL,0,1,NULL,NULL,NULL),(722,84,8,NULL,0,1,NULL,NULL,NULL),(723,84,9,NULL,0,1,NULL,NULL,NULL),(724,84,10,NULL,0,1,NULL,NULL,NULL),(725,84,11,NULL,0,1,NULL,NULL,NULL),(726,84,12,NULL,0,1,NULL,NULL,NULL),(727,85,2,NULL,0,1,NULL,NULL,NULL),(728,85,5,NULL,0,1,NULL,NULL,NULL),(729,85,6,NULL,0,1,NULL,NULL,NULL),(730,85,7,NULL,9,1,NULL,'2024-12-30 15:22:34.000000',NULL),(731,85,8,NULL,0,1,NULL,NULL,NULL),(732,85,9,NULL,0,1,NULL,NULL,NULL),(733,85,10,NULL,0,1,NULL,NULL,NULL),(734,85,11,NULL,0,1,NULL,NULL,NULL),(735,85,12,NULL,0,1,NULL,NULL,NULL),(736,86,2,NULL,0,1,NULL,NULL,NULL),(737,86,5,NULL,0,1,NULL,NULL,NULL),(738,86,6,NULL,0,1,NULL,NULL,NULL),(739,86,7,NULL,6,1,NULL,'2024-12-30 15:27:55.000000',NULL),(740,86,8,NULL,0,1,NULL,NULL,NULL),(741,86,9,NULL,0,1,NULL,NULL,NULL),(742,86,10,NULL,0,1,NULL,NULL,NULL),(743,86,11,NULL,0,1,NULL,NULL,NULL),(744,86,12,NULL,0,1,NULL,NULL,NULL),(745,87,2,NULL,0,1,NULL,NULL,NULL),(746,87,5,NULL,0,1,NULL,NULL,NULL),(747,87,6,NULL,0,1,NULL,NULL,NULL),(748,87,7,NULL,2,1,NULL,'2024-12-30 15:30:32.000000',NULL),(749,87,8,NULL,0,1,NULL,NULL,NULL),(750,87,9,NULL,0,1,NULL,NULL,NULL),(751,87,10,NULL,0,1,NULL,NULL,NULL),(752,87,11,NULL,0,1,NULL,NULL,NULL),(753,87,12,NULL,0,1,NULL,NULL,NULL),(754,88,2,NULL,0,1,NULL,'2024-12-30 16:00:12.000000','2024-12-30 16:00:12'),(755,88,5,NULL,0,1,NULL,'2024-12-30 16:00:12.000000','2024-12-30 16:00:12'),(756,88,6,NULL,0,1,NULL,'2024-12-30 16:00:12.000000','2024-12-30 16:00:12'),(757,88,7,NULL,0,1,NULL,'2024-12-30 16:00:12.000000','2024-12-30 16:00:12'),(758,88,8,NULL,0,1,NULL,'2024-12-30 16:00:12.000000','2024-12-30 16:00:12'),(759,88,9,NULL,0,1,NULL,'2024-12-30 16:00:12.000000','2024-12-30 16:00:12'),(760,88,10,NULL,0,1,NULL,'2024-12-30 16:00:12.000000','2024-12-30 16:00:12'),(761,88,11,NULL,0,1,NULL,'2024-12-30 16:00:12.000000','2024-12-30 16:00:12'),(762,88,12,NULL,0,1,NULL,'2024-12-30 16:00:12.000000','2024-12-30 16:00:12'),(763,89,2,NULL,0,1,NULL,NULL,NULL),(764,89,5,NULL,0,1,NULL,NULL,NULL),(765,89,6,NULL,0,1,NULL,NULL,NULL),(766,89,7,NULL,3,1,NULL,'2024-12-30 15:44:43.000000',NULL),(767,89,8,NULL,0,1,NULL,NULL,NULL),(768,89,9,NULL,0,1,NULL,NULL,NULL),(769,89,10,NULL,0,1,NULL,NULL,NULL),(770,89,11,NULL,0,1,NULL,NULL,NULL),(771,89,12,NULL,0,1,NULL,NULL,NULL),(772,90,2,NULL,0,1,NULL,NULL,NULL),(773,90,5,NULL,0,1,NULL,NULL,NULL),(774,90,6,NULL,0,1,NULL,NULL,NULL),(775,90,7,NULL,1,1,NULL,'2025-01-09 16:52:19.000000',NULL),(776,90,8,NULL,0,1,NULL,NULL,NULL),(777,90,9,NULL,0,1,NULL,NULL,NULL),(778,90,10,NULL,0,1,NULL,NULL,NULL),(779,90,11,NULL,0,1,NULL,NULL,NULL),(780,90,12,NULL,0,1,NULL,NULL,NULL),(781,91,2,NULL,0,1,NULL,NULL,NULL),(782,91,5,NULL,0,1,NULL,NULL,NULL),(783,91,6,NULL,0,1,NULL,NULL,NULL),(784,91,7,NULL,4,1,NULL,'2024-12-30 16:06:40.000000',NULL),(785,91,8,NULL,1,1,NULL,'2025-01-15 12:16:39.000000',NULL),(786,91,9,NULL,0,1,NULL,NULL,NULL),(787,91,10,NULL,0,1,NULL,NULL,NULL),(788,91,11,NULL,0,1,NULL,NULL,NULL),(789,91,12,NULL,0,1,NULL,NULL,NULL),(790,92,2,NULL,0,1,NULL,NULL,NULL),(791,92,5,NULL,0,1,NULL,NULL,NULL),(792,92,6,NULL,0,1,NULL,NULL,NULL),(793,92,7,NULL,9,1,NULL,'2025-01-09 16:50:38.000000',NULL),(794,92,8,NULL,0,1,NULL,NULL,NULL),(795,92,9,NULL,0,1,NULL,NULL,NULL),(796,92,10,NULL,0,1,NULL,NULL,NULL),(797,92,11,NULL,0,1,NULL,NULL,NULL),(798,92,12,NULL,0,1,NULL,NULL,NULL),(799,93,2,NULL,0,1,NULL,NULL,NULL),(800,93,5,NULL,0,1,NULL,NULL,NULL),(801,93,6,NULL,0,1,NULL,NULL,NULL),(802,93,7,NULL,1,1,NULL,'2024-12-30 16:30:51.000000',NULL),(803,93,8,NULL,0,1,NULL,NULL,NULL),(804,93,9,NULL,0,1,NULL,NULL,NULL),(805,93,10,NULL,0,1,NULL,NULL,NULL),(806,93,11,NULL,0,1,NULL,NULL,NULL),(807,93,12,NULL,0,1,NULL,NULL,NULL),(808,94,2,NULL,0,1,NULL,NULL,NULL),(809,94,5,NULL,0,1,NULL,NULL,NULL),(810,94,6,NULL,0,1,NULL,NULL,NULL),(811,94,7,NULL,1,1,NULL,'2024-12-30 16:33:14.000000',NULL),(812,94,8,NULL,0,1,NULL,NULL,NULL),(813,94,9,NULL,0,1,NULL,NULL,NULL),(814,94,10,NULL,0,1,NULL,NULL,NULL),(815,94,11,NULL,0,1,NULL,NULL,NULL),(816,94,12,NULL,0,1,NULL,NULL,NULL),(817,95,2,NULL,0,1,NULL,NULL,NULL),(818,95,5,NULL,0,1,NULL,NULL,NULL),(819,95,6,NULL,0,1,NULL,NULL,NULL),(820,95,7,NULL,1,1,NULL,'2024-12-30 16:39:09.000000',NULL),(821,95,8,NULL,0,1,NULL,NULL,NULL),(822,95,9,NULL,0,1,NULL,NULL,NULL),(823,95,10,NULL,0,1,NULL,NULL,NULL),(824,95,11,NULL,0,1,NULL,NULL,NULL),(825,95,12,NULL,0,1,NULL,NULL,NULL),(826,96,2,NULL,0,1,NULL,NULL,NULL),(827,96,5,NULL,973,1,NULL,'2025-01-10 13:52:41.000000',NULL),(828,96,6,NULL,0,1,NULL,NULL,NULL),(829,96,7,NULL,49,1,NULL,'2024-12-30 16:47:53.000000',NULL),(830,96,8,NULL,386,1,NULL,'2025-01-14 14:53:48.000000',NULL),(831,96,9,NULL,0,1,NULL,NULL,NULL),(832,96,10,NULL,0,1,NULL,NULL,NULL),(833,96,11,NULL,0,1,NULL,NULL,NULL),(834,96,12,NULL,0,1,NULL,NULL,NULL),(835,97,2,NULL,0,1,NULL,NULL,NULL),(836,97,5,NULL,0,1,NULL,NULL,NULL),(837,97,6,NULL,0,1,NULL,NULL,NULL),(838,97,7,NULL,29,1,NULL,'2025-01-09 17:15:13.000000',NULL),(839,97,8,NULL,0,1,NULL,NULL,NULL),(840,97,9,NULL,0,1,NULL,NULL,NULL),(841,97,10,NULL,0,1,NULL,NULL,NULL),(842,97,11,NULL,0,1,NULL,NULL,NULL),(843,97,12,NULL,0,1,NULL,NULL,NULL),(844,98,2,NULL,0,1,NULL,NULL,NULL),(845,98,5,NULL,0,1,NULL,NULL,NULL),(846,98,6,NULL,0,1,NULL,NULL,NULL),(847,98,7,NULL,2,1,NULL,'2024-12-30 17:10:09.000000',NULL),(848,98,8,NULL,0,1,NULL,NULL,NULL),(849,98,9,NULL,0,1,NULL,NULL,NULL),(850,98,10,NULL,0,1,NULL,NULL,NULL),(851,98,11,NULL,0,1,NULL,NULL,NULL),(852,98,12,NULL,0,1,NULL,NULL,NULL),(853,99,2,NULL,0,1,NULL,NULL,NULL),(854,99,5,NULL,0,1,NULL,NULL,NULL),(855,99,6,NULL,0,1,NULL,NULL,NULL),(856,99,7,NULL,2,1,NULL,'2024-12-30 17:16:18.000000',NULL),(857,99,8,NULL,0,1,NULL,NULL,NULL),(858,99,9,NULL,0,1,NULL,NULL,NULL),(859,99,10,NULL,0,1,NULL,NULL,NULL),(860,99,11,NULL,0,1,NULL,NULL,NULL),(861,99,12,NULL,0,1,NULL,NULL,NULL),(862,100,2,NULL,0,1,NULL,NULL,NULL),(863,100,5,NULL,0,1,NULL,NULL,NULL),(864,100,6,NULL,0,1,NULL,NULL,NULL),(865,100,7,NULL,2,1,NULL,'2024-12-30 17:19:28.000000',NULL),(866,100,8,NULL,0,1,NULL,NULL,NULL),(867,100,9,NULL,0,1,NULL,NULL,NULL),(868,100,10,NULL,0,1,NULL,NULL,NULL),(869,100,11,NULL,0,1,NULL,NULL,NULL),(870,100,12,NULL,0,1,NULL,NULL,NULL),(871,101,2,NULL,0,1,NULL,NULL,NULL),(872,101,5,NULL,0,1,NULL,NULL,NULL),(873,101,6,NULL,0,1,NULL,NULL,NULL),(874,101,7,NULL,2,1,NULL,'2024-12-30 17:22:08.000000',NULL),(875,101,8,NULL,30,1,NULL,'2025-01-14 15:12:38.000000',NULL),(876,101,9,NULL,0,1,NULL,NULL,NULL),(877,101,10,NULL,0,1,NULL,NULL,NULL),(878,101,11,NULL,0,1,NULL,NULL,NULL),(879,101,12,NULL,0,1,NULL,NULL,NULL),(880,102,2,NULL,0,1,NULL,NULL,NULL),(881,102,5,NULL,0,1,NULL,NULL,NULL),(882,102,6,NULL,0,1,NULL,NULL,NULL),(883,102,7,NULL,1,1,NULL,'2024-12-30 17:25:42.000000',NULL),(884,102,8,NULL,0,1,NULL,NULL,NULL),(885,102,9,NULL,0,1,NULL,NULL,NULL),(886,102,10,NULL,0,1,NULL,NULL,NULL),(887,102,11,NULL,0,1,NULL,NULL,NULL),(888,102,12,NULL,0,1,NULL,NULL,NULL),(889,103,2,NULL,0,1,NULL,NULL,NULL),(890,103,5,NULL,0,1,NULL,NULL,NULL),(891,103,6,NULL,0,1,NULL,NULL,NULL),(892,103,7,NULL,1,1,NULL,'2024-12-30 17:27:36.000000',NULL),(893,103,8,NULL,0,1,NULL,NULL,NULL),(894,103,9,NULL,0,1,NULL,NULL,NULL),(895,103,10,NULL,0,1,NULL,NULL,NULL),(896,103,11,NULL,0,1,NULL,NULL,NULL),(897,103,12,NULL,0,1,NULL,NULL,NULL),(898,104,2,NULL,0,1,NULL,'2024-12-30 17:34:49.000000','2024-12-30 17:34:49'),(899,104,5,NULL,0,1,NULL,'2024-12-30 17:34:49.000000','2024-12-30 17:34:49'),(900,104,6,NULL,0,1,NULL,'2024-12-30 17:34:49.000000','2024-12-30 17:34:49'),(901,104,7,NULL,0,1,NULL,'2024-12-30 17:34:49.000000','2024-12-30 17:34:49'),(902,104,8,NULL,0,1,NULL,'2024-12-30 17:34:49.000000','2024-12-30 17:34:49'),(903,104,9,NULL,0,1,NULL,'2024-12-30 17:34:49.000000','2024-12-30 17:34:49'),(904,104,10,NULL,0,1,NULL,'2024-12-30 17:34:49.000000','2024-12-30 17:34:49'),(905,104,11,NULL,0,1,NULL,'2024-12-30 17:34:49.000000','2024-12-30 17:34:49'),(906,104,12,NULL,0,1,NULL,'2024-12-30 17:34:49.000000','2024-12-30 17:34:49'),(907,105,2,NULL,0,1,NULL,NULL,NULL),(908,105,5,NULL,0,1,NULL,NULL,NULL),(909,105,6,NULL,0,1,NULL,NULL,NULL),(910,105,7,NULL,0,1,NULL,NULL,NULL),(911,105,8,NULL,0,1,NULL,NULL,NULL),(912,105,9,NULL,0,1,NULL,NULL,NULL),(913,105,10,NULL,0,1,NULL,NULL,NULL),(914,105,11,NULL,0,1,NULL,NULL,NULL),(915,105,12,NULL,0,1,NULL,NULL,NULL),(916,106,2,NULL,0,1,NULL,NULL,NULL),(917,106,5,NULL,0,1,NULL,NULL,NULL),(918,106,6,NULL,0,1,NULL,NULL,NULL),(919,106,7,NULL,0,1,NULL,NULL,NULL),(920,106,8,NULL,0,1,NULL,NULL,NULL),(921,106,9,NULL,0,1,NULL,NULL,NULL),(922,106,10,NULL,0,1,NULL,NULL,NULL),(923,106,11,NULL,0,1,NULL,NULL,NULL),(924,106,12,NULL,0,1,NULL,NULL,NULL),(925,107,2,NULL,0,1,NULL,NULL,NULL),(926,107,5,NULL,0,1,NULL,NULL,NULL),(927,107,6,NULL,0,1,NULL,NULL,NULL),(928,107,7,NULL,0,1,NULL,NULL,NULL),(929,107,8,NULL,0,1,NULL,NULL,NULL),(930,107,9,NULL,0,1,NULL,NULL,NULL),(931,107,10,NULL,0,1,NULL,NULL,NULL),(932,107,11,NULL,0,1,NULL,NULL,NULL),(933,107,12,NULL,0,1,NULL,NULL,NULL),(934,108,2,NULL,0,1,NULL,NULL,NULL),(935,108,5,NULL,0,1,NULL,NULL,NULL),(936,108,6,NULL,0,1,NULL,NULL,NULL),(937,108,7,NULL,4,1,NULL,'2025-01-09 13:03:52.000000',NULL),(938,108,8,NULL,0,1,NULL,NULL,NULL),(939,108,9,NULL,0,1,NULL,NULL,NULL),(940,108,10,NULL,0,1,NULL,NULL,NULL),(941,108,11,NULL,0,1,NULL,NULL,NULL),(942,108,12,NULL,0,1,NULL,NULL,NULL),(943,109,2,NULL,0,1,NULL,NULL,NULL),(944,109,5,NULL,0,1,NULL,NULL,NULL),(945,109,6,NULL,0,1,NULL,NULL,NULL),(946,109,7,NULL,2,1,NULL,'2025-01-09 16:42:22.000000',NULL),(947,109,8,NULL,0,1,NULL,NULL,NULL),(948,109,9,NULL,0,1,NULL,NULL,NULL),(949,109,10,NULL,0,1,NULL,NULL,NULL),(950,109,11,NULL,0,1,NULL,NULL,NULL),(951,109,12,NULL,0,1,NULL,NULL,NULL),(952,110,2,NULL,0,1,NULL,NULL,NULL),(953,110,5,NULL,0,1,NULL,NULL,NULL),(954,110,6,NULL,0,1,NULL,NULL,NULL),(955,110,7,NULL,1,1,NULL,'2024-12-30 19:56:49.000000',NULL),(956,110,8,NULL,0,1,NULL,NULL,NULL),(957,110,9,NULL,0,1,NULL,NULL,NULL),(958,110,10,NULL,0,1,NULL,NULL,NULL),(959,110,11,NULL,0,1,NULL,NULL,NULL),(960,110,12,NULL,0,1,NULL,NULL,NULL),(961,111,2,NULL,0,1,NULL,NULL,NULL),(962,111,5,NULL,0,1,NULL,NULL,NULL),(963,111,6,NULL,0,1,NULL,NULL,NULL),(964,111,7,NULL,1,1,NULL,'2024-12-30 20:06:14.000000',NULL),(965,111,8,NULL,0,1,NULL,NULL,NULL),(966,111,9,NULL,0,1,NULL,NULL,NULL),(967,111,10,NULL,0,1,NULL,NULL,NULL),(968,111,11,NULL,0,1,NULL,NULL,NULL),(969,111,12,NULL,0,1,NULL,NULL,NULL),(970,112,2,NULL,0,1,NULL,NULL,NULL),(971,112,5,NULL,0,1,NULL,NULL,NULL),(972,112,6,NULL,0,1,NULL,NULL,NULL),(973,112,7,NULL,1,1,NULL,'2024-12-30 20:48:18.000000',NULL),(974,112,8,NULL,0,1,NULL,NULL,NULL),(975,112,9,NULL,0,1,NULL,NULL,NULL),(976,112,10,NULL,0,1,NULL,NULL,NULL),(977,112,11,NULL,0,1,NULL,NULL,NULL),(978,112,12,NULL,0,1,NULL,NULL,NULL),(979,113,2,NULL,0,1,NULL,NULL,NULL),(980,113,5,NULL,0,1,NULL,NULL,NULL),(981,113,6,NULL,0,1,NULL,NULL,NULL),(982,113,7,NULL,2,1,NULL,'2025-01-11 17:56:04.000000',NULL),(983,113,8,NULL,0,1,NULL,NULL,NULL),(984,113,9,NULL,0,1,NULL,NULL,NULL),(985,113,10,NULL,0,1,NULL,NULL,NULL),(986,113,11,NULL,0,1,NULL,NULL,NULL),(987,113,12,NULL,0,1,NULL,NULL,NULL),(988,114,2,NULL,0,1,NULL,NULL,NULL),(989,114,5,NULL,0,1,NULL,NULL,NULL),(990,114,6,NULL,0,1,NULL,NULL,NULL),(991,114,7,NULL,0,1,NULL,NULL,NULL),(992,114,8,NULL,0,1,NULL,NULL,NULL),(993,114,9,NULL,0,1,NULL,NULL,NULL),(994,114,10,NULL,0,1,NULL,NULL,NULL),(995,114,11,NULL,0,1,NULL,NULL,NULL),(996,114,12,NULL,0,1,NULL,NULL,NULL),(997,115,2,NULL,0,1,NULL,NULL,NULL),(998,115,5,NULL,0,1,NULL,NULL,NULL),(999,115,6,NULL,0,1,NULL,NULL,NULL),(1000,115,7,NULL,0,1,NULL,NULL,NULL),(1001,115,8,NULL,0,1,NULL,NULL,NULL),(1002,115,9,NULL,0,1,NULL,NULL,NULL),(1003,115,10,NULL,0,1,NULL,NULL,NULL),(1004,115,11,NULL,0,1,NULL,NULL,NULL),(1005,115,12,NULL,0,1,NULL,NULL,NULL),(1006,116,2,NULL,0,1,NULL,NULL,NULL),(1007,116,5,NULL,0,1,NULL,NULL,NULL),(1008,116,6,NULL,0,1,NULL,NULL,NULL),(1009,116,7,NULL,0,1,NULL,NULL,NULL),(1010,116,8,NULL,0,1,NULL,NULL,NULL),(1011,116,9,NULL,0,1,NULL,NULL,NULL),(1012,116,10,NULL,0,1,NULL,NULL,NULL),(1013,116,11,NULL,0,1,NULL,NULL,NULL),(1014,116,12,NULL,0,1,NULL,NULL,NULL),(1015,117,2,NULL,0,1,NULL,NULL,NULL),(1016,117,5,NULL,0,1,NULL,NULL,NULL),(1017,117,6,NULL,0,1,NULL,NULL,NULL),(1018,117,7,NULL,0,1,NULL,NULL,NULL),(1019,117,8,NULL,0,1,NULL,NULL,NULL),(1020,117,9,NULL,0,1,NULL,NULL,NULL),(1021,117,10,NULL,0,1,NULL,NULL,NULL),(1022,117,11,NULL,0,1,NULL,NULL,NULL),(1023,117,12,NULL,0,1,NULL,NULL,NULL),(1024,118,2,NULL,0,1,NULL,NULL,NULL),(1025,118,5,NULL,0,1,NULL,NULL,NULL),(1026,118,6,NULL,0,1,NULL,NULL,NULL),(1027,118,7,NULL,0,1,NULL,NULL,NULL),(1028,118,8,NULL,0,1,NULL,NULL,NULL),(1029,118,9,NULL,0,1,NULL,NULL,NULL),(1030,118,10,NULL,0,1,NULL,NULL,NULL),(1031,118,11,NULL,0,1,NULL,NULL,NULL),(1032,118,12,NULL,0,1,NULL,NULL,NULL),(1033,119,2,NULL,0,1,NULL,NULL,NULL),(1034,119,5,NULL,0,1,NULL,NULL,NULL),(1035,119,6,NULL,0,1,NULL,NULL,NULL),(1036,119,7,NULL,0,1,NULL,NULL,NULL),(1037,119,8,NULL,0,1,NULL,NULL,NULL),(1038,119,9,NULL,0,1,NULL,NULL,NULL),(1039,119,10,NULL,0,1,NULL,NULL,NULL),(1040,119,11,NULL,0,1,NULL,NULL,NULL),(1041,119,12,NULL,0,1,NULL,NULL,NULL),(1042,120,2,NULL,0,1,NULL,NULL,NULL),(1043,120,5,NULL,0,1,NULL,NULL,NULL),(1044,120,6,NULL,0,1,NULL,NULL,NULL),(1045,120,7,NULL,0,1,NULL,NULL,NULL),(1046,120,8,NULL,0,1,NULL,NULL,NULL),(1047,120,9,NULL,0,1,NULL,NULL,NULL),(1048,120,10,NULL,0,1,NULL,NULL,NULL),(1049,120,11,NULL,0,1,NULL,NULL,NULL),(1050,120,12,NULL,0,1,NULL,NULL,NULL),(1051,121,2,NULL,0,1,NULL,NULL,NULL),(1052,121,5,NULL,0,1,NULL,NULL,NULL),(1053,121,6,NULL,0,1,NULL,NULL,NULL),(1054,121,7,NULL,0,1,NULL,NULL,NULL),(1055,121,8,NULL,0,1,NULL,NULL,NULL),(1056,121,9,NULL,0,1,NULL,NULL,NULL),(1057,121,10,NULL,0,1,NULL,NULL,NULL),(1058,121,11,NULL,0,1,NULL,NULL,NULL),(1059,121,12,NULL,0,1,NULL,NULL,NULL),(1060,122,2,NULL,0,1,NULL,NULL,NULL),(1061,122,5,NULL,0,1,NULL,NULL,NULL),(1062,122,6,NULL,0,1,NULL,NULL,NULL),(1063,122,7,NULL,17,1,NULL,'2025-01-09 21:53:25.000000',NULL),(1064,122,8,NULL,0,1,NULL,NULL,NULL),(1065,122,9,NULL,0,1,NULL,NULL,NULL),(1066,122,10,NULL,0,1,NULL,NULL,NULL),(1067,122,11,NULL,0,1,NULL,NULL,NULL),(1068,122,12,NULL,0,1,NULL,NULL,NULL),(1069,123,2,NULL,0,1,NULL,NULL,NULL),(1070,123,5,NULL,0,1,NULL,'2025-01-11 15:01:36.000000',NULL),(1071,123,6,NULL,0,1,NULL,NULL,NULL),(1072,123,7,NULL,0,1,NULL,NULL,NULL),(1073,123,8,NULL,1,1,NULL,'2025-01-11 15:01:36.000000',NULL),(1074,123,9,NULL,0,1,NULL,NULL,NULL),(1075,123,10,NULL,0,1,NULL,NULL,NULL),(1076,123,11,NULL,0,1,NULL,NULL,NULL),(1077,123,12,NULL,0,1,NULL,NULL,NULL),(1078,124,2,NULL,0,1,NULL,NULL,NULL),(1079,124,5,NULL,0,1,NULL,'2025-01-07 21:16:07.000000',NULL),(1080,124,6,NULL,0,1,NULL,NULL,NULL),(1081,124,7,NULL,0,1,NULL,NULL,NULL),(1082,124,8,NULL,0,1,NULL,NULL,NULL),(1083,124,9,NULL,0,1,NULL,NULL,NULL),(1084,124,10,NULL,0,1,NULL,NULL,NULL),(1085,124,11,NULL,0,1,NULL,NULL,NULL),(1086,124,12,NULL,0,1,NULL,NULL,NULL),(1087,125,2,NULL,0,1,NULL,NULL,NULL),(1088,125,5,NULL,1,1,NULL,'2025-01-07 21:16:07.000000',NULL),(1089,125,6,NULL,0,1,NULL,NULL,NULL),(1090,125,7,NULL,0,1,NULL,NULL,NULL),(1091,125,8,NULL,0,1,NULL,NULL,NULL),(1092,125,9,NULL,0,1,NULL,NULL,NULL),(1093,125,10,NULL,0,1,NULL,NULL,NULL),(1094,125,11,NULL,0,1,NULL,NULL,NULL),(1095,125,12,NULL,0,1,NULL,NULL,NULL),(1096,3,15,NULL,0,1,NULL,NULL,NULL),(1097,4,15,NULL,0,1,NULL,NULL,NULL),(1098,5,15,NULL,0,1,NULL,NULL,NULL),(1099,6,15,NULL,0,1,NULL,NULL,NULL),(1100,7,15,NULL,0,1,NULL,NULL,NULL),(1101,8,15,NULL,0,1,NULL,NULL,NULL),(1102,9,15,NULL,0,1,NULL,NULL,NULL),(1103,10,15,NULL,0,1,NULL,NULL,NULL),(1104,11,15,NULL,0,1,NULL,NULL,NULL),(1105,12,15,NULL,0,1,NULL,NULL,NULL),(1106,13,15,NULL,0,1,NULL,NULL,NULL),(1107,14,15,NULL,0,1,NULL,NULL,NULL),(1108,15,15,NULL,0,1,NULL,NULL,NULL),(1109,16,15,NULL,0,1,NULL,NULL,NULL),(1110,17,15,NULL,0,1,NULL,NULL,NULL),(1111,18,15,NULL,0,1,NULL,NULL,NULL),(1112,19,15,NULL,0,1,NULL,NULL,NULL),(1113,20,15,NULL,0,1,NULL,NULL,NULL),(1114,21,15,NULL,0,1,NULL,NULL,NULL),(1115,22,15,NULL,0,1,NULL,NULL,NULL),(1116,23,15,NULL,1,1,NULL,'2025-01-07 21:16:07.000000',NULL),(1117,24,15,NULL,0,1,NULL,NULL,NULL),(1118,25,15,NULL,5,1,NULL,'2025-01-07 21:12:50.000000',NULL),(1119,27,15,NULL,2,1,NULL,'2025-01-07 21:16:07.000000',NULL),(1120,28,15,NULL,0,1,NULL,NULL,NULL),(1121,29,15,NULL,5,1,NULL,'2025-01-07 21:12:50.000000',NULL),(1122,30,15,NULL,1,1,NULL,'2025-01-07 21:16:07.000000',NULL),(1123,31,15,NULL,0,1,NULL,NULL,NULL),(1124,32,15,NULL,0,1,NULL,NULL,NULL),(1125,33,15,NULL,0,1,NULL,NULL,NULL),(1126,34,15,NULL,0,1,NULL,NULL,NULL),(1127,35,15,NULL,0,1,NULL,NULL,NULL),(1128,40,15,NULL,0,1,NULL,NULL,NULL),(1129,41,15,NULL,0,1,NULL,NULL,NULL),(1130,42,15,NULL,0,1,NULL,NULL,NULL),(1131,43,15,NULL,0,1,NULL,NULL,NULL),(1132,44,15,NULL,0,1,NULL,NULL,NULL),(1133,45,15,NULL,0,1,NULL,NULL,NULL),(1134,46,15,NULL,0,1,NULL,NULL,NULL),(1135,47,15,NULL,0,1,NULL,NULL,NULL),(1136,48,15,NULL,0,1,NULL,NULL,NULL),(1137,49,15,NULL,0,1,NULL,NULL,NULL),(1138,50,15,NULL,0,1,NULL,NULL,NULL),(1139,51,15,NULL,0,1,NULL,NULL,NULL),(1140,52,15,NULL,0,1,NULL,NULL,NULL),(1141,53,15,NULL,0,1,NULL,NULL,NULL),(1142,54,15,NULL,0,1,NULL,NULL,NULL),(1143,55,15,NULL,0,1,NULL,NULL,NULL),(1144,56,15,NULL,0,1,NULL,NULL,NULL),(1145,57,15,NULL,0,1,NULL,NULL,NULL),(1146,58,15,NULL,0,1,NULL,NULL,NULL),(1147,59,15,NULL,0,1,NULL,NULL,NULL),(1148,60,15,NULL,0,1,NULL,NULL,NULL),(1149,61,15,NULL,0,1,NULL,NULL,NULL),(1150,62,15,NULL,0,1,NULL,NULL,NULL),(1151,63,15,NULL,0,1,NULL,NULL,NULL),(1152,64,15,NULL,0,1,NULL,NULL,NULL),(1153,65,15,NULL,0,1,NULL,NULL,NULL),(1154,66,15,NULL,0,1,NULL,NULL,NULL),(1155,67,15,NULL,0,1,NULL,NULL,NULL),(1156,68,15,NULL,0,1,NULL,NULL,NULL),(1157,69,15,NULL,0,1,NULL,NULL,NULL),(1158,70,15,NULL,0,1,NULL,NULL,NULL),(1159,71,15,NULL,0,1,NULL,NULL,NULL),(1160,72,15,NULL,0,1,NULL,NULL,NULL),(1161,73,15,NULL,0,1,NULL,NULL,NULL),(1162,74,15,NULL,1,1,NULL,'2025-01-07 21:12:50.000000',NULL),(1163,75,15,NULL,0,1,NULL,NULL,NULL),(1164,76,15,NULL,0,1,NULL,NULL,NULL),(1165,77,15,NULL,0,1,NULL,NULL,NULL),(1166,78,15,NULL,0,1,NULL,NULL,NULL),(1167,79,15,NULL,0,1,NULL,NULL,NULL),(1168,80,15,NULL,0,1,NULL,NULL,NULL),(1169,81,15,NULL,0,1,NULL,NULL,NULL),(1170,82,15,NULL,0,1,NULL,NULL,NULL),(1171,83,15,NULL,0,1,NULL,NULL,NULL),(1172,84,15,NULL,0,1,NULL,NULL,NULL),(1173,85,15,NULL,0,1,NULL,NULL,NULL),(1174,86,15,NULL,0,1,NULL,NULL,NULL),(1175,87,15,NULL,0,1,NULL,NULL,NULL),(1176,89,15,NULL,0,1,NULL,NULL,NULL),(1177,90,15,NULL,0,1,NULL,NULL,NULL),(1178,91,15,NULL,0,1,NULL,NULL,NULL),(1179,92,15,NULL,0,1,NULL,NULL,NULL),(1180,93,15,NULL,0,1,NULL,NULL,NULL),(1181,94,15,NULL,0,1,NULL,NULL,NULL),(1182,95,15,NULL,0,1,NULL,NULL,NULL),(1183,96,15,NULL,0,1,NULL,NULL,NULL),(1184,97,15,NULL,0,1,NULL,NULL,NULL),(1185,98,15,NULL,0,1,NULL,NULL,NULL),(1186,99,15,NULL,0,1,NULL,NULL,NULL),(1187,100,15,NULL,0,1,NULL,NULL,NULL),(1188,101,15,NULL,0,1,NULL,NULL,NULL),(1189,102,15,NULL,0,1,NULL,NULL,NULL),(1190,103,15,NULL,0,1,NULL,NULL,NULL),(1191,105,15,NULL,0,1,NULL,NULL,NULL),(1192,106,15,NULL,0,1,NULL,NULL,NULL),(1193,107,15,NULL,0,1,NULL,NULL,NULL),(1194,108,15,NULL,0,1,NULL,NULL,NULL),(1195,109,15,NULL,0,1,NULL,NULL,NULL),(1196,110,15,NULL,0,1,NULL,NULL,NULL),(1197,111,15,NULL,0,1,NULL,NULL,NULL),(1198,112,15,NULL,0,1,NULL,NULL,NULL),(1199,113,15,NULL,0,1,NULL,NULL,NULL),(1200,114,15,NULL,0,1,NULL,NULL,NULL),(1201,115,15,NULL,0,1,NULL,NULL,NULL),(1202,116,15,NULL,0,1,NULL,NULL,NULL),(1203,117,15,NULL,0,1,NULL,NULL,NULL),(1204,118,15,NULL,0,1,NULL,NULL,NULL),(1205,119,15,NULL,0,1,NULL,NULL,NULL),(1206,120,15,NULL,0,1,NULL,NULL,NULL),(1207,121,15,NULL,0,1,NULL,NULL,NULL),(1208,122,15,NULL,0,1,NULL,NULL,NULL),(1209,123,15,NULL,1,1,NULL,'2025-01-07 21:16:07.000000',NULL),(1210,124,15,NULL,1,1,NULL,'2025-01-07 21:16:07.000000',NULL),(1211,125,15,NULL,1,1,NULL,'2025-01-07 21:16:07.000000',NULL),(1212,126,2,NULL,0,1,NULL,NULL,NULL),(1213,126,5,NULL,0,1,NULL,NULL,NULL),(1214,126,6,NULL,0,1,NULL,NULL,NULL),(1215,126,7,NULL,2,1,NULL,'2025-01-07 21:12:50.000000',NULL),(1216,126,8,NULL,0,1,NULL,NULL,NULL),(1217,126,9,NULL,0,1,NULL,NULL,NULL),(1218,126,10,NULL,0,1,NULL,NULL,NULL),(1219,126,11,NULL,0,1,NULL,NULL,NULL),(1220,126,12,NULL,0,1,NULL,NULL,NULL),(1221,126,15,NULL,1,1,NULL,'2025-01-07 21:12:50.000000',NULL),(1222,127,2,NULL,0,1,NULL,NULL,NULL),(1223,127,5,NULL,0,1,NULL,NULL,NULL),(1224,127,6,NULL,0,1,NULL,NULL,NULL),(1225,127,7,NULL,2,1,NULL,'2025-01-07 21:12:50.000000',NULL),(1226,127,8,NULL,0,1,NULL,NULL,NULL),(1227,127,9,NULL,0,1,NULL,NULL,NULL),(1228,127,10,NULL,0,1,NULL,NULL,NULL),(1229,127,11,NULL,0,1,NULL,NULL,NULL),(1230,127,12,NULL,0,1,NULL,NULL,NULL),(1231,127,15,NULL,1,1,NULL,'2025-01-07 21:12:50.000000',NULL),(1232,128,2,NULL,0,1,NULL,NULL,NULL),(1233,128,5,NULL,160,1,NULL,'2025-01-07 21:49:56.000000',NULL),(1234,128,6,NULL,0,1,NULL,NULL,NULL),(1235,128,7,NULL,0,1,NULL,NULL,NULL),(1236,128,8,NULL,1,1,NULL,'2025-01-14 13:10:56.000000',NULL),(1237,128,9,NULL,0,1,NULL,NULL,NULL),(1238,128,10,NULL,0,1,NULL,NULL,NULL),(1239,128,11,NULL,0,1,NULL,NULL,NULL),(1240,128,12,NULL,0,1,NULL,NULL,NULL),(1241,128,15,NULL,0,1,NULL,NULL,NULL),(1242,129,2,NULL,0,1,NULL,NULL,NULL),(1243,129,5,NULL,2,1,NULL,'2025-01-07 22:00:26.000000',NULL),(1244,129,6,NULL,0,1,NULL,NULL,NULL),(1245,129,7,NULL,0,1,NULL,NULL,NULL),(1246,129,8,NULL,0,1,NULL,NULL,NULL),(1247,129,9,NULL,0,1,NULL,NULL,NULL),(1248,129,10,NULL,0,1,NULL,NULL,NULL),(1249,129,11,NULL,0,1,NULL,NULL,NULL),(1250,129,12,NULL,0,1,NULL,NULL,NULL),(1251,129,15,NULL,0,1,NULL,NULL,NULL),(1252,130,2,NULL,0,1,NULL,NULL,NULL),(1253,130,5,NULL,1,1,NULL,'2025-01-07 22:16:44.000000',NULL),(1254,130,6,NULL,0,1,NULL,NULL,NULL),(1255,130,7,NULL,0,1,NULL,NULL,NULL),(1256,130,8,NULL,0,1,NULL,NULL,NULL),(1257,130,9,NULL,0,1,NULL,NULL,NULL),(1258,130,10,NULL,0,1,NULL,NULL,NULL),(1259,130,11,NULL,0,1,NULL,NULL,NULL),(1260,130,12,NULL,0,1,NULL,NULL,NULL),(1261,130,15,NULL,0,1,NULL,NULL,NULL),(1262,131,2,NULL,0,1,NULL,NULL,NULL),(1263,131,5,NULL,4,1,NULL,'2025-01-07 22:27:07.000000',NULL),(1264,131,6,NULL,0,1,NULL,NULL,NULL),(1265,131,7,NULL,0,1,NULL,NULL,NULL),(1266,131,8,NULL,1,1,NULL,'2025-01-14 13:20:34.000000',NULL),(1267,131,9,NULL,0,1,NULL,NULL,NULL),(1268,131,10,NULL,0,1,NULL,NULL,NULL),(1269,131,11,NULL,0,1,NULL,NULL,NULL),(1270,131,12,NULL,0,1,NULL,NULL,NULL),(1271,131,15,NULL,0,1,NULL,NULL,NULL),(1272,132,2,NULL,0,1,NULL,NULL,NULL),(1273,132,5,NULL,1,1,NULL,'2025-01-07 22:35:30.000000',NULL),(1274,132,6,NULL,0,1,NULL,NULL,NULL),(1275,132,7,NULL,0,1,NULL,NULL,NULL),(1276,132,8,NULL,0,1,NULL,NULL,NULL),(1277,132,9,NULL,0,1,NULL,NULL,NULL),(1278,132,10,NULL,0,1,NULL,NULL,NULL),(1279,132,11,NULL,0,1,NULL,NULL,NULL),(1280,132,12,NULL,0,1,NULL,NULL,NULL),(1281,132,15,NULL,0,1,NULL,NULL,NULL),(1282,133,2,NULL,0,1,NULL,NULL,NULL),(1283,133,5,NULL,78,1,NULL,'2025-01-07 22:39:48.000000',NULL),(1284,133,6,NULL,0,1,NULL,NULL,NULL),(1285,133,7,NULL,3,1,NULL,'2025-01-09 17:35:30.000000',NULL),(1286,133,8,NULL,0,1,NULL,NULL,NULL),(1287,133,9,NULL,0,1,NULL,NULL,NULL),(1288,133,10,NULL,0,1,NULL,NULL,NULL),(1289,133,11,NULL,0,1,NULL,NULL,NULL),(1290,133,12,NULL,0,1,NULL,NULL,NULL),(1291,133,15,NULL,0,1,NULL,NULL,NULL),(1292,134,2,NULL,0,1,NULL,NULL,NULL),(1293,134,5,NULL,1,1,NULL,'2025-01-08 12:14:58.000000',NULL),(1294,134,6,NULL,0,1,NULL,NULL,NULL),(1295,134,7,NULL,0,1,NULL,NULL,NULL),(1296,134,8,NULL,0,1,NULL,NULL,NULL),(1297,134,9,NULL,0,1,NULL,NULL,NULL),(1298,134,10,NULL,0,1,NULL,NULL,NULL),(1299,134,11,NULL,0,1,NULL,NULL,NULL),(1300,134,12,NULL,0,1,NULL,NULL,NULL),(1301,134,15,NULL,0,1,NULL,NULL,NULL),(1302,135,2,NULL,0,1,NULL,NULL,NULL),(1303,135,5,NULL,1,1,NULL,'2025-01-08 12:18:13.000000',NULL),(1304,135,6,NULL,0,1,NULL,NULL,NULL),(1305,135,7,NULL,0,1,NULL,NULL,NULL),(1306,135,8,NULL,0,1,NULL,NULL,NULL),(1307,135,9,NULL,0,1,NULL,NULL,NULL),(1308,135,10,NULL,0,1,NULL,NULL,NULL),(1309,135,11,NULL,0,1,NULL,NULL,NULL),(1310,135,12,NULL,0,1,NULL,NULL,NULL),(1311,135,15,NULL,0,1,NULL,NULL,NULL),(1312,136,2,NULL,0,1,NULL,NULL,NULL),(1313,136,5,NULL,1,1,NULL,'2025-01-08 12:21:32.000000',NULL),(1314,136,6,NULL,0,1,NULL,NULL,NULL),(1315,136,7,NULL,0,1,NULL,NULL,NULL),(1316,136,8,NULL,0,1,NULL,NULL,NULL),(1317,136,9,NULL,0,1,NULL,NULL,NULL),(1318,136,10,NULL,0,1,NULL,NULL,NULL),(1319,136,11,NULL,0,1,NULL,NULL,NULL),(1320,136,12,NULL,0,1,NULL,NULL,NULL),(1321,136,15,NULL,0,1,NULL,NULL,NULL),(1322,137,2,NULL,0,1,NULL,NULL,NULL),(1323,137,5,NULL,2,1,NULL,'2025-01-08 12:31:51.000000',NULL),(1324,137,6,NULL,0,1,NULL,NULL,NULL),(1325,137,7,NULL,0,1,NULL,NULL,NULL),(1326,137,8,NULL,0,1,NULL,NULL,NULL),(1327,137,9,NULL,0,1,NULL,NULL,NULL),(1328,137,10,NULL,0,1,NULL,NULL,NULL),(1329,137,11,NULL,0,1,NULL,NULL,NULL),(1330,137,12,NULL,0,1,NULL,NULL,NULL),(1331,137,15,NULL,0,1,NULL,NULL,NULL),(1332,138,2,NULL,0,1,NULL,NULL,NULL),(1333,138,5,NULL,2,1,NULL,'2025-01-14 18:02:31.000000',NULL),(1334,138,6,NULL,0,1,NULL,NULL,NULL),(1335,138,7,NULL,0,1,NULL,'2025-01-16 11:52:49.000000',NULL),(1336,138,8,NULL,0,1,NULL,NULL,NULL),(1337,138,9,NULL,0,1,NULL,NULL,NULL),(1338,138,10,NULL,0,1,NULL,NULL,NULL),(1339,138,11,NULL,0,1,NULL,NULL,NULL),(1340,138,12,NULL,0,1,NULL,NULL,NULL),(1341,138,15,NULL,0,1,NULL,NULL,NULL),(1342,139,2,NULL,0,1,NULL,NULL,NULL),(1343,139,5,NULL,4,1,NULL,'2025-01-08 13:25:25.000000',NULL),(1344,139,6,NULL,0,1,NULL,NULL,NULL),(1345,139,7,NULL,0,1,NULL,NULL,NULL),(1346,139,8,NULL,6,1,NULL,'2025-01-14 12:48:07.000000',NULL),(1347,139,9,NULL,0,1,NULL,NULL,NULL),(1348,139,10,NULL,0,1,NULL,NULL,NULL),(1349,139,11,NULL,0,1,NULL,NULL,NULL),(1350,139,12,NULL,0,1,NULL,NULL,NULL),(1351,139,15,NULL,0,1,NULL,NULL,NULL),(1352,140,2,NULL,0,1,NULL,NULL,NULL),(1353,140,5,NULL,1,1,NULL,'2025-01-08 13:38:01.000000',NULL),(1354,140,6,NULL,0,1,NULL,NULL,NULL),(1355,140,7,NULL,0,1,NULL,NULL,NULL),(1356,140,8,NULL,0,1,NULL,NULL,NULL),(1357,140,9,NULL,0,1,NULL,NULL,NULL),(1358,140,10,NULL,0,1,NULL,NULL,NULL),(1359,140,11,NULL,0,1,NULL,NULL,NULL),(1360,140,12,NULL,0,1,NULL,NULL,NULL),(1361,140,15,NULL,0,1,NULL,NULL,NULL),(1362,141,2,NULL,0,1,NULL,NULL,NULL),(1363,141,5,NULL,5,1,NULL,'2025-01-08 13:51:34.000000',NULL),(1364,141,6,NULL,0,1,NULL,NULL,NULL),(1365,141,7,NULL,0,1,NULL,NULL,NULL),(1366,141,8,NULL,0,1,NULL,NULL,NULL),(1367,141,9,NULL,0,1,NULL,NULL,NULL),(1368,141,10,NULL,0,1,NULL,NULL,NULL),(1369,141,11,NULL,0,1,NULL,NULL,NULL),(1370,141,12,NULL,0,1,NULL,NULL,NULL),(1371,141,15,NULL,0,1,NULL,NULL,NULL),(1372,142,2,NULL,0,1,NULL,NULL,NULL),(1373,142,5,NULL,9,1,NULL,'2025-01-08 14:01:14.000000',NULL),(1374,142,6,NULL,0,1,NULL,NULL,NULL),(1375,142,7,NULL,0,1,NULL,NULL,NULL),(1376,142,8,NULL,0,1,NULL,NULL,NULL),(1377,142,9,NULL,0,1,NULL,NULL,NULL),(1378,142,10,NULL,0,1,NULL,NULL,NULL),(1379,142,11,NULL,0,1,NULL,NULL,NULL),(1380,142,12,NULL,0,1,NULL,NULL,NULL),(1381,142,15,NULL,0,1,NULL,NULL,NULL),(1382,143,2,NULL,0,1,NULL,NULL,NULL),(1383,143,5,NULL,1,1,NULL,'2025-01-08 14:16:11.000000',NULL),(1384,143,6,NULL,0,1,NULL,NULL,NULL),(1385,143,7,NULL,0,1,NULL,NULL,NULL),(1386,143,8,NULL,0,1,NULL,NULL,NULL),(1387,143,9,NULL,0,1,NULL,NULL,NULL),(1388,143,10,NULL,0,1,NULL,NULL,NULL),(1389,143,11,NULL,0,1,NULL,NULL,NULL),(1390,143,12,NULL,0,1,NULL,NULL,NULL),(1391,143,15,NULL,0,1,NULL,NULL,NULL),(1392,144,2,NULL,0,1,NULL,NULL,NULL),(1393,144,5,NULL,1,1,NULL,'2025-01-08 14:25:39.000000',NULL),(1394,144,6,NULL,0,1,NULL,NULL,NULL),(1395,144,7,NULL,0,1,NULL,NULL,NULL),(1396,144,8,NULL,2,1,NULL,'2025-01-13 20:09:11.000000',NULL),(1397,144,9,NULL,0,1,NULL,NULL,NULL),(1398,144,10,NULL,0,1,NULL,NULL,NULL),(1399,144,11,NULL,0,1,NULL,NULL,NULL),(1400,144,12,NULL,0,1,NULL,NULL,NULL),(1401,144,15,NULL,0,1,NULL,NULL,NULL),(1402,145,2,NULL,0,1,NULL,NULL,NULL),(1403,145,5,NULL,1,1,NULL,'2025-01-08 14:36:29.000000',NULL),(1404,145,6,NULL,0,1,NULL,NULL,NULL),(1405,145,7,NULL,0,1,NULL,NULL,NULL),(1406,145,8,NULL,0,1,NULL,NULL,NULL),(1407,145,9,NULL,0,1,NULL,NULL,NULL),(1408,145,10,NULL,0,1,NULL,NULL,NULL),(1409,145,11,NULL,0,1,NULL,NULL,NULL),(1410,145,12,NULL,0,1,NULL,NULL,NULL),(1411,145,15,NULL,0,1,NULL,NULL,NULL),(1412,146,2,NULL,0,1,NULL,NULL,NULL),(1413,146,5,NULL,1,1,NULL,'2025-01-08 14:40:19.000000',NULL),(1414,146,6,NULL,0,1,NULL,NULL,NULL),(1415,146,7,NULL,0,1,NULL,NULL,NULL),(1416,146,8,NULL,0,1,NULL,NULL,NULL),(1417,146,9,NULL,0,1,NULL,NULL,NULL),(1418,146,10,NULL,0,1,NULL,NULL,NULL),(1419,146,11,NULL,0,1,NULL,NULL,NULL),(1420,146,12,NULL,0,1,NULL,NULL,NULL),(1421,146,15,NULL,0,1,NULL,NULL,NULL),(1422,147,2,NULL,0,1,NULL,NULL,NULL),(1423,147,5,NULL,10,1,NULL,'2025-01-08 15:46:39.000000',NULL),(1424,147,6,NULL,0,1,NULL,NULL,NULL),(1425,147,7,NULL,0,1,NULL,NULL,NULL),(1426,147,8,NULL,0,1,NULL,NULL,NULL),(1427,147,9,NULL,0,1,NULL,NULL,NULL),(1428,147,10,NULL,0,1,NULL,NULL,NULL),(1429,147,11,NULL,0,1,NULL,NULL,NULL),(1430,147,12,NULL,0,1,NULL,NULL,NULL),(1431,147,15,NULL,0,1,NULL,NULL,NULL),(1432,148,2,NULL,0,1,NULL,NULL,NULL),(1433,148,5,NULL,1,1,NULL,'2025-01-08 20:36:25.000000',NULL),(1434,148,6,NULL,0,1,NULL,NULL,NULL),(1435,148,7,NULL,0,1,NULL,NULL,NULL),(1436,148,8,NULL,0,1,NULL,NULL,NULL),(1437,148,9,NULL,0,1,NULL,NULL,NULL),(1438,148,10,NULL,0,1,NULL,NULL,NULL),(1439,148,11,NULL,0,1,NULL,NULL,NULL),(1440,148,12,NULL,0,1,NULL,NULL,NULL),(1441,148,15,NULL,0,1,NULL,NULL,NULL),(1442,149,2,NULL,0,1,NULL,NULL,NULL),(1443,149,5,NULL,28,1,NULL,'2025-01-09 17:42:29.000000',NULL),(1444,149,6,NULL,0,1,NULL,NULL,NULL),(1445,149,7,NULL,0,1,NULL,NULL,NULL),(1446,149,8,NULL,0,1,NULL,NULL,NULL),(1447,149,9,NULL,0,1,NULL,NULL,NULL),(1448,149,10,NULL,0,1,NULL,NULL,NULL),(1449,149,11,NULL,0,1,NULL,NULL,NULL),(1450,149,12,NULL,0,1,NULL,NULL,NULL),(1451,149,15,NULL,0,1,NULL,NULL,NULL),(1452,150,2,NULL,0,1,NULL,NULL,NULL),(1453,150,5,NULL,20,1,NULL,'2025-01-09 12:07:10.000000',NULL),(1454,150,6,NULL,0,1,NULL,NULL,NULL),(1455,150,7,NULL,0,1,NULL,NULL,NULL),(1456,150,8,NULL,0,1,NULL,NULL,NULL),(1457,150,9,NULL,0,1,NULL,NULL,NULL),(1458,150,10,NULL,0,1,NULL,NULL,NULL),(1459,150,11,NULL,0,1,NULL,NULL,NULL),(1460,150,12,NULL,0,1,NULL,NULL,NULL),(1461,150,15,NULL,0,1,NULL,NULL,NULL),(1462,151,2,NULL,0,1,NULL,NULL,NULL),(1463,151,5,NULL,2,1,NULL,'2025-01-09 12:10:56.000000',NULL),(1464,151,6,NULL,0,1,NULL,NULL,NULL),(1465,151,7,NULL,0,1,NULL,NULL,NULL),(1466,151,8,NULL,1,1,NULL,'2025-01-13 16:39:10.000000',NULL),(1467,151,9,NULL,0,1,NULL,NULL,NULL),(1468,151,10,NULL,0,1,NULL,NULL,NULL),(1469,151,11,NULL,0,1,NULL,NULL,NULL),(1470,151,12,NULL,0,1,NULL,NULL,NULL),(1471,151,15,NULL,0,1,NULL,NULL,NULL),(1472,152,2,NULL,0,1,NULL,NULL,NULL),(1473,152,5,NULL,0,1,NULL,NULL,NULL),(1474,152,6,NULL,0,1,NULL,NULL,NULL),(1475,152,7,NULL,500,1,NULL,'2025-01-09 12:47:48.000000',NULL),(1476,152,8,NULL,0,1,NULL,NULL,NULL),(1477,152,9,NULL,0,1,NULL,NULL,NULL),(1478,152,10,NULL,0,1,NULL,NULL,NULL),(1479,152,11,NULL,0,1,NULL,NULL,NULL),(1480,152,12,NULL,0,1,NULL,NULL,NULL),(1481,152,15,NULL,0,1,NULL,NULL,NULL),(1482,153,2,NULL,0,1,NULL,NULL,NULL),(1483,153,5,NULL,0,1,NULL,NULL,NULL),(1484,153,6,NULL,0,1,NULL,NULL,NULL),(1485,153,7,NULL,1,1,NULL,'2025-01-09 13:32:24.000000',NULL),(1486,153,8,NULL,0,1,NULL,NULL,NULL),(1487,153,9,NULL,0,1,NULL,NULL,NULL),(1488,153,10,NULL,0,1,NULL,NULL,NULL),(1489,153,11,NULL,0,1,NULL,NULL,NULL),(1490,153,12,NULL,0,1,NULL,NULL,NULL),(1491,153,15,NULL,0,1,NULL,NULL,NULL),(1492,154,2,NULL,0,1,NULL,NULL,NULL),(1493,154,5,NULL,38,1,NULL,'2025-01-10 13:55:30.000000',NULL),(1494,154,6,NULL,0,1,NULL,NULL,NULL),(1495,154,7,NULL,0,1,NULL,NULL,NULL),(1496,154,8,NULL,5,1,NULL,'2025-01-16 12:40:09.000000',NULL),(1497,154,9,NULL,0,1,NULL,NULL,NULL),(1498,154,10,NULL,0,1,NULL,NULL,NULL),(1499,154,11,NULL,0,1,NULL,NULL,NULL),(1500,154,12,NULL,0,1,NULL,NULL,NULL),(1501,154,15,NULL,0,1,NULL,NULL,NULL),(1502,155,2,NULL,0,1,NULL,NULL,NULL),(1503,155,5,NULL,1,1,NULL,'2025-01-10 20:47:26.000000',NULL),(1504,155,6,NULL,0,1,NULL,NULL,NULL),(1505,155,7,NULL,0,1,NULL,NULL,NULL),(1506,155,8,NULL,0,1,NULL,NULL,NULL),(1507,155,9,NULL,0,1,NULL,NULL,NULL),(1508,155,10,NULL,0,1,NULL,NULL,NULL),(1509,155,11,NULL,0,1,NULL,NULL,NULL),(1510,155,12,NULL,0,1,NULL,NULL,NULL),(1511,155,15,NULL,0,1,NULL,NULL,NULL),(1512,156,2,NULL,0,1,NULL,NULL,NULL),(1513,156,5,NULL,5,1,NULL,'2025-01-10 20:48:26.000000',NULL),(1514,156,6,NULL,0,1,NULL,NULL,NULL),(1515,156,7,NULL,0,1,NULL,NULL,NULL),(1516,156,8,NULL,0,1,NULL,NULL,NULL),(1517,156,9,NULL,0,1,NULL,NULL,NULL),(1518,156,10,NULL,0,1,NULL,NULL,NULL),(1519,156,11,NULL,0,1,NULL,NULL,NULL),(1520,156,12,NULL,0,1,NULL,NULL,NULL),(1521,156,15,NULL,0,1,NULL,NULL,NULL),(1522,157,2,NULL,0,1,NULL,NULL,NULL),(1523,157,5,NULL,1,1,NULL,'2025-01-10 20:49:02.000000',NULL),(1524,157,6,NULL,0,1,NULL,NULL,NULL),(1525,157,7,NULL,0,1,NULL,NULL,NULL),(1526,157,8,NULL,0,1,NULL,NULL,NULL),(1527,157,9,NULL,0,1,NULL,NULL,NULL),(1528,157,10,NULL,0,1,NULL,NULL,NULL),(1529,157,11,NULL,0,1,NULL,NULL,NULL),(1530,157,12,NULL,0,1,NULL,NULL,NULL),(1531,157,15,NULL,0,1,NULL,NULL,NULL),(1532,158,2,NULL,0,1,NULL,NULL,NULL),(1533,158,5,NULL,1,1,NULL,'2025-01-10 20:49:45.000000',NULL),(1534,158,6,NULL,0,1,NULL,NULL,NULL),(1535,158,7,NULL,0,1,NULL,NULL,NULL),(1536,158,8,NULL,0,1,NULL,NULL,NULL),(1537,158,9,NULL,0,1,NULL,NULL,NULL),(1538,158,10,NULL,0,1,NULL,NULL,NULL),(1539,158,11,NULL,0,1,NULL,NULL,NULL),(1540,158,12,NULL,0,1,NULL,NULL,NULL),(1541,158,15,NULL,0,1,NULL,NULL,NULL),(1542,159,2,NULL,0,1,NULL,NULL,NULL),(1543,159,5,NULL,1,1,NULL,'2025-01-10 20:53:04.000000',NULL),(1544,159,6,NULL,0,1,NULL,NULL,NULL),(1545,159,7,NULL,0,1,NULL,NULL,NULL),(1546,159,8,NULL,0,1,NULL,NULL,NULL),(1547,159,9,NULL,0,1,NULL,NULL,NULL),(1548,159,10,NULL,0,1,NULL,NULL,NULL),(1549,159,11,NULL,0,1,NULL,NULL,NULL),(1550,159,12,NULL,0,1,NULL,NULL,NULL),(1551,159,15,NULL,0,1,NULL,NULL,NULL),(1552,160,2,NULL,0,1,NULL,NULL,NULL),(1553,160,5,NULL,1000,1,NULL,'2025-01-10 20:58:49.000000',NULL),(1554,160,6,NULL,0,1,NULL,NULL,NULL),(1555,160,7,NULL,0,1,NULL,NULL,NULL),(1556,160,8,NULL,0,1,NULL,NULL,NULL),(1557,160,9,NULL,0,1,NULL,NULL,NULL),(1558,160,10,NULL,0,1,NULL,NULL,NULL),(1559,160,11,NULL,0,1,NULL,NULL,NULL),(1560,160,12,NULL,0,1,NULL,NULL,NULL),(1561,160,15,NULL,0,1,NULL,NULL,NULL),(1562,161,2,NULL,0,1,NULL,NULL,NULL),(1563,161,5,NULL,973,1,NULL,'2025-01-10 21:14:08.000000',NULL),(1564,161,6,NULL,0,1,NULL,NULL,NULL),(1565,161,7,NULL,0,1,NULL,NULL,NULL),(1566,161,8,NULL,8,1,NULL,'2025-01-14 15:11:40.000000',NULL),(1567,161,9,NULL,0,1,NULL,NULL,NULL),(1568,161,10,NULL,0,1,NULL,NULL,NULL),(1569,161,11,NULL,0,1,NULL,NULL,NULL),(1570,161,12,NULL,0,1,NULL,NULL,NULL),(1571,161,15,NULL,0,1,NULL,NULL,NULL),(1572,162,2,NULL,0,1,NULL,NULL,NULL),(1573,162,5,NULL,6,1,NULL,'2025-01-10 21:18:59.000000',NULL),(1574,162,6,NULL,0,1,NULL,NULL,NULL),(1575,162,7,NULL,0,1,NULL,NULL,NULL),(1576,162,8,NULL,1,1,NULL,'2025-01-14 14:00:39.000000',NULL),(1577,162,9,NULL,0,1,NULL,NULL,NULL),(1578,162,10,NULL,0,1,NULL,NULL,NULL),(1579,162,11,NULL,0,1,NULL,NULL,NULL),(1580,162,12,NULL,0,1,NULL,NULL,NULL),(1581,162,15,NULL,0,1,NULL,NULL,NULL),(1582,163,2,NULL,0,1,NULL,NULL,NULL),(1583,163,5,NULL,5,1,NULL,'2025-01-10 21:22:59.000000',NULL),(1584,163,6,NULL,0,1,NULL,NULL,NULL),(1585,163,7,NULL,0,1,NULL,NULL,NULL),(1586,163,8,NULL,0,1,NULL,NULL,NULL),(1587,163,9,NULL,0,1,NULL,NULL,NULL),(1588,163,10,NULL,0,1,NULL,NULL,NULL),(1589,163,11,NULL,0,1,NULL,NULL,NULL),(1590,163,12,NULL,0,1,NULL,NULL,NULL),(1591,163,15,NULL,0,1,NULL,NULL,NULL),(1592,164,2,NULL,0,1,NULL,NULL,NULL),(1593,164,5,NULL,6,1,NULL,'2025-01-10 21:25:41.000000',NULL),(1594,164,6,NULL,0,1,NULL,NULL,NULL),(1595,164,7,NULL,0,1,NULL,NULL,NULL),(1596,164,8,NULL,0,1,NULL,NULL,NULL),(1597,164,9,NULL,0,1,NULL,NULL,NULL),(1598,164,10,NULL,0,1,NULL,NULL,NULL),(1599,164,11,NULL,0,1,NULL,NULL,NULL),(1600,164,12,NULL,0,1,NULL,NULL,NULL),(1601,164,15,NULL,0,1,NULL,NULL,NULL),(1602,165,2,NULL,0,1,NULL,NULL,NULL),(1603,165,5,NULL,5,1,NULL,'2025-01-10 21:27:44.000000',NULL),(1604,165,6,NULL,0,1,NULL,NULL,NULL),(1605,165,7,NULL,0,1,NULL,NULL,NULL),(1606,165,8,NULL,1,1,NULL,'2025-01-14 14:33:18.000000',NULL),(1607,165,9,NULL,0,1,NULL,NULL,NULL),(1608,165,10,NULL,0,1,NULL,NULL,NULL),(1609,165,11,NULL,0,1,NULL,NULL,NULL),(1610,165,12,NULL,0,1,NULL,NULL,NULL),(1611,165,15,NULL,0,1,NULL,NULL,NULL),(1612,166,2,NULL,0,1,NULL,NULL,NULL),(1613,166,5,NULL,6,1,NULL,'2025-01-10 21:30:04.000000',NULL),(1614,166,6,NULL,0,1,NULL,NULL,NULL),(1615,166,7,NULL,0,1,NULL,NULL,NULL),(1616,166,8,NULL,0,1,NULL,NULL,NULL),(1617,166,9,NULL,0,1,NULL,NULL,NULL),(1618,166,10,NULL,0,1,NULL,NULL,NULL),(1619,166,11,NULL,0,1,NULL,NULL,NULL),(1620,166,12,NULL,0,1,NULL,NULL,NULL),(1621,166,15,NULL,0,1,NULL,NULL,NULL),(1622,167,2,NULL,0,1,NULL,NULL,NULL),(1623,167,5,NULL,0,1,NULL,NULL,NULL),(1624,167,6,NULL,0,1,NULL,NULL,NULL),(1625,167,7,NULL,0,1,NULL,NULL,NULL),(1626,167,8,NULL,0,1,NULL,NULL,NULL),(1627,167,9,NULL,0,1,NULL,NULL,NULL),(1628,167,10,NULL,0,1,NULL,NULL,NULL),(1629,167,11,NULL,0,1,NULL,NULL,NULL),(1630,167,12,NULL,0,1,NULL,NULL,NULL),(1631,167,15,NULL,0,1,NULL,NULL,NULL),(1632,168,2,NULL,0,1,NULL,NULL,NULL),(1633,168,5,NULL,13,1,NULL,'2025-01-11 13:27:32.000000',NULL),(1634,168,6,NULL,0,1,NULL,NULL,NULL),(1635,168,7,NULL,0,1,NULL,NULL,NULL),(1636,168,8,NULL,0,1,NULL,NULL,NULL),(1637,168,9,NULL,0,1,NULL,NULL,NULL),(1638,168,10,NULL,0,1,NULL,NULL,NULL),(1639,168,11,NULL,0,1,NULL,NULL,NULL),(1640,168,12,NULL,0,1,NULL,NULL,NULL),(1641,168,15,NULL,0,1,NULL,NULL,NULL),(1642,3,16,NULL,0,1,NULL,NULL,NULL),(1643,4,16,NULL,0,1,NULL,NULL,NULL),(1644,5,16,NULL,0,1,NULL,NULL,NULL),(1645,6,16,NULL,0,1,NULL,NULL,NULL),(1646,7,16,NULL,0,1,NULL,NULL,NULL),(1647,8,16,NULL,0,1,NULL,NULL,NULL),(1648,9,16,NULL,0,1,NULL,NULL,NULL),(1649,10,16,NULL,0,1,NULL,NULL,NULL),(1650,11,16,NULL,0,1,NULL,NULL,NULL),(1651,12,16,NULL,0,1,NULL,NULL,NULL),(1652,13,16,NULL,0,1,NULL,NULL,NULL),(1653,14,16,NULL,0,1,NULL,NULL,NULL),(1654,15,16,NULL,0,1,NULL,NULL,NULL),(1655,16,16,NULL,0,1,NULL,NULL,NULL),(1656,17,16,NULL,0,1,NULL,NULL,NULL),(1657,18,16,NULL,0,1,NULL,NULL,NULL),(1658,19,16,NULL,0,1,NULL,NULL,NULL),(1659,20,16,NULL,0,1,NULL,NULL,NULL),(1660,21,16,NULL,0,1,NULL,NULL,NULL),(1661,22,16,NULL,0,1,NULL,NULL,NULL),(1662,23,16,NULL,0,1,NULL,NULL,NULL),(1663,24,16,NULL,0,1,NULL,NULL,NULL),(1664,25,16,NULL,0,1,NULL,NULL,NULL),(1665,27,16,NULL,0,1,NULL,NULL,NULL),(1666,28,16,NULL,0,1,NULL,NULL,NULL),(1667,29,16,NULL,0,1,NULL,NULL,NULL),(1668,30,16,NULL,0,1,NULL,NULL,NULL),(1669,31,16,NULL,0,1,NULL,NULL,NULL),(1670,32,16,NULL,0,1,NULL,NULL,NULL),(1671,33,16,NULL,0,1,NULL,NULL,NULL),(1672,34,16,NULL,0,1,NULL,NULL,NULL),(1673,35,16,NULL,0,1,NULL,NULL,NULL),(1674,40,16,NULL,0,1,NULL,NULL,NULL),(1675,41,16,NULL,0,1,NULL,NULL,NULL),(1676,42,16,NULL,0,1,NULL,NULL,NULL),(1677,43,16,NULL,0,1,NULL,NULL,NULL),(1678,44,16,NULL,0,1,NULL,NULL,NULL),(1679,45,16,NULL,0,1,NULL,NULL,NULL),(1680,46,16,NULL,0,1,NULL,NULL,NULL),(1681,47,16,NULL,0,1,NULL,NULL,NULL),(1682,48,16,NULL,0,1,NULL,NULL,NULL),(1683,49,16,NULL,0,1,NULL,NULL,NULL),(1684,50,16,NULL,0,1,NULL,NULL,NULL),(1685,51,16,NULL,0,1,NULL,NULL,NULL),(1686,52,16,NULL,0,1,NULL,NULL,NULL),(1687,53,16,NULL,0,1,NULL,NULL,NULL),(1688,54,16,NULL,0,1,NULL,NULL,NULL),(1689,55,16,NULL,0,1,NULL,NULL,NULL),(1690,56,16,NULL,0,1,NULL,NULL,NULL),(1691,57,16,NULL,0,1,NULL,NULL,NULL),(1692,58,16,NULL,0,1,NULL,NULL,NULL),(1693,59,16,NULL,0,1,NULL,NULL,NULL),(1694,60,16,NULL,0,1,NULL,NULL,NULL),(1695,61,16,NULL,0,1,NULL,NULL,NULL),(1696,62,16,NULL,0,1,NULL,NULL,NULL),(1697,63,16,NULL,0,1,NULL,NULL,NULL),(1698,64,16,NULL,0,1,NULL,NULL,NULL),(1699,65,16,NULL,0,1,NULL,NULL,NULL),(1700,66,16,NULL,0,1,NULL,NULL,NULL),(1701,67,16,NULL,0,1,NULL,NULL,NULL),(1702,68,16,NULL,0,1,NULL,NULL,NULL),(1703,69,16,NULL,0,1,NULL,NULL,NULL),(1704,70,16,NULL,0,1,NULL,NULL,NULL),(1705,71,16,NULL,0,1,NULL,NULL,NULL),(1706,72,16,NULL,0,1,NULL,NULL,NULL),(1707,73,16,NULL,0,1,NULL,NULL,NULL),(1708,74,16,NULL,0,1,NULL,NULL,NULL),(1709,75,16,NULL,0,1,NULL,NULL,NULL),(1710,76,16,NULL,0,1,NULL,NULL,NULL),(1711,77,16,NULL,0,1,NULL,NULL,NULL),(1712,78,16,NULL,0,1,NULL,NULL,NULL),(1713,79,16,NULL,0,1,NULL,NULL,NULL),(1714,80,16,NULL,0,1,NULL,NULL,NULL),(1715,81,16,NULL,0,1,NULL,NULL,NULL),(1716,82,16,NULL,0,1,NULL,NULL,NULL),(1717,83,16,NULL,0,1,NULL,NULL,NULL),(1718,84,16,NULL,0,1,NULL,NULL,NULL),(1719,85,16,NULL,0,1,NULL,NULL,NULL),(1720,86,16,NULL,0,1,NULL,NULL,NULL),(1721,87,16,NULL,0,1,NULL,NULL,NULL),(1722,89,16,NULL,0,1,NULL,NULL,NULL),(1723,90,16,NULL,0,1,NULL,NULL,NULL),(1724,91,16,NULL,0,1,NULL,NULL,NULL),(1725,92,16,NULL,0,1,NULL,NULL,NULL),(1726,93,16,NULL,0,1,NULL,NULL,NULL),(1727,94,16,NULL,0,1,NULL,NULL,NULL),(1728,95,16,NULL,0,1,NULL,NULL,NULL),(1729,96,16,NULL,0,1,NULL,NULL,NULL),(1730,97,16,NULL,0,1,NULL,NULL,NULL),(1731,98,16,NULL,0,1,NULL,NULL,NULL),(1732,99,16,NULL,0,1,NULL,NULL,NULL),(1733,100,16,NULL,0,1,NULL,NULL,NULL),(1734,101,16,NULL,0,1,NULL,NULL,NULL),(1735,102,16,NULL,0,1,NULL,NULL,NULL),(1736,103,16,NULL,0,1,NULL,NULL,NULL),(1737,105,16,NULL,0,1,NULL,NULL,NULL),(1738,106,16,NULL,0,1,NULL,NULL,NULL),(1739,107,16,NULL,0,1,NULL,NULL,NULL),(1740,108,16,NULL,0,1,NULL,NULL,NULL),(1741,109,16,NULL,0,1,NULL,NULL,NULL),(1742,110,16,NULL,0,1,NULL,NULL,NULL),(1743,111,16,NULL,0,1,NULL,NULL,NULL),(1744,112,16,NULL,0,1,NULL,NULL,NULL),(1745,113,16,NULL,0,1,NULL,NULL,NULL),(1746,114,16,NULL,0,1,NULL,NULL,NULL),(1747,115,16,NULL,0,1,NULL,NULL,NULL),(1748,116,16,NULL,0,1,NULL,NULL,NULL),(1749,117,16,NULL,0,1,NULL,NULL,NULL),(1750,118,16,NULL,0,1,NULL,NULL,NULL),(1751,119,16,NULL,0,1,NULL,NULL,NULL),(1752,120,16,NULL,0,1,NULL,NULL,NULL),(1753,121,16,NULL,0,1,NULL,NULL,NULL),(1754,122,16,NULL,0,1,NULL,NULL,NULL),(1755,123,16,NULL,0,1,NULL,NULL,NULL),(1756,124,16,NULL,0,1,NULL,NULL,NULL),(1757,125,16,NULL,0,1,NULL,NULL,NULL),(1758,126,16,NULL,0,1,NULL,NULL,NULL),(1759,127,16,NULL,0,1,NULL,NULL,NULL),(1760,128,16,NULL,0,1,NULL,NULL,NULL),(1761,129,16,NULL,0,1,NULL,NULL,NULL),(1762,130,16,NULL,0,1,NULL,NULL,NULL),(1763,131,16,NULL,0,1,NULL,NULL,NULL),(1764,132,16,NULL,0,1,NULL,NULL,NULL),(1765,133,16,NULL,0,1,NULL,NULL,NULL),(1766,134,16,NULL,0,1,NULL,NULL,NULL),(1767,135,16,NULL,0,1,NULL,NULL,NULL),(1768,136,16,NULL,0,1,NULL,NULL,NULL),(1769,137,16,NULL,0,1,NULL,NULL,NULL),(1770,138,16,NULL,0,1,NULL,NULL,NULL),(1771,139,16,NULL,0,1,NULL,NULL,NULL),(1772,140,16,NULL,0,1,NULL,NULL,NULL),(1773,141,16,NULL,0,1,NULL,NULL,NULL),(1774,142,16,NULL,0,1,NULL,NULL,NULL),(1775,143,16,NULL,0,1,NULL,NULL,NULL),(1776,144,16,NULL,0,1,NULL,NULL,NULL),(1777,145,16,NULL,0,1,NULL,NULL,NULL),(1778,146,16,NULL,0,1,NULL,NULL,NULL),(1779,147,16,NULL,0,1,NULL,NULL,NULL),(1780,148,16,NULL,0,1,NULL,NULL,NULL),(1781,149,16,NULL,0,1,NULL,NULL,NULL),(1782,150,16,NULL,0,1,NULL,NULL,NULL),(1783,151,16,NULL,0,1,NULL,NULL,NULL),(1784,152,16,NULL,0,1,NULL,NULL,NULL),(1785,153,16,NULL,0,1,NULL,NULL,NULL),(1786,154,16,NULL,0,1,NULL,NULL,NULL),(1787,155,16,NULL,0,1,NULL,NULL,NULL),(1788,156,16,NULL,0,1,NULL,NULL,NULL),(1789,157,16,NULL,0,1,NULL,NULL,NULL),(1790,158,16,NULL,0,1,NULL,NULL,NULL),(1791,159,16,NULL,0,1,NULL,NULL,NULL),(1792,160,16,NULL,0,1,NULL,NULL,NULL),(1793,161,16,NULL,0,1,NULL,NULL,NULL),(1794,162,16,NULL,0,1,NULL,NULL,NULL),(1795,163,16,NULL,0,1,NULL,NULL,NULL),(1796,164,16,NULL,0,1,NULL,NULL,NULL),(1797,165,16,NULL,0,1,NULL,NULL,NULL),(1798,166,16,NULL,0,1,NULL,NULL,NULL),(1799,167,16,NULL,0,1,NULL,NULL,NULL),(1800,168,16,NULL,0,1,NULL,NULL,NULL),(1801,169,2,NULL,0,1,NULL,NULL,NULL),(1802,169,5,NULL,0,1,NULL,NULL,NULL),(1803,169,6,NULL,0,1,NULL,NULL,NULL),(1804,169,7,NULL,4,1,NULL,'2025-01-11 17:51:34.000000',NULL),(1805,169,8,NULL,0,1,NULL,NULL,NULL),(1806,169,9,NULL,0,1,NULL,NULL,NULL),(1807,169,10,NULL,0,1,NULL,NULL,NULL),(1808,169,11,NULL,0,1,NULL,NULL,NULL),(1809,169,12,NULL,0,1,NULL,NULL,NULL),(1810,169,15,NULL,0,1,NULL,NULL,NULL),(1811,169,16,NULL,0,1,NULL,NULL,NULL),(1812,170,2,NULL,0,1,NULL,NULL,NULL),(1813,170,5,NULL,0,1,NULL,NULL,NULL),(1814,170,6,NULL,0,1,NULL,NULL,NULL),(1815,170,7,NULL,1,1,NULL,'2025-01-11 17:51:34.000000',NULL),(1816,170,8,NULL,0,1,NULL,NULL,NULL),(1817,170,9,NULL,0,1,NULL,NULL,NULL),(1818,170,10,NULL,0,1,NULL,NULL,NULL),(1819,170,11,NULL,0,1,NULL,NULL,NULL),(1820,170,12,NULL,0,1,NULL,NULL,NULL),(1821,170,15,NULL,0,1,NULL,NULL,NULL),(1822,170,16,NULL,0,1,NULL,NULL,NULL),(1823,171,2,NULL,0,1,NULL,NULL,NULL),(1824,171,5,NULL,0,1,NULL,NULL,NULL),(1825,171,6,NULL,0,1,NULL,NULL,NULL),(1826,171,7,NULL,1,1,NULL,'2025-01-11 17:54:18.000000',NULL),(1827,171,8,NULL,0,1,NULL,NULL,NULL),(1828,171,9,NULL,0,1,NULL,NULL,NULL),(1829,171,10,NULL,0,1,NULL,NULL,NULL),(1830,171,11,NULL,0,1,NULL,NULL,NULL),(1831,171,12,NULL,0,1,NULL,NULL,NULL),(1832,171,15,NULL,0,1,NULL,NULL,NULL),(1833,171,16,NULL,0,1,NULL,NULL,NULL),(1834,172,2,NULL,0,1,NULL,NULL,NULL),(1835,172,5,NULL,0,1,NULL,NULL,NULL),(1836,172,6,NULL,0,1,NULL,NULL,NULL),(1837,172,7,NULL,1,1,NULL,'2025-01-11 18:02:47.000000',NULL),(1838,172,8,NULL,0,1,NULL,NULL,NULL),(1839,172,9,NULL,0,1,NULL,NULL,NULL),(1840,172,10,NULL,0,1,NULL,NULL,NULL),(1841,172,11,NULL,0,1,NULL,NULL,NULL),(1842,172,12,NULL,0,1,NULL,NULL,NULL),(1843,172,15,NULL,0,1,NULL,NULL,NULL),(1844,172,16,NULL,0,1,NULL,NULL,NULL),(1845,173,2,NULL,0,1,NULL,NULL,NULL),(1846,173,5,NULL,0,1,NULL,'2025-01-11 18:43:40.000000',NULL),(1847,173,6,NULL,0,1,NULL,NULL,NULL),(1848,173,7,NULL,0,1,NULL,NULL,NULL),(1849,173,8,NULL,0,1,NULL,NULL,NULL),(1850,173,9,NULL,0,1,NULL,NULL,NULL),(1851,173,10,NULL,0,1,NULL,NULL,NULL),(1852,173,11,NULL,0,1,NULL,NULL,NULL),(1853,173,12,NULL,0,1,NULL,NULL,NULL),(1854,173,15,NULL,0,1,NULL,NULL,NULL),(1855,173,16,NULL,3,1,NULL,'2025-01-11 18:43:40.000000',NULL),(1856,174,2,NULL,0,1,NULL,NULL,NULL),(1857,174,5,NULL,0,1,NULL,'2025-01-11 18:43:40.000000',NULL),(1858,174,6,NULL,0,1,NULL,NULL,NULL),(1859,174,7,NULL,0,1,NULL,NULL,NULL),(1860,174,8,NULL,0,1,NULL,NULL,NULL),(1861,174,9,NULL,0,1,NULL,NULL,NULL),(1862,174,10,NULL,0,1,NULL,NULL,NULL),(1863,174,11,NULL,0,1,NULL,NULL,NULL),(1864,174,12,NULL,0,1,NULL,NULL,NULL),(1865,174,15,NULL,0,1,NULL,NULL,NULL),(1866,174,16,NULL,10,1,NULL,'2025-01-11 18:43:40.000000',NULL),(1867,175,2,NULL,0,1,NULL,NULL,NULL),(1868,175,5,NULL,0,1,NULL,'2025-01-11 18:43:40.000000',NULL),(1869,175,6,NULL,0,1,NULL,NULL,NULL),(1870,175,7,NULL,0,1,NULL,NULL,NULL),(1871,175,8,NULL,0,1,NULL,NULL,NULL),(1872,175,9,NULL,0,1,NULL,NULL,NULL),(1873,175,10,NULL,0,1,NULL,NULL,NULL),(1874,175,11,NULL,0,1,NULL,NULL,NULL),(1875,175,12,NULL,0,1,NULL,NULL,NULL),(1876,175,15,NULL,0,1,NULL,NULL,NULL),(1877,175,16,NULL,15,1,NULL,'2025-01-11 18:43:40.000000',NULL),(1878,176,2,NULL,0,1,NULL,NULL,NULL),(1879,176,5,NULL,0,1,NULL,'2025-01-11 18:43:40.000000',NULL),(1880,176,6,NULL,0,1,NULL,NULL,NULL),(1881,176,7,NULL,0,1,NULL,NULL,NULL),(1882,176,8,NULL,0,1,NULL,NULL,NULL),(1883,176,9,NULL,0,1,NULL,NULL,NULL),(1884,176,10,NULL,0,1,NULL,NULL,NULL),(1885,176,11,NULL,0,1,NULL,NULL,NULL),(1886,176,12,NULL,0,1,NULL,NULL,NULL),(1887,176,15,NULL,0,1,NULL,NULL,NULL),(1888,176,16,NULL,2,1,NULL,'2025-01-11 18:43:40.000000',NULL),(1889,177,2,NULL,0,1,NULL,NULL,NULL),(1890,177,5,NULL,0,1,NULL,'2025-01-11 18:43:40.000000',NULL),(1891,177,6,NULL,0,1,NULL,NULL,NULL),(1892,177,7,NULL,0,1,NULL,NULL,NULL),(1893,177,8,NULL,0,1,NULL,NULL,NULL),(1894,177,9,NULL,0,1,NULL,NULL,NULL),(1895,177,10,NULL,0,1,NULL,NULL,NULL),(1896,177,11,NULL,0,1,NULL,NULL,NULL),(1897,177,12,NULL,0,1,NULL,NULL,NULL),(1898,177,15,NULL,0,1,NULL,NULL,NULL),(1899,177,16,NULL,2,1,NULL,'2025-01-11 18:43:40.000000',NULL),(1900,178,2,NULL,0,1,NULL,NULL,NULL),(1901,178,5,NULL,1,1,NULL,'2025-01-11 20:11:04.000000',NULL),(1902,178,6,NULL,0,1,NULL,NULL,NULL),(1903,178,7,NULL,0,1,NULL,NULL,NULL),(1904,178,8,NULL,0,1,NULL,NULL,NULL),(1905,178,9,NULL,0,1,NULL,NULL,NULL),(1906,178,10,NULL,0,1,NULL,NULL,NULL),(1907,178,11,NULL,0,1,NULL,NULL,NULL),(1908,178,12,NULL,0,1,NULL,NULL,NULL),(1909,178,15,NULL,0,1,NULL,NULL,NULL),(1910,178,16,NULL,0,1,NULL,NULL,NULL),(1911,179,2,NULL,0,1,NULL,NULL,NULL),(1912,179,5,NULL,0,1,NULL,NULL,NULL),(1913,179,6,NULL,0,1,NULL,NULL,NULL),(1914,179,7,NULL,0,1,NULL,NULL,NULL),(1915,179,8,NULL,1,1,NULL,'2025-01-13 16:34:29.000000',NULL),(1916,179,9,NULL,0,1,NULL,NULL,NULL),(1917,179,10,NULL,0,1,NULL,NULL,NULL),(1918,179,11,NULL,0,1,NULL,NULL,NULL),(1919,179,12,NULL,0,1,NULL,NULL,NULL),(1920,179,15,NULL,0,1,NULL,NULL,NULL),(1921,179,16,NULL,0,1,NULL,NULL,NULL),(1922,180,2,NULL,0,1,NULL,NULL,NULL),(1923,180,5,NULL,0,1,NULL,NULL,NULL),(1924,180,6,NULL,0,1,NULL,NULL,NULL),(1925,180,7,NULL,0,1,NULL,NULL,NULL),(1926,180,8,NULL,1,1,NULL,'2025-01-13 16:38:21.000000',NULL),(1927,180,9,NULL,0,1,NULL,NULL,NULL),(1928,180,10,NULL,0,1,NULL,NULL,NULL),(1929,180,11,NULL,0,1,NULL,NULL,NULL),(1930,180,12,NULL,0,1,NULL,NULL,NULL),(1931,180,15,NULL,0,1,NULL,NULL,NULL),(1932,180,16,NULL,0,1,NULL,NULL,NULL),(1933,181,2,NULL,0,1,NULL,NULL,NULL),(1934,181,5,NULL,0,1,NULL,NULL,NULL),(1935,181,6,NULL,0,1,NULL,NULL,NULL),(1936,181,7,NULL,0,1,NULL,NULL,NULL),(1937,181,8,NULL,1,1,NULL,'2025-01-13 16:43:16.000000',NULL),(1938,181,9,NULL,0,1,NULL,NULL,NULL),(1939,181,10,NULL,0,1,NULL,NULL,NULL),(1940,181,11,NULL,0,1,NULL,NULL,NULL),(1941,181,12,NULL,0,1,NULL,NULL,NULL),(1942,181,15,NULL,0,1,NULL,NULL,NULL),(1943,181,16,NULL,0,1,NULL,NULL,NULL),(1944,182,2,NULL,0,1,NULL,NULL,NULL),(1945,182,5,NULL,0,1,NULL,NULL,NULL),(1946,182,6,NULL,0,1,NULL,NULL,NULL),(1947,182,7,NULL,0,1,NULL,NULL,NULL),(1948,182,8,NULL,2,1,NULL,'2025-01-13 16:52:25.000000',NULL),(1949,182,9,NULL,0,1,NULL,NULL,NULL),(1950,182,10,NULL,0,1,NULL,NULL,NULL),(1951,182,11,NULL,0,1,NULL,NULL,NULL),(1952,182,12,NULL,0,1,NULL,NULL,NULL),(1953,182,15,NULL,0,1,NULL,NULL,NULL),(1954,182,16,NULL,0,1,NULL,NULL,NULL),(1955,183,2,NULL,0,1,NULL,NULL,NULL),(1956,183,5,NULL,0,1,NULL,NULL,NULL),(1957,183,6,NULL,0,1,NULL,NULL,NULL),(1958,183,7,NULL,0,1,NULL,NULL,NULL),(1959,183,8,NULL,4,1,NULL,'2025-01-13 17:25:10.000000',NULL),(1960,183,9,NULL,0,1,NULL,NULL,NULL),(1961,183,10,NULL,0,1,NULL,NULL,NULL),(1962,183,11,NULL,0,1,NULL,NULL,NULL),(1963,183,12,NULL,0,1,NULL,NULL,NULL),(1964,183,15,NULL,0,1,NULL,NULL,NULL),(1965,183,16,NULL,0,1,NULL,NULL,NULL),(1966,184,2,NULL,0,1,NULL,NULL,NULL),(1967,184,5,NULL,0,1,NULL,NULL,NULL),(1968,184,6,NULL,0,1,NULL,NULL,NULL),(1969,184,7,NULL,0,1,NULL,NULL,NULL),(1970,184,8,NULL,1,1,NULL,'2025-01-13 17:39:27.000000',NULL),(1971,184,9,NULL,0,1,NULL,NULL,NULL),(1972,184,10,NULL,0,1,NULL,NULL,NULL),(1973,184,11,NULL,0,1,NULL,NULL,NULL),(1974,184,12,NULL,0,1,NULL,NULL,NULL),(1975,184,15,NULL,0,1,NULL,NULL,NULL),(1976,184,16,NULL,0,1,NULL,NULL,NULL),(1977,185,2,NULL,0,1,NULL,NULL,NULL),(1978,185,5,NULL,0,1,NULL,NULL,NULL),(1979,185,6,NULL,0,1,NULL,NULL,NULL),(1980,185,7,NULL,0,1,NULL,NULL,NULL),(1981,185,8,NULL,1,1,NULL,'2025-01-13 18:08:23.000000',NULL),(1982,185,9,NULL,0,1,NULL,NULL,NULL),(1983,185,10,NULL,0,1,NULL,NULL,NULL),(1984,185,11,NULL,0,1,NULL,NULL,NULL),(1985,185,12,NULL,0,1,NULL,NULL,NULL),(1986,185,15,NULL,0,1,NULL,NULL,NULL),(1987,185,16,NULL,0,1,NULL,NULL,NULL),(1988,186,2,NULL,0,1,NULL,NULL,NULL),(1989,186,5,NULL,0,1,NULL,NULL,NULL),(1990,186,6,NULL,0,1,NULL,NULL,NULL),(1991,186,7,NULL,0,1,NULL,NULL,NULL),(1992,186,8,NULL,1,1,NULL,'2025-01-13 19:18:55.000000',NULL),(1993,186,9,NULL,0,1,NULL,NULL,NULL),(1994,186,10,NULL,0,1,NULL,NULL,NULL),(1995,186,11,NULL,0,1,NULL,NULL,NULL),(1996,186,12,NULL,0,1,NULL,NULL,NULL),(1997,186,15,NULL,0,1,NULL,NULL,NULL),(1998,186,16,NULL,0,1,NULL,NULL,NULL),(1999,187,2,NULL,0,1,NULL,NULL,NULL),(2000,187,5,NULL,0,1,NULL,NULL,NULL),(2001,187,6,NULL,0,1,NULL,NULL,NULL),(2002,187,7,NULL,0,1,NULL,NULL,NULL),(2003,187,8,NULL,1,1,NULL,'2025-01-13 19:31:56.000000',NULL),(2004,187,9,NULL,0,1,NULL,NULL,NULL),(2005,187,10,NULL,0,1,NULL,NULL,NULL),(2006,187,11,NULL,0,1,NULL,NULL,NULL),(2007,187,12,NULL,0,1,NULL,NULL,NULL),(2008,187,15,NULL,0,1,NULL,NULL,NULL),(2009,187,16,NULL,0,1,NULL,NULL,NULL),(2010,188,2,NULL,0,1,NULL,NULL,NULL),(2011,188,5,NULL,0,1,NULL,'2025-01-13 20:32:23.000000',NULL),(2012,188,6,NULL,0,1,NULL,NULL,NULL),(2013,188,7,NULL,1,1,NULL,'2025-01-13 20:32:23.000000',NULL),(2014,188,8,NULL,0,1,NULL,NULL,NULL),(2015,188,9,NULL,0,1,NULL,NULL,NULL),(2016,188,10,NULL,0,1,NULL,NULL,NULL),(2017,188,11,NULL,0,1,NULL,NULL,NULL),(2018,188,12,NULL,0,1,NULL,NULL,NULL),(2019,188,15,NULL,0,1,NULL,NULL,NULL),(2020,188,16,NULL,0,1,NULL,NULL,NULL),(2021,189,2,NULL,0,1,NULL,NULL,NULL),(2022,189,5,NULL,0,1,NULL,NULL,NULL),(2023,189,6,NULL,0,1,NULL,NULL,NULL),(2024,189,7,NULL,2,1,NULL,'2025-01-16 11:53:51.000000',NULL),(2025,189,8,NULL,0,1,NULL,NULL,NULL),(2026,189,9,NULL,0,1,NULL,NULL,NULL),(2027,189,10,NULL,0,1,NULL,NULL,NULL),(2028,189,11,NULL,0,1,NULL,NULL,NULL),(2029,189,12,NULL,0,1,NULL,NULL,NULL),(2030,189,15,NULL,0,1,NULL,NULL,NULL),(2031,189,16,NULL,0,1,NULL,NULL,NULL),(2032,190,2,NULL,0,1,NULL,NULL,NULL),(2033,190,5,NULL,0,1,NULL,NULL,NULL),(2034,190,6,NULL,0,1,NULL,NULL,NULL),(2035,190,7,NULL,0,1,NULL,NULL,NULL),(2036,190,8,NULL,1,1,NULL,'2025-01-14 12:51:46.000000',NULL),(2037,190,9,NULL,0,1,NULL,NULL,NULL),(2038,190,10,NULL,0,1,NULL,NULL,NULL),(2039,190,11,NULL,0,1,NULL,NULL,NULL),(2040,190,12,NULL,0,1,NULL,NULL,NULL),(2041,190,15,NULL,0,1,NULL,NULL,NULL),(2042,190,16,NULL,0,1,NULL,NULL,NULL),(2043,191,2,NULL,0,1,NULL,NULL,NULL),(2044,191,5,NULL,0,1,NULL,NULL,NULL),(2045,191,6,NULL,0,1,NULL,NULL,NULL),(2046,191,7,NULL,0,1,NULL,NULL,NULL),(2047,191,8,NULL,1,1,NULL,'2025-01-14 13:00:42.000000',NULL),(2048,191,9,NULL,0,1,NULL,NULL,NULL),(2049,191,10,NULL,0,1,NULL,NULL,NULL),(2050,191,11,NULL,0,1,NULL,NULL,NULL),(2051,191,12,NULL,0,1,NULL,NULL,NULL),(2052,191,15,NULL,0,1,NULL,NULL,NULL),(2053,191,16,NULL,0,1,NULL,NULL,NULL),(2054,192,2,NULL,0,1,NULL,NULL,NULL),(2055,192,5,NULL,0,1,NULL,NULL,NULL),(2056,192,6,NULL,0,1,NULL,NULL,NULL),(2057,192,7,NULL,0,1,NULL,NULL,NULL),(2058,192,8,NULL,1,1,NULL,'2025-01-14 13:15:25.000000',NULL),(2059,192,9,NULL,0,1,NULL,NULL,NULL),(2060,192,10,NULL,0,1,NULL,NULL,NULL),(2061,192,11,NULL,0,1,NULL,NULL,NULL),(2062,192,12,NULL,0,1,NULL,NULL,NULL),(2063,192,15,NULL,0,1,NULL,NULL,NULL),(2064,192,16,NULL,0,1,NULL,NULL,NULL),(2065,193,2,NULL,0,1,NULL,NULL,NULL),(2066,193,5,NULL,0,1,NULL,NULL,NULL),(2067,193,6,NULL,0,1,NULL,NULL,NULL),(2068,193,7,NULL,0,1,NULL,NULL,NULL),(2069,193,8,NULL,1,1,NULL,'2025-01-14 13:19:29.000000',NULL),(2070,193,9,NULL,0,1,NULL,NULL,NULL),(2071,193,10,NULL,0,1,NULL,NULL,NULL),(2072,193,11,NULL,0,1,NULL,NULL,NULL),(2073,193,12,NULL,0,1,NULL,NULL,NULL),(2074,193,15,NULL,0,1,NULL,NULL,NULL),(2075,193,16,NULL,0,1,NULL,NULL,NULL),(2076,194,2,NULL,0,1,NULL,NULL,NULL),(2077,194,5,NULL,0,1,NULL,NULL,NULL),(2078,194,6,NULL,0,1,NULL,NULL,NULL),(2079,194,7,NULL,0,1,NULL,NULL,NULL),(2080,194,8,NULL,4,1,NULL,'2025-01-14 13:23:20.000000',NULL),(2081,194,9,NULL,0,1,NULL,NULL,NULL),(2082,194,10,NULL,0,1,NULL,NULL,NULL),(2083,194,11,NULL,0,1,NULL,NULL,NULL),(2084,194,12,NULL,0,1,NULL,NULL,NULL),(2085,194,15,NULL,0,1,NULL,NULL,NULL),(2086,194,16,NULL,0,1,NULL,NULL,NULL),(2087,195,2,NULL,0,1,NULL,NULL,NULL),(2088,195,5,NULL,0,1,NULL,NULL,NULL),(2089,195,6,NULL,0,1,NULL,NULL,NULL),(2090,195,7,NULL,0,1,NULL,NULL,NULL),(2091,195,8,NULL,1,1,NULL,'2025-01-14 13:28:22.000000',NULL),(2092,195,9,NULL,0,1,NULL,NULL,NULL),(2093,195,10,NULL,0,1,NULL,NULL,NULL),(2094,195,11,NULL,0,1,NULL,NULL,NULL),(2095,195,12,NULL,0,1,NULL,NULL,NULL),(2096,195,15,NULL,0,1,NULL,NULL,NULL),(2097,195,16,NULL,0,1,NULL,NULL,NULL),(2098,196,2,NULL,0,1,NULL,NULL,NULL),(2099,196,5,NULL,0,1,NULL,NULL,NULL),(2100,196,6,NULL,0,1,NULL,NULL,NULL),(2101,196,7,NULL,0,1,NULL,NULL,NULL),(2102,196,8,NULL,1,1,NULL,'2025-01-14 13:31:06.000000',NULL),(2103,196,9,NULL,0,1,NULL,NULL,NULL),(2104,196,10,NULL,0,1,NULL,NULL,NULL),(2105,196,11,NULL,0,1,NULL,NULL,NULL),(2106,196,12,NULL,0,1,NULL,NULL,NULL),(2107,196,15,NULL,0,1,NULL,NULL,NULL),(2108,196,16,NULL,0,1,NULL,NULL,NULL),(2109,197,2,NULL,0,1,NULL,NULL,NULL),(2110,197,5,NULL,0,1,NULL,NULL,NULL),(2111,197,6,NULL,0,1,NULL,NULL,NULL),(2112,197,7,NULL,0,1,NULL,NULL,NULL),(2113,197,8,NULL,1,1,NULL,'2025-01-14 13:37:42.000000',NULL),(2114,197,9,NULL,0,1,NULL,NULL,NULL),(2115,197,10,NULL,0,1,NULL,NULL,NULL),(2116,197,11,NULL,0,1,NULL,NULL,NULL),(2117,197,12,NULL,0,1,NULL,NULL,NULL),(2118,197,15,NULL,0,1,NULL,NULL,NULL),(2119,197,16,NULL,0,1,NULL,NULL,NULL),(2120,198,2,NULL,0,1,NULL,NULL,NULL),(2121,198,5,NULL,0,1,NULL,NULL,NULL),(2122,198,6,NULL,0,1,NULL,NULL,NULL),(2123,198,7,NULL,0,1,NULL,NULL,NULL),(2124,198,8,NULL,2,1,NULL,'2025-01-14 13:50:35.000000',NULL),(2125,198,9,NULL,0,1,NULL,NULL,NULL),(2126,198,10,NULL,0,1,NULL,NULL,NULL),(2127,198,11,NULL,0,1,NULL,NULL,NULL),(2128,198,12,NULL,0,1,NULL,NULL,NULL),(2129,198,15,NULL,0,1,NULL,NULL,NULL),(2130,198,16,NULL,0,1,NULL,NULL,NULL),(2131,199,2,NULL,0,1,NULL,NULL,NULL),(2132,199,5,NULL,0,1,NULL,NULL,NULL),(2133,199,6,NULL,0,1,NULL,NULL,NULL),(2134,199,7,NULL,0,1,NULL,NULL,NULL),(2135,199,8,NULL,2,1,NULL,'2025-01-14 13:50:35.000000',NULL),(2136,199,9,NULL,0,1,NULL,NULL,NULL),(2137,199,10,NULL,0,1,NULL,NULL,NULL),(2138,199,11,NULL,0,1,NULL,NULL,NULL),(2139,199,12,NULL,0,1,NULL,NULL,NULL),(2140,199,15,NULL,0,1,NULL,NULL,NULL),(2141,199,16,NULL,0,1,NULL,NULL,NULL),(2142,200,2,NULL,0,1,NULL,NULL,NULL),(2143,200,5,NULL,0,1,NULL,NULL,NULL),(2144,200,6,NULL,0,1,NULL,NULL,NULL),(2145,200,7,NULL,0,1,NULL,NULL,NULL),(2146,200,8,NULL,1,1,NULL,'2025-01-14 13:50:35.000000',NULL),(2147,200,9,NULL,0,1,NULL,NULL,NULL),(2148,200,10,NULL,0,1,NULL,NULL,NULL),(2149,200,11,NULL,0,1,NULL,NULL,NULL),(2150,200,12,NULL,0,1,NULL,NULL,NULL),(2151,200,15,NULL,0,1,NULL,NULL,NULL),(2152,200,16,NULL,0,1,NULL,NULL,NULL),(2153,201,2,NULL,0,1,NULL,NULL,NULL),(2154,201,5,NULL,0,1,NULL,NULL,NULL),(2155,201,6,NULL,0,1,NULL,NULL,NULL),(2156,201,7,NULL,0,1,NULL,NULL,NULL),(2157,201,8,NULL,1,1,NULL,'2025-01-14 13:50:35.000000',NULL),(2158,201,9,NULL,0,1,NULL,NULL,NULL),(2159,201,10,NULL,0,1,NULL,NULL,NULL),(2160,201,11,NULL,0,1,NULL,NULL,NULL),(2161,201,12,NULL,0,1,NULL,NULL,NULL),(2162,201,15,NULL,0,1,NULL,NULL,NULL),(2163,201,16,NULL,0,1,NULL,NULL,NULL),(2164,202,2,NULL,0,1,NULL,NULL,NULL),(2165,202,5,NULL,0,1,NULL,NULL,NULL),(2166,202,6,NULL,0,1,NULL,NULL,NULL),(2167,202,7,NULL,0,1,NULL,NULL,NULL),(2168,202,8,NULL,1,1,NULL,'2025-01-14 13:59:53.000000',NULL),(2169,202,9,NULL,0,1,NULL,NULL,NULL),(2170,202,10,NULL,0,1,NULL,NULL,NULL),(2171,202,11,NULL,0,1,NULL,NULL,NULL),(2172,202,12,NULL,0,1,NULL,NULL,NULL),(2173,202,15,NULL,0,1,NULL,NULL,NULL),(2174,202,16,NULL,0,1,NULL,NULL,NULL),(2175,203,2,NULL,0,1,NULL,NULL,NULL),(2176,203,5,NULL,0,1,NULL,NULL,NULL),(2177,203,6,NULL,0,1,NULL,NULL,NULL),(2178,203,7,NULL,0,1,NULL,NULL,NULL),(2179,203,8,NULL,1,1,NULL,'2025-01-14 14:21:45.000000',NULL),(2180,203,9,NULL,0,1,NULL,NULL,NULL),(2181,203,10,NULL,0,1,NULL,NULL,NULL),(2182,203,11,NULL,0,1,NULL,NULL,NULL),(2183,203,12,NULL,0,1,NULL,NULL,NULL),(2184,203,15,NULL,0,1,NULL,NULL,NULL),(2185,203,16,NULL,0,1,NULL,NULL,NULL),(2186,204,2,NULL,0,1,NULL,NULL,NULL),(2187,204,5,NULL,0,1,NULL,NULL,NULL),(2188,204,6,NULL,0,1,NULL,NULL,NULL),(2189,204,7,NULL,0,1,NULL,NULL,NULL),(2190,204,8,NULL,2,1,NULL,'2025-01-14 14:29:02.000000',NULL),(2191,204,9,NULL,0,1,NULL,NULL,NULL),(2192,204,10,NULL,0,1,NULL,NULL,NULL),(2193,204,11,NULL,0,1,NULL,NULL,NULL),(2194,204,12,NULL,0,1,NULL,NULL,NULL),(2195,204,15,NULL,0,1,NULL,NULL,NULL),(2196,204,16,NULL,0,1,NULL,NULL,NULL),(2197,205,2,NULL,0,1,NULL,NULL,NULL),(2198,205,5,NULL,0,1,NULL,NULL,NULL),(2199,205,6,NULL,0,1,NULL,NULL,NULL),(2200,205,7,NULL,0,1,NULL,NULL,NULL),(2201,205,8,NULL,998,1,NULL,'2025-01-14 14:58:40.000000',NULL),(2202,205,9,NULL,0,1,NULL,NULL,NULL),(2203,205,10,NULL,0,1,NULL,NULL,NULL),(2204,205,11,NULL,0,1,NULL,NULL,NULL),(2205,205,12,NULL,0,1,NULL,NULL,NULL),(2206,205,15,NULL,0,1,NULL,NULL,NULL),(2207,205,16,NULL,0,1,NULL,NULL,NULL),(2208,206,2,NULL,0,1,NULL,NULL,NULL),(2209,206,5,NULL,0,1,NULL,NULL,NULL),(2210,206,6,NULL,0,1,NULL,NULL,NULL),(2211,206,7,NULL,0,1,NULL,NULL,NULL),(2212,206,8,NULL,2,1,NULL,'2025-01-14 15:09:11.000000',NULL),(2213,206,9,NULL,0,1,NULL,NULL,NULL),(2214,206,10,NULL,0,1,NULL,NULL,NULL),(2215,206,11,NULL,0,1,NULL,NULL,NULL),(2216,206,12,NULL,0,1,NULL,NULL,NULL),(2217,206,15,NULL,0,1,NULL,NULL,NULL),(2218,206,16,NULL,0,1,NULL,NULL,NULL),(2219,207,2,NULL,0,1,NULL,NULL,NULL),(2220,207,5,NULL,0,1,NULL,NULL,NULL),(2221,207,6,NULL,0,1,NULL,NULL,NULL),(2222,207,7,NULL,0,1,NULL,NULL,NULL),(2223,207,8,NULL,3,1,NULL,'2025-01-14 15:09:11.000000',NULL),(2224,207,9,NULL,0,1,NULL,NULL,NULL),(2225,207,10,NULL,0,1,NULL,NULL,NULL),(2226,207,11,NULL,0,1,NULL,NULL,NULL),(2227,207,12,NULL,0,1,NULL,NULL,NULL),(2228,207,15,NULL,0,1,NULL,NULL,NULL),(2229,207,16,NULL,0,1,NULL,NULL,NULL),(2230,208,2,NULL,0,1,NULL,NULL,NULL),(2231,208,5,NULL,0,1,NULL,NULL,NULL),(2232,208,6,NULL,0,1,NULL,NULL,NULL),(2233,208,7,NULL,0,1,NULL,NULL,NULL),(2234,208,8,NULL,3,1,NULL,'2025-01-14 15:09:11.000000',NULL),(2235,208,9,NULL,0,1,NULL,NULL,NULL),(2236,208,10,NULL,0,1,NULL,NULL,NULL),(2237,208,11,NULL,0,1,NULL,NULL,NULL),(2238,208,12,NULL,0,1,NULL,NULL,NULL),(2239,208,15,NULL,0,1,NULL,NULL,NULL),(2240,208,16,NULL,0,1,NULL,NULL,NULL),(2241,209,2,NULL,0,1,NULL,NULL,NULL),(2242,209,5,NULL,0,1,NULL,NULL,NULL),(2243,209,6,NULL,0,1,NULL,NULL,NULL),(2244,209,7,NULL,0,1,NULL,NULL,NULL),(2245,209,8,NULL,45,1,NULL,'2025-01-14 15:20:24.000000',NULL),(2246,209,9,NULL,0,1,NULL,NULL,NULL),(2247,209,10,NULL,0,1,NULL,NULL,NULL),(2248,209,11,NULL,0,1,NULL,NULL,NULL),(2249,209,12,NULL,0,1,NULL,NULL,NULL),(2250,209,15,NULL,0,1,NULL,NULL,NULL),(2251,209,16,NULL,0,1,NULL,NULL,NULL),(2252,210,2,NULL,0,1,NULL,NULL,NULL),(2253,210,5,NULL,0,1,NULL,NULL,NULL),(2254,210,6,NULL,0,1,NULL,NULL,NULL),(2255,210,7,NULL,0,1,NULL,NULL,NULL),(2256,210,8,NULL,24,1,NULL,'2025-01-14 15:28:15.000000',NULL),(2257,210,9,NULL,0,1,NULL,NULL,NULL),(2258,210,10,NULL,0,1,NULL,NULL,NULL),(2259,210,11,NULL,0,1,NULL,NULL,NULL),(2260,210,12,NULL,0,1,NULL,NULL,NULL),(2261,210,15,NULL,0,1,NULL,NULL,NULL),(2262,210,16,NULL,0,1,NULL,NULL,NULL),(2263,211,2,NULL,0,1,NULL,NULL,NULL),(2264,211,5,NULL,0,1,NULL,NULL,NULL),(2265,211,6,NULL,0,1,NULL,NULL,NULL),(2266,211,7,NULL,0,1,NULL,NULL,NULL),(2267,211,8,NULL,1,1,NULL,'2025-01-14 15:33:43.000000',NULL),(2268,211,9,NULL,0,1,NULL,NULL,NULL),(2269,211,10,NULL,0,1,NULL,NULL,NULL),(2270,211,11,NULL,0,1,NULL,NULL,NULL),(2271,211,12,NULL,0,1,NULL,NULL,NULL),(2272,211,15,NULL,0,1,NULL,NULL,NULL),(2273,211,16,NULL,0,1,NULL,NULL,NULL),(2274,212,2,NULL,0,1,NULL,NULL,NULL),(2275,212,5,NULL,0,1,NULL,NULL,NULL),(2276,212,6,NULL,0,1,NULL,NULL,NULL),(2277,212,7,NULL,0,1,NULL,NULL,NULL),(2278,212,8,NULL,2,1,NULL,'2025-01-14 15:36:10.000000',NULL),(2279,212,9,NULL,0,1,NULL,NULL,NULL),(2280,212,10,NULL,0,1,NULL,NULL,NULL),(2281,212,11,NULL,0,1,NULL,NULL,NULL),(2282,212,12,NULL,0,1,NULL,NULL,NULL),(2283,212,15,NULL,0,1,NULL,NULL,NULL),(2284,212,16,NULL,0,1,NULL,NULL,NULL),(2285,213,2,NULL,0,1,NULL,NULL,NULL),(2286,213,5,NULL,0,1,NULL,NULL,NULL),(2287,213,6,NULL,0,1,NULL,NULL,NULL),(2288,213,7,NULL,0,1,NULL,NULL,NULL),(2289,213,8,NULL,1,1,NULL,'2025-01-14 18:37:18.000000',NULL),(2290,213,9,NULL,0,1,NULL,NULL,NULL),(2291,213,10,NULL,0,1,NULL,NULL,NULL),(2292,213,11,NULL,0,1,NULL,NULL,NULL),(2293,213,12,NULL,0,1,NULL,NULL,NULL),(2294,213,15,NULL,0,1,NULL,NULL,NULL),(2295,213,16,NULL,0,1,NULL,NULL,NULL),(2296,214,2,NULL,0,1,NULL,NULL,NULL),(2297,214,5,NULL,0,1,NULL,NULL,NULL),(2298,214,6,NULL,0,1,NULL,NULL,NULL),(2299,214,7,NULL,0,1,NULL,NULL,NULL),(2300,214,8,NULL,1,1,NULL,'2025-01-15 11:34:53.000000',NULL),(2301,214,9,NULL,0,1,NULL,NULL,NULL),(2302,214,10,NULL,0,1,NULL,NULL,NULL),(2303,214,11,NULL,0,1,NULL,NULL,NULL),(2304,214,12,NULL,0,1,NULL,NULL,NULL),(2305,214,15,NULL,0,1,NULL,NULL,NULL),(2306,214,16,NULL,0,1,NULL,NULL,NULL),(2307,215,2,NULL,0,1,NULL,NULL,NULL),(2308,215,5,NULL,0,1,NULL,NULL,NULL),(2309,215,6,NULL,0,1,NULL,NULL,NULL),(2310,215,7,NULL,0,1,NULL,NULL,NULL),(2311,215,8,NULL,1,1,NULL,'2025-01-15 11:37:30.000000',NULL),(2312,215,9,NULL,0,1,NULL,NULL,NULL),(2313,215,10,NULL,0,1,NULL,NULL,NULL),(2314,215,11,NULL,0,1,NULL,NULL,NULL),(2315,215,12,NULL,0,1,NULL,NULL,NULL),(2316,215,15,NULL,0,1,NULL,NULL,NULL),(2317,215,16,NULL,0,1,NULL,NULL,NULL),(2318,216,2,NULL,0,1,NULL,NULL,NULL),(2319,216,5,NULL,0,1,NULL,NULL,NULL),(2320,216,6,NULL,0,1,NULL,NULL,NULL),(2321,216,7,NULL,0,1,NULL,NULL,NULL),(2322,216,8,NULL,1,1,NULL,'2025-01-15 11:45:00.000000',NULL),(2323,216,9,NULL,0,1,NULL,NULL,NULL),(2324,216,10,NULL,0,1,NULL,NULL,NULL),(2325,216,11,NULL,0,1,NULL,NULL,NULL),(2326,216,12,NULL,0,1,NULL,NULL,NULL),(2327,216,15,NULL,0,1,NULL,NULL,NULL),(2328,216,16,NULL,0,1,NULL,NULL,NULL),(2329,217,2,NULL,0,1,NULL,NULL,NULL),(2330,217,5,NULL,0,1,NULL,NULL,NULL),(2331,217,6,NULL,0,1,NULL,NULL,NULL),(2332,217,7,NULL,0,1,NULL,NULL,NULL),(2333,217,8,NULL,2,1,NULL,'2025-01-15 11:48:24.000000',NULL),(2334,217,9,NULL,0,1,NULL,NULL,NULL),(2335,217,10,NULL,0,1,NULL,NULL,NULL),(2336,217,11,NULL,0,1,NULL,NULL,NULL),(2337,217,12,NULL,0,1,NULL,NULL,NULL),(2338,217,15,NULL,0,1,NULL,NULL,NULL),(2339,217,16,NULL,0,1,NULL,NULL,NULL),(2340,218,2,NULL,0,1,NULL,NULL,NULL),(2341,218,5,NULL,0,1,NULL,NULL,NULL),(2342,218,6,NULL,0,1,NULL,NULL,NULL),(2343,218,7,NULL,0,1,NULL,NULL,NULL),(2344,218,8,NULL,9,1,NULL,'2025-01-15 11:55:38.000000',NULL),(2345,218,9,NULL,0,1,NULL,NULL,NULL),(2346,218,10,NULL,0,1,NULL,NULL,NULL),(2347,218,11,NULL,0,1,NULL,NULL,NULL),(2348,218,12,NULL,0,1,NULL,NULL,NULL),(2349,218,15,NULL,0,1,NULL,NULL,NULL),(2350,218,16,NULL,0,1,NULL,NULL,NULL),(2351,219,2,NULL,0,1,NULL,NULL,NULL),(2352,219,5,NULL,0,1,NULL,NULL,NULL),(2353,219,6,NULL,0,1,NULL,NULL,NULL),(2354,219,7,NULL,0,1,NULL,NULL,NULL),(2355,219,8,NULL,1,1,NULL,'2025-01-15 11:55:38.000000',NULL),(2356,219,9,NULL,0,1,NULL,NULL,NULL),(2357,219,10,NULL,0,1,NULL,NULL,NULL),(2358,219,11,NULL,0,1,NULL,NULL,NULL),(2359,219,12,NULL,0,1,NULL,NULL,NULL),(2360,219,15,NULL,0,1,NULL,NULL,NULL),(2361,219,16,NULL,0,1,NULL,NULL,NULL),(2362,220,2,NULL,0,1,NULL,NULL,NULL),(2363,220,5,NULL,0,1,NULL,NULL,NULL),(2364,220,6,NULL,0,1,NULL,NULL,NULL),(2365,220,7,NULL,0,1,NULL,NULL,NULL),(2366,220,8,NULL,1,1,NULL,'2025-01-15 12:03:08.000000',NULL),(2367,220,9,NULL,0,1,NULL,NULL,NULL),(2368,220,10,NULL,0,1,NULL,NULL,NULL),(2369,220,11,NULL,0,1,NULL,NULL,NULL),(2370,220,12,NULL,0,1,NULL,NULL,NULL),(2371,220,15,NULL,0,1,NULL,NULL,NULL),(2372,220,16,NULL,0,1,NULL,NULL,NULL),(2373,221,2,NULL,0,1,NULL,NULL,NULL),(2374,221,5,NULL,0,1,NULL,NULL,NULL),(2375,221,6,NULL,0,1,NULL,NULL,NULL),(2376,221,7,NULL,0,1,NULL,NULL,NULL),(2377,221,8,NULL,1,1,NULL,'2025-01-15 12:19:40.000000',NULL),(2378,221,9,NULL,0,1,NULL,NULL,NULL),(2379,221,10,NULL,0,1,NULL,NULL,NULL),(2380,221,11,NULL,0,1,NULL,NULL,NULL),(2381,221,12,NULL,0,1,NULL,NULL,NULL),(2382,221,15,NULL,0,1,NULL,NULL,NULL),(2383,221,16,NULL,0,1,NULL,NULL,NULL),(2384,222,2,NULL,0,1,NULL,NULL,NULL),(2385,222,5,NULL,0,1,NULL,NULL,NULL),(2386,222,6,NULL,0,1,NULL,NULL,NULL),(2387,222,7,NULL,0,1,NULL,NULL,NULL),(2388,222,8,NULL,3,1,NULL,'2025-01-15 12:30:44.000000',NULL),(2389,222,9,NULL,0,1,NULL,NULL,NULL),(2390,222,10,NULL,0,1,NULL,NULL,NULL),(2391,222,11,NULL,0,1,NULL,NULL,NULL),(2392,222,12,NULL,0,1,NULL,NULL,NULL),(2393,222,15,NULL,0,1,NULL,NULL,NULL),(2394,222,16,NULL,0,1,NULL,NULL,NULL),(2395,223,2,NULL,0,1,NULL,NULL,NULL),(2396,223,5,NULL,0,1,NULL,NULL,NULL),(2397,223,6,NULL,0,1,NULL,NULL,NULL),(2398,223,7,NULL,0,1,NULL,NULL,NULL),(2399,223,8,NULL,1,1,NULL,'2025-01-15 12:40:08.000000',NULL),(2400,223,9,NULL,0,1,NULL,NULL,NULL),(2401,223,10,NULL,0,1,NULL,NULL,NULL),(2402,223,11,NULL,0,1,NULL,NULL,NULL),(2403,223,12,NULL,0,1,NULL,NULL,NULL),(2404,223,15,NULL,0,1,NULL,NULL,NULL),(2405,223,16,NULL,0,1,NULL,NULL,NULL),(2406,224,2,NULL,0,1,NULL,NULL,NULL),(2407,224,5,NULL,0,1,NULL,NULL,NULL),(2408,224,6,NULL,0,1,NULL,NULL,NULL),(2409,224,7,NULL,0,1,NULL,NULL,NULL),(2410,224,8,NULL,1,1,NULL,'2025-01-15 12:43:03.000000',NULL),(2411,224,9,NULL,0,1,NULL,NULL,NULL),(2412,224,10,NULL,0,1,NULL,NULL,NULL),(2413,224,11,NULL,0,1,NULL,NULL,NULL),(2414,224,12,NULL,0,1,NULL,NULL,NULL),(2415,224,15,NULL,0,1,NULL,NULL,NULL),(2416,224,16,NULL,0,1,NULL,NULL,NULL),(2417,225,2,NULL,0,1,NULL,NULL,NULL),(2418,225,5,NULL,0,1,NULL,NULL,NULL),(2419,225,6,NULL,0,1,NULL,NULL,NULL),(2420,225,7,NULL,0,1,NULL,NULL,NULL),(2421,225,8,NULL,1,1,NULL,'2025-01-15 12:45:53.000000',NULL),(2422,225,9,NULL,0,1,NULL,NULL,NULL),(2423,225,10,NULL,0,1,NULL,NULL,NULL),(2424,225,11,NULL,0,1,NULL,NULL,NULL),(2425,225,12,NULL,0,1,NULL,NULL,NULL),(2426,225,15,NULL,0,1,NULL,NULL,NULL),(2427,225,16,NULL,0,1,NULL,NULL,NULL),(2428,226,2,NULL,0,1,NULL,NULL,NULL),(2429,226,5,NULL,0,1,NULL,NULL,NULL),(2430,226,6,NULL,0,1,NULL,NULL,NULL),(2431,226,7,NULL,0,1,NULL,NULL,NULL),(2432,226,8,NULL,1,1,NULL,'2025-01-15 12:47:57.000000',NULL),(2433,226,9,NULL,0,1,NULL,NULL,NULL),(2434,226,10,NULL,0,1,NULL,NULL,NULL),(2435,226,11,NULL,0,1,NULL,NULL,NULL),(2436,226,12,NULL,0,1,NULL,NULL,NULL),(2437,226,15,NULL,0,1,NULL,NULL,NULL),(2438,226,16,NULL,0,1,NULL,NULL,NULL),(2439,227,2,NULL,0,1,NULL,NULL,NULL),(2440,227,5,NULL,0,1,NULL,NULL,NULL),(2441,227,6,NULL,0,1,NULL,NULL,NULL),(2442,227,7,NULL,0,1,NULL,NULL,NULL),(2443,227,8,NULL,3,1,NULL,'2025-01-15 12:55:31.000000',NULL),(2444,227,9,NULL,0,1,NULL,NULL,NULL),(2445,227,10,NULL,0,1,NULL,NULL,NULL),(2446,227,11,NULL,0,1,NULL,NULL,NULL),(2447,227,12,NULL,0,1,NULL,NULL,NULL),(2448,227,15,NULL,0,1,NULL,NULL,NULL),(2449,227,16,NULL,0,1,NULL,NULL,NULL),(2450,228,2,NULL,0,1,NULL,NULL,NULL),(2451,228,5,NULL,0,1,NULL,NULL,NULL),(2452,228,6,NULL,0,1,NULL,NULL,NULL),(2453,228,7,NULL,0,1,NULL,NULL,NULL),(2454,228,8,NULL,2,1,NULL,'2025-01-15 13:01:14.000000',NULL),(2455,228,9,NULL,0,1,NULL,NULL,NULL),(2456,228,10,NULL,0,1,NULL,NULL,NULL),(2457,228,11,NULL,0,1,NULL,NULL,NULL),(2458,228,12,NULL,0,1,NULL,NULL,NULL),(2459,228,15,NULL,0,1,NULL,NULL,NULL),(2460,228,16,NULL,0,1,NULL,NULL,NULL),(2461,229,2,NULL,0,1,NULL,NULL,NULL),(2462,229,5,NULL,0,1,NULL,NULL,NULL),(2463,229,6,NULL,0,1,NULL,NULL,NULL),(2464,229,7,NULL,0,1,NULL,NULL,NULL),(2465,229,8,NULL,1,1,NULL,'2025-01-15 13:07:08.000000',NULL),(2466,229,9,NULL,0,1,NULL,NULL,NULL),(2467,229,10,NULL,0,1,NULL,NULL,NULL),(2468,229,11,NULL,0,1,NULL,NULL,NULL),(2469,229,12,NULL,0,1,NULL,NULL,NULL),(2470,229,15,NULL,0,1,NULL,NULL,NULL),(2471,229,16,NULL,0,1,NULL,NULL,NULL),(2472,230,2,NULL,0,1,NULL,NULL,NULL),(2473,230,5,NULL,0,1,NULL,NULL,NULL),(2474,230,6,NULL,0,1,NULL,NULL,NULL),(2475,230,7,NULL,0,1,NULL,NULL,NULL),(2476,230,8,NULL,1,1,NULL,'2025-01-15 13:14:16.000000',NULL),(2477,230,9,NULL,0,1,NULL,NULL,NULL),(2478,230,10,NULL,0,1,NULL,NULL,NULL),(2479,230,11,NULL,0,1,NULL,NULL,NULL),(2480,230,12,NULL,0,1,NULL,NULL,NULL),(2481,230,15,NULL,0,1,NULL,NULL,NULL),(2482,230,16,NULL,0,1,NULL,NULL,NULL),(2483,231,2,NULL,0,1,NULL,NULL,NULL),(2484,231,5,NULL,0,1,NULL,NULL,NULL),(2485,231,6,NULL,0,1,NULL,NULL,NULL),(2486,231,7,NULL,0,1,NULL,NULL,NULL),(2487,231,8,NULL,1,1,NULL,'2025-01-15 13:27:50.000000',NULL),(2488,231,9,NULL,0,1,NULL,NULL,NULL),(2489,231,10,NULL,0,1,NULL,NULL,NULL),(2490,231,11,NULL,0,1,NULL,NULL,NULL),(2491,231,12,NULL,0,1,NULL,NULL,NULL),(2492,231,15,NULL,0,1,NULL,NULL,NULL),(2493,231,16,NULL,0,1,NULL,NULL,NULL),(2494,232,2,NULL,0,1,NULL,NULL,NULL),(2495,232,5,NULL,0,1,NULL,NULL,NULL),(2496,232,6,NULL,0,1,NULL,NULL,NULL),(2497,232,7,NULL,0,1,NULL,NULL,NULL),(2498,232,8,NULL,1,1,NULL,'2025-01-15 13:33:57.000000',NULL),(2499,232,9,NULL,0,1,NULL,NULL,NULL),(2500,232,10,NULL,0,1,NULL,NULL,NULL),(2501,232,11,NULL,0,1,NULL,NULL,NULL),(2502,232,12,NULL,0,1,NULL,NULL,NULL),(2503,232,15,NULL,0,1,NULL,NULL,NULL),(2504,232,16,NULL,0,1,NULL,NULL,NULL),(2505,233,2,NULL,0,1,NULL,NULL,NULL),(2506,233,5,NULL,0,1,NULL,NULL,NULL),(2507,233,6,NULL,0,1,NULL,NULL,NULL),(2508,233,7,NULL,0,1,NULL,NULL,NULL),(2509,233,8,NULL,2,1,NULL,'2025-01-15 13:55:51.000000',NULL),(2510,233,9,NULL,0,1,NULL,NULL,NULL),(2511,233,10,NULL,0,1,NULL,NULL,NULL),(2512,233,11,NULL,0,1,NULL,NULL,NULL),(2513,233,12,NULL,0,1,NULL,NULL,NULL),(2514,233,15,NULL,0,1,NULL,NULL,NULL),(2515,233,16,NULL,0,1,NULL,NULL,NULL),(2516,234,2,NULL,0,1,NULL,NULL,NULL),(2517,234,5,NULL,0,1,NULL,'2025-01-15 20:00:40.000000',NULL),(2518,234,6,NULL,0,1,NULL,NULL,NULL),(2519,234,7,NULL,0,1,NULL,'2025-01-15 20:02:09.000000',NULL),(2520,234,8,NULL,0,1,NULL,NULL,NULL),(2521,234,9,NULL,0,1,NULL,NULL,NULL),(2522,234,10,NULL,0,1,NULL,NULL,NULL),(2523,234,11,NULL,0,1,NULL,NULL,NULL),(2524,234,12,NULL,0,1,NULL,NULL,NULL),(2525,234,15,NULL,0,1,NULL,NULL,NULL),(2526,234,16,NULL,0,1,NULL,NULL,NULL),(2527,235,2,NULL,0,1,NULL,NULL,NULL),(2528,235,5,NULL,0,1,NULL,'2025-01-15 20:10:11.000000',NULL),(2529,235,6,NULL,0,1,NULL,NULL,NULL),(2530,235,7,NULL,0,1,NULL,NULL,NULL),(2531,235,8,NULL,0,1,NULL,NULL,NULL),(2532,235,9,NULL,0,1,NULL,NULL,NULL),(2533,235,10,NULL,0,1,NULL,NULL,NULL),(2534,235,11,NULL,0,1,NULL,NULL,NULL),(2535,235,12,NULL,0,1,NULL,NULL,NULL),(2536,235,15,NULL,0,1,NULL,NULL,NULL),(2537,235,16,NULL,1,1,NULL,'2025-01-15 20:10:11.000000',NULL),(2538,236,2,NULL,0,1,NULL,NULL,NULL),(2539,236,5,NULL,0,1,NULL,NULL,NULL),(2540,236,6,NULL,0,1,NULL,NULL,NULL),(2541,236,7,NULL,0,1,NULL,NULL,NULL),(2542,236,8,NULL,2,1,NULL,'2025-01-16 12:23:15.000000',NULL),(2543,236,9,NULL,0,1,NULL,NULL,NULL),(2544,236,10,NULL,0,1,NULL,NULL,NULL),(2545,236,11,NULL,0,1,NULL,NULL,NULL),(2546,236,12,NULL,0,1,NULL,NULL,NULL),(2547,236,15,NULL,0,1,NULL,NULL,NULL),(2548,236,16,NULL,0,1,NULL,NULL,NULL),(2549,237,2,NULL,0,1,NULL,NULL,NULL),(2550,237,5,NULL,0,1,NULL,NULL,NULL),(2551,237,6,NULL,0,1,NULL,NULL,NULL),(2552,237,7,NULL,0,1,NULL,NULL,NULL),(2553,237,8,NULL,1,1,NULL,'2025-01-16 12:26:07.000000',NULL),(2554,237,9,NULL,0,1,NULL,NULL,NULL),(2555,237,10,NULL,0,1,NULL,NULL,NULL),(2556,237,11,NULL,0,1,NULL,NULL,NULL),(2557,237,12,NULL,0,1,NULL,NULL,NULL),(2558,237,15,NULL,0,1,NULL,NULL,NULL),(2559,237,16,NULL,0,1,NULL,NULL,NULL),(2560,238,2,NULL,0,1,NULL,NULL,NULL),(2561,238,5,NULL,0,1,NULL,NULL,NULL),(2562,238,6,NULL,0,1,NULL,NULL,NULL),(2563,238,7,NULL,0,1,NULL,NULL,NULL),(2564,238,8,NULL,1,1,NULL,'2025-01-16 12:29:22.000000',NULL),(2565,238,9,NULL,0,1,NULL,NULL,NULL),(2566,238,10,NULL,0,1,NULL,NULL,NULL),(2567,238,11,NULL,0,1,NULL,NULL,NULL),(2568,238,12,NULL,0,1,NULL,NULL,NULL),(2569,238,15,NULL,0,1,NULL,NULL,NULL),(2570,238,16,NULL,0,1,NULL,NULL,NULL),(2571,239,2,NULL,0,1,NULL,NULL,NULL),(2572,239,5,NULL,0,1,NULL,NULL,NULL),(2573,239,6,NULL,0,1,NULL,NULL,NULL),(2574,239,7,NULL,0,1,NULL,NULL,NULL),(2575,239,8,NULL,1,1,NULL,'2025-01-16 12:36:33.000000',NULL),(2576,239,9,NULL,0,1,NULL,NULL,NULL),(2577,239,10,NULL,0,1,NULL,NULL,NULL),(2578,239,11,NULL,0,1,NULL,NULL,NULL),(2579,239,12,NULL,0,1,NULL,NULL,NULL),(2580,239,15,NULL,0,1,NULL,NULL,NULL),(2581,239,16,NULL,0,1,NULL,NULL,NULL),(2582,240,2,NULL,0,1,NULL,NULL,NULL),(2583,240,5,NULL,0,1,NULL,NULL,NULL),(2584,240,6,NULL,0,1,NULL,NULL,NULL),(2585,240,7,NULL,0,1,NULL,NULL,NULL),(2586,240,8,NULL,3,1,NULL,'2025-01-16 12:52:48.000000',NULL),(2587,240,9,NULL,0,1,NULL,NULL,NULL),(2588,240,10,NULL,0,1,NULL,NULL,NULL),(2589,240,11,NULL,0,1,NULL,NULL,NULL),(2590,240,12,NULL,0,1,NULL,NULL,NULL),(2591,240,15,NULL,0,1,NULL,NULL,NULL),(2592,240,16,NULL,0,1,NULL,NULL,NULL),(2593,241,2,NULL,0,1,NULL,NULL,NULL),(2594,241,5,NULL,0,1,NULL,NULL,NULL),(2595,241,6,NULL,0,1,NULL,NULL,NULL),(2596,241,7,NULL,0,1,NULL,NULL,NULL),(2597,241,8,NULL,6,1,NULL,'2025-01-16 12:52:48.000000',NULL),(2598,241,9,NULL,0,1,NULL,NULL,NULL),(2599,241,10,NULL,0,1,NULL,NULL,NULL),(2600,241,11,NULL,0,1,NULL,NULL,NULL),(2601,241,12,NULL,0,1,NULL,NULL,NULL),(2602,241,15,NULL,0,1,NULL,NULL,NULL),(2603,241,16,NULL,0,1,NULL,NULL,NULL),(2604,242,2,NULL,0,1,NULL,NULL,NULL),(2605,242,5,NULL,0,1,NULL,NULL,NULL),(2606,242,6,NULL,0,1,NULL,NULL,NULL),(2607,242,7,NULL,0,1,NULL,NULL,NULL),(2608,242,8,NULL,5,1,NULL,'2025-01-16 12:52:48.000000',NULL),(2609,242,9,NULL,0,1,NULL,NULL,NULL),(2610,242,10,NULL,0,1,NULL,NULL,NULL),(2611,242,11,NULL,0,1,NULL,NULL,NULL),(2612,242,12,NULL,0,1,NULL,NULL,NULL),(2613,242,15,NULL,0,1,NULL,NULL,NULL),(2614,242,16,NULL,0,1,NULL,NULL,NULL),(2615,243,2,NULL,0,1,NULL,NULL,NULL),(2616,243,5,NULL,0,1,NULL,NULL,NULL),(2617,243,6,NULL,0,1,NULL,NULL,NULL),(2618,243,7,NULL,0,1,NULL,NULL,NULL),(2619,243,8,NULL,3,1,NULL,'2025-01-16 13:05:29.000000',NULL),(2620,243,9,NULL,0,1,NULL,NULL,NULL),(2621,243,10,NULL,0,1,NULL,NULL,NULL),(2622,243,11,NULL,0,1,NULL,NULL,NULL),(2623,243,12,NULL,0,1,NULL,NULL,NULL),(2624,243,15,NULL,0,1,NULL,NULL,NULL),(2625,243,16,NULL,0,1,NULL,NULL,NULL),(2626,244,2,NULL,0,1,NULL,NULL,NULL),(2627,244,5,NULL,0,1,NULL,NULL,NULL),(2628,244,6,NULL,0,1,NULL,NULL,NULL),(2629,244,7,NULL,0,1,NULL,NULL,NULL),(2630,244,8,NULL,2,1,NULL,'2025-01-16 13:05:29.000000',NULL),(2631,244,9,NULL,0,1,NULL,NULL,NULL),(2632,244,10,NULL,0,1,NULL,NULL,NULL),(2633,244,11,NULL,0,1,NULL,NULL,NULL),(2634,244,12,NULL,0,1,NULL,NULL,NULL),(2635,244,15,NULL,0,1,NULL,NULL,NULL),(2636,244,16,NULL,0,1,NULL,NULL,NULL),(2637,245,2,NULL,0,1,NULL,NULL,NULL),(2638,245,5,NULL,0,1,NULL,NULL,NULL),(2639,245,6,NULL,0,1,NULL,NULL,NULL),(2640,245,7,NULL,0,1,NULL,NULL,NULL),(2641,245,8,NULL,6,1,NULL,'2025-01-16 13:05:29.000000',NULL),(2642,245,9,NULL,0,1,NULL,NULL,NULL),(2643,245,10,NULL,0,1,NULL,NULL,NULL),(2644,245,11,NULL,0,1,NULL,NULL,NULL),(2645,245,12,NULL,0,1,NULL,NULL,NULL),(2646,245,15,NULL,0,1,NULL,NULL,NULL),(2647,245,16,NULL,0,1,NULL,NULL,NULL);

--
-- Table structure for table `products`
--

CREATE TABLE `products` (
  `id` int(11) NOT NULL AUTO_INCREMENT,
  `type` varchar(191) NOT NULL,
  `code` varchar(192) NOT NULL,
  `Type_barcode` varchar(192) NOT NULL,
  `name` varchar(192) NOT NULL,
  `cost` double NOT NULL,
  `price` double NOT NULL,
  `category_id` int(11) NOT NULL,
  `brand_id` int(11) DEFAULT NULL,
  `unit_id` int(11) DEFAULT NULL,
  `unit_sale_id` int(11) DEFAULT NULL,
  `unit_purchase_id` int(11) DEFAULT NULL,
  `TaxNet` double DEFAULT 0,
  `tax_method` varchar(192) DEFAULT '1',
  `image` text DEFAULT NULL,
  `note` text DEFAULT NULL,
  `stock_alert` double DEFAULT 0,
  `is_variant` tinyint(1) NOT NULL DEFAULT 0,
  `is_imei` tinyint(1) NOT NULL DEFAULT 0,
  `not_selling` tinyint(1) NOT NULL DEFAULT 0,
  `is_active` tinyint(1) DEFAULT 1,
  `created_at` timestamp(6) NULL DEFAULT NULL,
  `updated_at` timestamp(6) NULL DEFAULT NULL,
  `deleted_at` timestamp NULL DEFAULT NULL,
  PRIMARY KEY (`id`),
  KEY `category_id` (`category_id`),
  KEY `brand_id_products` (`brand_id`),
  KEY `unit_id_products` (`unit_id`),
  KEY `unit_id_sales` (`unit_sale_id`),
  KEY `unit_purchase_products` (`unit_purchase_id`),
  CONSTRAINT `brand_id_products` FOREIGN KEY (`brand_id`) REFERENCES `brands` (`id`),
  CONSTRAINT `category_id` FOREIGN KEY (`category_id`) REFERENCES `categories` (`id`),
  CONSTRAINT `unit_id_products` FOREIGN KEY (`unit_id`) REFERENCES `units` (`id`),
  CONSTRAINT `unit_id_sales` FOREIGN KEY (`unit_sale_id`) REFERENCES `units` (`id`),
  CONSTRAINT `unit_purchase_products` FOREIGN KEY (`unit_purchase_id`) REFERENCES `units` (`id`)
) ENGINE=InnoDB AUTO_INCREMENT=246 DEFAULT CHARSET=utf8mb4 COLLATE=utf8mb4_general_ci;

--
-- Dumping data for table `products`
--

INSERT INTO `products` VALUES (1,'is_single','128','CODE128','camlock',800,1000,1,NULL,1,1,1,0,'2','no-image.png',NULL,1,0,0,0,1,'2024-12-23 21:14:08.000000','2024-12-26 15:23:12.000000','2024-12-26 15:23:12'),(2,'is_single','Pump koshin','CODE128','Pump koshin',2000,5000,2,1,1,1,1,0,'1','no-image.png',NULL,10,0,0,0,1,'2024-12-24 19:47:40.000000','2024-12-26 15:23:12.000000','2024-12-26 15:23:12'),(3,'is_single','45kw-380v-3ph-50Hz','CODE128','SOLAR MOTOR AC Drive sub8\"',7476966,9720056,4,1,2,2,2,0,'1','no-image.png',NULL,1,0,0,0,1,'2024-12-26 15:23:04.000000','2024-12-26 15:23:04.000000',NULL),(4,'is_single','11kw-380v-3ph-50Hz','CODE128','SOLAR MOTOR AC Drive sub6\"',2760385,3588501,4,1,2,2,2,0,'1','no-image.png',NULL,1,0,0,0,1,'2024-12-26 18:50:27.000000','2024-12-26 18:50:27.000000',NULL),(5,'is_single','15kw-380v-3ph-50Hz','CODE128','SOLAR MOTOR AC Drive sub6\"',3248437,4222968,4,1,2,2,2,0,'2','no-image.png',NULL,0,0,0,0,1,'2024-12-26 19:59:23.000000','2024-12-26 19:59:23.000000',NULL),(6,'is_single','18.5KW-380v-3ph-50Hz','CODE128','SOLAR MOTOR AC Drive sub6\"',3565707,4635419,4,1,2,2,2,0,'2','no-image.png',NULL,0,0,0,0,1,'2024-12-26 20:53:17.000000','2024-12-26 20:53:17.000000',NULL),(7,'is_single','5.5KW-380V-3PH-50HZ','CODE128','SOLAR MOTOR AC Driver SUB6\"',2012250,3018368,4,1,2,2,2,0,'2','no-image.png',NULL,1,0,0,0,1,'2024-12-26 20:56:56.000000','2024-12-26 20:56:56.000000',NULL),(8,'is_single','4.0kVA','CODE128','CONTROLLER  PS2-4000 Controller',1476103,1918933.9,5,1,1,1,1,0,'2','no-image.png',NULL,1,0,0,0,1,'2024-12-26 21:03:20.000000','2024-12-26 21:03:20.000000',NULL),(9,'is_single','1.8kVA','CODE128','CONTROLLER PS2-1800 Controller',954787,1241223.1,5,1,1,1,1,0,'2','no-image.png',NULL,1,0,0,0,1,'2024-12-26 21:11:55.000000','2024-12-26 21:11:55.000000',NULL),(10,'is_single','5.5KW','CODE128','CONTROLLER  PSK3-7 Controller',1893166.7,2839750.04,5,1,1,1,1,0,'2','no-image.png',NULL,1,0,0,0,1,'2024-12-26 21:19:56.000000','2024-12-26 21:19:56.000000',NULL),(11,'is_single','1000-50-5','CODE128','PV DISCONNECT 1000-50-5',266166,346015.8,6,1,1,1,1,0,'2','no-image.png',NULL,1,0,0,0,1,'2024-12-26 21:37:41.000000','2024-12-26 21:37:41.000000',NULL),(12,'is_single','400-50-1-S','CODE128','PV DISCONNECT 400-50-1-S',214509,321763,6,1,1,1,1,0,'2','no-image.png',NULL,1,0,0,0,1,'2024-12-26 21:42:05.000000','2024-12-26 21:42:05.000000',NULL),(13,'is_single','Pv systems,1000VDC/125A','CODE128','PV Protect 1000-125',300597,450896,7,1,1,1,1,0,'2','no-image.png',NULL,1,0,0,0,1,'2024-12-26 21:46:41.000000','2024-12-26 21:46:41.000000',NULL),(14,'is_single','V2','CODE128','WELL PROBE Well probe sensor',67500.08,101250.12,8,1,1,1,1,0,'2','no-image.png',NULL,1,0,0,0,1,'2024-12-26 21:51:15.000000','2024-12-26 21:51:15.000000',NULL),(15,'is_single','surge protector2','CODE128','SURGE PROTECTOR surge protector2',24790,37184,9,1,1,1,1,0,'2','no-image.png',NULL,1,0,0,0,1,'2024-12-26 22:00:17.000000','2024-12-26 22:00:17.000000',NULL),(16,'is_single','100W*2*565*535*35MM','CODE128','Solar pv panel CNJSP(36) 100M',270000,300000,10,2,1,1,1,0,'2','no-image.png',NULL,1,0,0,0,1,'2024-12-27 12:14:43.000000','2024-12-27 14:18:22.000000',NULL),(17,'is_single','545w*2279*1134*35mm','CODE128','Solar  pv panel CNJSP 544(72) M',490500,545000,10,2,1,1,1,0,'2','no-image.png',NULL,1,0,0,0,1,'2024-12-27 12:19:20.000000','2024-12-27 12:19:20.000000',NULL),(18,'is_single','75W*22.0V*17.90V','CODE128','Solar pv panel FDS-075-12',67500,75000,10,2,1,1,1,0,'2','no-image.png',NULL,1,0,0,0,1,'2024-12-27 12:24:52.000000','2024-12-27 12:24:52.000000',NULL),(19,'is_single','180W*18.2V*9.89A','CODE128','Solar pv panel  GL-MONO',162000,180000,10,2,1,1,1,0,'2','no-image.png',NULL,1,0,0,0,1,'2024-12-27 12:30:03.000000','2024-12-27 12:30:03.000000',NULL),(20,'is_single','1185*700*25mm','CODE128','Solar pv panel CNJSPV150(28)M',135000,150000,10,2,1,1,1,0,'2','no-image.png',NULL,1,0,0,0,1,'2024-12-27 12:33:36.000000','2024-12-27 12:33:36.000000',NULL),(21,'is_single','IP67','CODE128','Solar lamp 60w',56000,60000,11,3,1,1,1,0,'2','no-image.png',NULL,1,0,0,0,1,'2024-12-27 13:12:31.000000','2024-12-27 13:12:31.000000',NULL),(22,'is_single','2200PSI/154BAR/7.5L/min','CODE128','Pressure washer 5.5HP/VK 2200AG',585000,1200000,12,4,1,1,1,0,'2','no-image.png',NULL,1,0,0,0,1,'2024-12-27 13:24:08.000000','2024-12-27 13:24:08.000000',NULL),(23,'is_single','3.7KW 3600 r.p.m 2\'\'','CODE128','Hidels pump SEV-50E-BAA-1 2\'\'',291600,324000,12,5,1,1,1,0,'2','no-image.png',NULL,1,0,0,0,1,'2024-12-27 13:26:14.000000','2025-01-07 20:02:18.000000',NULL),(24,'is_single','220V/50Hz','CODE128','High pressure washer QL-3100A',540000,600000,12,6,1,1,1,0,'2','no-image.png',NULL,1,0,0,0,1,'2024-12-27 13:32:23.000000','2024-12-27 13:32:23.000000',NULL),(25,'is_single','2\'\'','CODE128','PVC Layflat  100M  2BAR',112500,125000,13,3,4,4,4,0,'2','no-image.png',NULL,1,0,0,0,1,'2024-12-27 13:47:58.000000','2024-12-27 13:47:58.000000',NULL),(26,'is_single','rrrrr','CODE128','eeeee',100,2,4,1,1,1,1,0,'1','no-image.png',NULL,0,0,0,0,1,'2024-12-27 14:17:52.000000','2024-12-27 14:18:12.000000','2024-12-27 14:18:12'),(27,'is_single','2\"','CODE128','High pressure 30M 13BAR',80100,89000,13,3,4,4,4,0,'2','no-image.png',NULL,1,0,0,0,1,'2024-12-27 15:02:46.000000','2024-12-27 15:02:46.000000',NULL),(28,'is_single','3/4\"','CODE128','outlet White 50M  8BAR',45500,65000,13,3,4,4,4,0,'2','no-image.png',NULL,1,0,0,0,1,'2024-12-27 15:05:52.000000','2024-12-27 15:05:52.000000',NULL),(29,'is_single','3\'\'','CODE128','Flexible suction pipe(Ruhogo) thickness 6mm',7000,10000,13,3,3,3,3,0,'2','no-image.png',NULL,1,0,0,0,1,'2024-12-27 15:27:17.000000','2024-12-27 15:27:17.000000',NULL),(30,'is_single','thickness 5mm 2\'\'','CODE128','Flexible suction pipe(Ruhogo) thickness 5mm',5600,8000,13,3,3,3,3,0,'2','no-image.png',NULL,1,0,0,0,1,'2024-12-27 15:36:06.000000','2024-12-27 15:36:06.000000',NULL),(31,'is_single','63mm','CODE128','Rain pipe 0.5mm thickness 100m',56000,80000,13,3,4,4,4,0,'2','no-image.png',NULL,1,0,0,0,1,'2024-12-27 15:52:23.000000','2024-12-27 15:52:23.000000',NULL),(32,'is_single','50mm','CODE128','Rain pipe 0.2mm thickness 200m',56000,80000,13,3,4,4,4,0,'1','no-image.png',NULL,1,0,0,0,1,'2024-12-27 18:01:05.000000','2024-12-27 18:01:05.000000',NULL),(33,'is_single','30cm','CODE128','Dripe line 1000m',280,400,13,3,3,3,3,0,'2','no-image.png',NULL,1,0,0,0,1,'2024-12-27 18:31:01.000000','2024-12-27 18:31:01.000000',NULL),(34,'is_single','300l','CODE128','Pressure tank 16Bar',595000,850000,14,NULL,1,1,1,0,'1','no-image.png',NULL,0,0,0,0,1,'2024-12-28 15:09:07.000000','2024-12-28 15:09:07.000000',NULL),(35,'is_single','Water purifier  dayliff','CODE128','Water purifier  dayliff',25900,37000,14,7,1,1,1,0,'2','no-image.png',NULL,1,0,0,0,1,'2024-12-28 16:20:22.000000','2024-12-28 16:20:22.000000',NULL),(40,'is_single','Armoire','CODE128','Armoire',560000,800000,15,NULL,1,1,1,0,'2','no-image.png',NULL,1,0,0,0,1,'2024-12-28 16:28:11.000000','2024-12-28 16:28:11.000000',NULL),(41,'is_single','Armoire Auto-Trasformer starter box Voltage 380v ,capacity 30kw','CODE128','Armoire Auto-Trasformer starter box Voltage 38',455000,650000,15,8,1,1,1,0,'2','no-image.png',NULL,1,0,0,0,1,'2024-12-28 16:39:36.000000','2024-12-28 16:39:36.000000',NULL),(42,'is_single','OUTPUT TOTAL 0.5KVA(220V)','CODE128','AC.Automatic voltage regulator AVR-500W',24500,35000,15,9,1,1,1,0,'2','no-image.png',NULL,1,0,0,0,1,'2024-12-28 16:42:11.000000','2024-12-28 16:42:11.000000',NULL),(43,'is_single','100mm','CODE128','Water meter  100m3/h',175000,250000,16,3,1,1,1,0,'2','no-image.png',NULL,1,0,0,0,1,'2024-12-28 16:46:28.000000','2024-12-28 16:46:28.000000',NULL),(44,'is_single','80mm','CODE128','Water meter  63m3/h',140000,200000,16,3,1,1,1,0,'2','no-image.png',NULL,1,0,0,0,1,'2024-12-28 16:50:34.000000','2024-12-28 16:50:34.000000',NULL),(45,'is_single','50m','CODE128','Water meter  25m3/h',126000,180000,16,3,1,1,1,0,'2','no-image.png',NULL,1,0,0,0,1,'2024-12-28 16:55:08.000000','2024-12-28 16:55:08.000000',NULL),(46,'is_single','1-Micro','CODE128','Carbon Block Cartridge DPD101G',16800,24000,17,10,1,1,1,0,'2','no-image.png',NULL,4,0,0,0,1,'2024-12-28 17:15:29.000000','2024-12-28 17:15:29.000000',NULL),(47,'is_single','Housings filt DPS101G','CODE128','Housings filt DPS101G',19950,28500,17,10,1,1,1,0,'2','no-image.png',NULL,1,0,0,0,1,'2024-12-28 17:31:35.000000','2024-12-28 17:31:35.000000',NULL),(48,'is_single','Screen filter 120mensh 130micron 2\'\'','CODE128','Screen filter 120mensh 130micron',52500,75000,17,11,1,1,1,0,'2','no-image.png',NULL,1,0,0,0,1,'2024-12-28 17:34:29.000000','2024-12-28 17:34:29.000000',NULL),(49,'is_single','Screen filter 120mensh 130micron 1\'\'','CODE128','Screen filter 120mensh 130micron',42000,60000,17,11,1,1,1,0,'2','no-image.png',NULL,1,0,0,0,1,'2024-12-28 17:39:08.000000','2024-12-28 17:39:08.000000',NULL),(50,'is_single','Plastic shower 1\" to 3/4\"','CODE128','Plastic shower 1\" to 3/4\"',8400,12000,17,12,1,1,1,0,'2','no-image.png',NULL,1,0,0,0,1,'2024-12-28 17:51:54.000000','2024-12-28 17:51:54.000000',NULL),(51,'is_single','Sprikler black&blue','CODE128','Sprikler black&blue',10500,15000,17,3,1,1,1,0,'2','no-image.png',NULL,1,0,0,0,1,'2024-12-30 11:53:57.000000','2024-12-30 11:53:57.000000',NULL),(52,'is_single','sprikler black&red','CODE128','sprikler black&red',2100,3000,17,3,1,1,1,0,'2','no-image.png',NULL,1,0,0,0,1,'2024-12-30 12:00:44.000000','2024-12-30 12:00:44.000000',NULL),(53,'is_single','sprinkler balck&white','CODE128','sprinkler balck&white',10500,15000,17,3,1,1,1,0,'2','no-image.png',NULL,5,0,0,0,1,'2024-12-30 12:03:12.000000','2024-12-30 12:03:12.000000',NULL),(54,'is_single','Drip connector','CODE128','Drip connector',350,500,17,NULL,1,1,1,0,'2','no-image.png',NULL,50,0,0,0,1,'2024-12-30 12:07:43.000000','2024-12-30 12:07:43.000000',NULL),(55,'is_single','Rubber black','CODE128','Rubber black',280,400,17,NULL,1,1,1,0,'2','no-image.png',NULL,50,0,0,0,1,'2024-12-30 12:10:18.000000','2024-12-30 12:10:18.000000',NULL),(56,'is_single','Rubber blue 16mm','CODE128','Rubber blue 16mm',280,500,17,NULL,1,1,1,0,'2','no-image.png',NULL,50,0,0,0,1,'2024-12-30 12:15:19.000000','2024-12-30 12:15:19.000000',NULL),(57,'is_single','Dripe start','CODE128','Dripe start',840,1200,17,NULL,1,1,1,0,'2','no-image.png',NULL,50,0,0,0,1,'2024-12-30 12:19:49.000000','2024-12-30 12:19:49.000000',NULL),(58,'is_single','Hose colar  ferier 80mm 3\'\'','CODE128','Hose colar  ferier 80mm 3\'\'',5600,8000,17,NULL,1,1,1,0,'2','no-image.png',NULL,5,0,0,0,1,'2024-12-30 12:22:10.000000','2024-12-30 12:28:00.000000',NULL),(59,'is_single','Hose colar  80mm 3\'\'','CODE128','Hose colar  80mm 3\'\'',5600,8000,17,NULL,1,1,1,0,'2','no-image.png',NULL,1,0,0,0,1,'2024-12-30 12:30:05.000000','2024-12-30 12:30:05.000000',NULL),(60,'is_single','Rain gun stand 2M','CODE128','Rain gun stand 2M',38500,55000,18,13,1,1,1,0,'2','no-image.png',NULL,1,0,0,0,1,'2024-12-30 12:35:17.000000','2024-12-30 12:35:17.000000',NULL),(61,'is_single','Rain gun 2\"','CODE128','Rain gun 2\"',49000,90000,18,13,1,1,1,0,'2','no-image.png',NULL,1,0,0,0,1,'2024-12-30 12:46:35.000000','2024-12-30 12:46:35.000000',NULL),(62,'is_single','Rain gun 1.5\"','CODE128','Rain gun 1.5\"',49000,70000,18,13,1,1,1,0,'2','no-image.png',NULL,1,0,0,0,1,'2024-12-30 12:49:45.000000','2024-12-30 12:49:45.000000',NULL),(63,'is_single','Rain gun blue 1.5\"','CODE128','Rain gun blue 1.5\"',49000,70000,18,13,1,1,1,0,'2','no-image.png',NULL,1,0,0,0,1,'2024-12-30 12:52:19.000000','2024-12-30 12:52:19.000000',NULL),(64,'is_single','Nipple 1.5\"','CODE128','Nipple 1.5\"',4900,7000,18,13,1,1,1,0,'2','no-image.png',NULL,1,0,0,0,1,'2024-12-30 12:55:00.000000','2024-12-30 12:55:00.000000',NULL),(65,'is_single','Nipple 3\'\'','CODE128','Nipple 3\'\'',8400,12000,18,13,1,1,1,0,'2','no-image.png',NULL,1,0,0,0,1,'2024-12-30 12:59:37.000000','2024-12-30 12:59:37.000000',NULL),(66,'is_single','Elbow 2\"','CODE128','Elbow 2\"',4900,7000,18,13,1,1,1,0,'2','no-image.png',NULL,1,0,0,0,1,'2024-12-30 13:03:31.000000','2024-12-30 13:03:31.000000',NULL),(67,'is_single','Elbow 1.5\"*1\"','CODE128','Elbow 1.5\"*1\"',4200,6000,18,13,1,1,1,0,'2','no-image.png',NULL,1,0,0,0,1,'2024-12-30 13:08:52.000000','2024-12-30 13:08:52.000000',NULL),(68,'is_single','Reducer 2\"*3/4\"','CODE128','Reducer 2\"*3/4\"',4900,7000,18,13,1,1,1,0,'2','no-image.png',NULL,1,0,0,0,1,'2024-12-30 13:11:59.000000','2024-12-30 13:11:59.000000',NULL),(69,'is_single','Connector 1\'\'','CODE128','Connector 1\'\'',5950,8500,18,13,1,1,1,0,'2','no-image.png',NULL,1,0,0,0,1,'2024-12-30 13:14:53.000000','2024-12-30 13:14:53.000000',NULL),(70,'is_single','Connector 1.5\"','CODE128','Connector 1.5\"',8400,12000,18,13,1,1,1,0,'2','no-image.png',NULL,1,0,0,0,1,'2024-12-30 13:36:02.000000','2024-12-30 13:36:02.000000',NULL),(71,'is_single','Connector 2\'\'','CODE128','Connector 2\'\'',9800,14000,18,13,1,1,1,0,'2','no-image.png',NULL,1,0,0,0,1,'2024-12-30 13:39:03.000000','2024-12-30 13:39:03.000000',NULL),(72,'is_single','Pipe connector 1\'\'','CODE128','Pipe connector 1\'\'',10500,15000,18,13,1,1,1,0,'2','no-image.png',NULL,1,0,0,0,1,'2024-12-30 13:43:03.000000','2024-12-30 13:43:03.000000',NULL),(73,'is_single','Pump connector female 3\'\'','CODE128','Pump connector female 3\'\'',10500,15000,18,13,1,1,1,0,'2','no-image.png',NULL,1,0,0,0,1,'2024-12-30 13:58:15.000000','2024-12-30 13:58:15.000000',NULL),(74,'is_single','Pump connector female 2\'\'','CODE128','Pump connector female 2\'\'',9100,13000,18,13,1,1,1,0,'2','no-image.png',NULL,1,0,0,0,1,'2024-12-30 14:01:08.000000','2024-12-30 14:01:08.000000',NULL),(75,'is_single','TEE PET 90','CODE128','TEE PET 90',31500,45000,19,14,1,1,1,0,'2','no-image.png',NULL,1,0,0,0,1,'2024-12-30 14:12:37.000000','2024-12-30 14:12:37.000000',NULL),(76,'is_single','TEE PET 75','CODE128','TEE PET 75',19600,28000,19,14,1,1,1,0,'2','no-image.png',NULL,1,0,0,0,1,'2024-12-30 14:16:18.000000','2024-12-30 14:16:18.000000',NULL),(77,'is_single','TEE PET 63','CODE128','TEE PET 63',11900,17000,19,14,1,1,1,0,'2','no-image.png',NULL,1,0,0,0,1,'2024-12-30 14:27:33.000000','2024-12-30 14:27:33.000000',NULL),(78,'is_single','TEE PET 50','CODE128','TEE PET 50',9800,14000,19,14,1,1,1,0,'2','no-image.png',NULL,1,0,0,0,1,'2024-12-30 14:34:30.000000','2024-12-30 14:34:30.000000',NULL),(79,'is_single','Elbow PEL 90','CODE128','Elbow PEL 90',35000,50000,19,14,1,1,1,0,'2','no-image.png',NULL,1,0,0,0,1,'2024-12-30 14:40:43.000000','2024-12-30 14:40:43.000000',NULL),(80,'is_single','Elbow PEL 75','CODE128','Elbow PEL 75',21000,30000,19,14,1,1,1,0,'2','no-image.png',NULL,1,0,0,0,1,'2024-12-30 14:52:15.000000','2024-12-30 14:52:15.000000',NULL),(81,'is_single','Elbow PEL 63','CODE128','Elbow PEL 63',14000,20000,19,14,1,1,1,0,'2','no-image.png',NULL,1,0,0,0,1,'2024-12-30 14:56:46.000000','2024-12-30 14:56:46.000000',NULL),(82,'is_single','Traverse 2\"','CODE128','Traverse 2\"',11900,17000,19,14,1,1,1,0,'2','no-image.png',NULL,1,0,0,0,1,'2024-12-30 15:02:39.000000','2024-12-30 15:02:39.000000',NULL),(83,'is_single','Mancho reducer PE S110*90','CODE128','Mancho reducer PE S110*90',35000,50000,19,14,1,1,1,0,'2','no-image.png',NULL,1,0,0,0,1,'2024-12-30 15:05:41.000000','2024-12-30 15:05:41.000000',NULL),(84,'is_single','Traverse red 2\'\'','CODE128','Traverse red 2\'\'',11900,17000,19,14,1,1,1,0,'2','no-image.png',NULL,1,0,0,0,1,'2024-12-30 15:09:35.000000','2024-12-30 15:09:35.000000',NULL),(85,'is_single','Mancho reducer HDPE  S90*75','CODE128','Mancho reducer HDPE  S90*75',31500,40000,19,14,1,1,1,0,'2','no-image.png',NULL,1,0,0,0,1,'2024-12-30 15:14:37.000000','2024-12-30 15:14:37.000000',NULL),(86,'is_single','Mancho reducer HDPE  S75*63','CODE128','Mancho reducer HDPE  S75*63',17850,25500,19,14,1,1,1,0,'2','no-image.png',NULL,1,0,0,0,1,'2024-12-30 15:26:30.000000','2024-12-30 15:26:30.000000',NULL),(87,'is_single','Mancho reducer PES75*63','CODE128','Mancho reducer PES75*63',17500,25000,19,14,1,1,1,0,'2','no-image.png',NULL,1,0,0,0,1,'2024-12-30 15:29:47.000000','2024-12-30 15:29:47.000000',NULL),(88,'is_single','sunlight pumps 424bkjb','CODE128','sunlight pumps 424bkjb',400,500,11,6,1,1,1,0,'1','no-image.png',NULL,0,0,0,0,1,'2024-12-30 15:39:15.000000','2024-12-30 16:00:12.000000','2024-12-30 16:00:12'),(89,'is_single','Mancho  PE  S90','CODE128','Mancho  PE  S90',19600,28000,19,NULL,1,1,1,0,'2','no-image.png',NULL,1,0,0,0,1,'2024-12-30 15:41:46.000000','2024-12-30 15:41:46.000000',NULL),(90,'is_single','Mancho PE S75','CODE128','Mancho PE S75',14700,21000,19,14,1,1,1,0,'2','no-image.png',NULL,1,0,0,0,1,'2024-12-30 15:50:30.000000','2024-12-30 15:50:30.000000',NULL),(91,'is_single','Elbow/Adapter PEL 63*2\"','CODE128','Elbow/Adapter PEL 63*2\"',24500,35000,19,14,1,1,1,0,'2','no-image.png',NULL,1,0,0,0,1,'2024-12-30 16:05:31.000000','2025-01-15 12:15:58.000000',NULL),(92,'is_single','Mancho adapter PE S63*2\"','CODE128','Mancho adapter PE S63*2\"',24500,35000,19,14,1,1,1,0,'2','no-image.png',NULL,1,0,0,0,1,'2024-12-30 16:16:41.000000','2024-12-30 16:16:41.000000',NULL),(93,'is_single','Mancho adapter PE: S75*2 1/2\"','CODE128','Mancho adapter PE: S75*2 1/2\"',37100,53000,19,14,1,1,1,0,'2','no-image.png',NULL,1,0,0,0,1,'2024-12-30 16:21:26.000000','2024-12-30 16:21:26.000000',NULL),(94,'is_single','Valve 90*','CODE128','Valve 90*',31500,45000,19,14,1,1,1,0,'2','no-image.png',NULL,1,0,0,0,1,'2024-12-30 16:32:36.000000','2024-12-30 16:32:36.000000',NULL),(95,'is_single','Valve PN 20','CODE128','Valve PN 20',8400,12000,19,14,1,1,1,0,'2','no-image.png',NULL,1,0,0,0,1,'2024-12-30 16:37:36.000000','2024-12-30 16:37:36.000000',NULL),(96,'is_single','Drip adapter Valve DN 16','CODE128','Drip adapter Valve DN 16',1260,1800,19,14,1,1,1,0,'2','no-image.png',NULL,1,0,0,0,1,'2024-12-30 16:46:29.000000','2024-12-30 16:46:29.000000',NULL),(97,'is_single','Dripe Valve DN 16','CODE128','Dripe Valve DN 16',980,1400,19,14,1,1,1,0,'1','no-image.png',NULL,1,0,0,0,1,'2024-12-30 17:03:13.000000','2024-12-30 17:03:13.000000',NULL),(98,'is_single','Adapter 25mm','CODE128','Adapter 25mm',5600,8000,19,14,1,1,1,0,'1','no-image.png',NULL,1,0,0,0,1,'2024-12-30 17:08:55.000000','2024-12-30 17:08:55.000000',NULL),(99,'is_single','Endcap PN16 40mm','CODE128','Endcap PN16 40mm',4900,7000,19,14,1,1,1,0,'2','no-image.png',NULL,1,0,0,0,1,'2024-12-30 17:15:12.000000','2024-12-30 17:15:12.000000',NULL),(100,'is_single','Endcap PN16 25mm','CODE128','Endcap PN16 25mm',5600,8000,19,14,1,1,1,0,'2','no-image.png',NULL,1,0,0,0,1,'2024-12-30 17:18:13.000000','2024-12-30 17:18:13.000000',NULL),(101,'is_single','Endcap 16mm','CODE128','Endcap 16mm',4900,7000,19,14,1,1,1,0,'2','no-image.png',NULL,1,0,0,0,1,'2024-12-30 17:21:06.000000','2024-12-30 17:21:06.000000',NULL),(102,'is_single','pre eu charge 40\"','CODE128','pre eu charge 40\"',5600,8000,19,14,1,1,1,0,'2','no-image.png',NULL,1,0,0,0,1,'2024-12-30 17:24:49.000000','2024-12-30 17:24:49.000000',NULL),(103,'is_single','TEE PN16 40*','CODE128','TEE PN16 40*',5600,8000,19,14,1,1,1,0,'2','no-image.png',NULL,1,0,0,0,1,'2024-12-30 17:27:01.000000','2024-12-30 17:27:01.000000',NULL),(104,'is_single','TEE PN16 40','CODE128','TEE PN16 40',5600,8000,19,14,1,1,1,0,'2','no-image.png',NULL,1,0,0,0,1,'2024-12-30 17:34:04.000000','2024-12-30 17:34:49.000000','2024-12-30 17:34:49'),(105,'is_single','HDPE Vanne PN10 75mm','CODE128','HDPE Vanne PN10 75mm',40950,58500,19,14,1,1,1,0,'2','no-image.png',NULL,1,0,0,0,1,'2024-12-30 17:37:18.000000','2024-12-30 17:37:18.000000',NULL),(106,'is_single','HDPE Reducer PN10 63 by 75mm','CODE128','HDPE Reducer PN10 63 by 75mm',16450,23500,19,14,1,1,1,0,'2','no-image.png',NULL,1,0,0,0,1,'2024-12-30 17:40:59.000000','2024-12-30 17:40:59.000000',NULL),(107,'is_single','HDPE adapter female PN10 63mm','CODE128','HDPE adapter female  PN10 63mm',7350,10500,19,14,1,1,1,0,'2','no-image.png',NULL,1,0,0,0,1,'2024-12-30 17:43:05.000000','2024-12-30 17:43:05.000000',NULL),(108,'is_single','Elbow PN10 63*','CODE128','Elbow PN10 63*',4200,6000,20,15,1,1,1,0,'2','no-image.png',NULL,1,0,0,0,1,'2024-12-30 19:17:45.000000','2024-12-30 19:19:39.000000',NULL),(109,'is_single','Elbow PN 16 63\'\'','CODE128','Elbow PN 16 63\'\'',4200,6000,20,15,1,1,1,0,'2','no-image.png',NULL,1,0,0,0,1,'2024-12-30 19:41:58.000000','2024-12-30 19:41:58.000000',NULL),(110,'is_single','Adapter mancho PVC-U  110*4','CODE128','Adapter mancho PVC-U  110*4',9800,14000,20,15,1,1,1,0,'2','no-image.png',NULL,1,0,0,0,1,'2024-12-30 19:55:00.000000','2024-12-30 19:55:00.000000',NULL),(111,'is_single','Valve 2\"','CODE128','Valve 2\"',21000,30000,20,15,1,1,1,0,'2','no-image.png',NULL,1,0,0,0,1,'2024-12-30 20:03:54.000000','2024-12-30 20:07:09.000000',NULL),(112,'is_single','Valve 1.5\"*1\"','CODE128','Valve 1.5\"*1\"',11200,16000,20,15,1,1,1,0,'2','no-image.png',NULL,1,0,0,0,1,'2024-12-30 20:47:25.000000','2024-12-30 20:47:25.000000',NULL),(113,'is_single','Reducer  63mm*50mm','CODE128','Reducer  63mm*50mm',2800,4000,20,15,1,1,1,0,'2','no-image.png',NULL,1,0,0,0,1,'2024-12-31 11:56:51.000000','2024-12-31 11:56:51.000000',NULL),(114,'is_single','Tangit Glue','CODE128','Tangit Glue',7700,11000,20,15,5,5,5,0,'2','no-image.png',NULL,1,0,0,0,1,'2024-12-31 11:59:19.000000','2024-12-31 12:00:23.000000',NULL),(115,'is_single','TEE 2\'\'','CODE128','TEE 2\'\'',4200,6000,20,15,1,1,1,0,'2','no-image.png',NULL,1,0,0,0,1,'2024-12-31 12:02:03.000000','2024-12-31 12:02:03.000000',NULL),(116,'is_single','Flexiblecable Twocore-black FC2C-2X1.5','CODE128','Flexiblecable Twocore-black FC2C-2X1.5',77805,111150,20,15,4,4,4,0,'2','no-image.png',NULL,1,0,0,0,1,'2024-12-31 12:03:54.000000','2024-12-31 12:03:54.000000',NULL),(117,'is_single','Flexiblecable Twocore-White FC2C-2X4','CODE128','Flexiblecable Twocore-White FC2C-2X4',191800,274000,20,NULL,4,4,4,0,'2','no-image.png',NULL,1,0,0,0,1,'2024-12-31 12:05:26.000000','2024-12-31 12:08:29.000000',NULL),(118,'is_single','Flexiblecable Threecore-black FC3C-3X4','CODE128','Flexiblecable Threecore-black FC3C-3X4',270588.5,386555,16,NULL,4,4,4,0,'2','no-image.png',NULL,1,0,0,0,1,'2024-12-31 12:07:37.000000','2024-12-31 12:07:37.000000',NULL),(119,'is_single','Bounch  PN6 110mm','CODE128','Bounch  PN6 110mm',4200,6000,20,15,1,1,1,0,'1','no-image.png',NULL,1,0,0,0,1,'2024-12-31 12:11:14.000000','2024-12-31 12:11:14.000000',NULL),(120,'is_single','Bounch PN10 110mm','CODE128','Bounch PN10 110mm',6370,9100,20,15,1,1,1,0,'2','no-image.png',NULL,1,0,0,0,1,'2024-12-31 12:12:48.000000','2024-12-31 12:12:48.000000',NULL),(121,'is_single','Pipe  Tuyoux 6m 110mm','CODE128','Pipe  Tuyoux 6m 110mm',34650,49500,20,15,1,1,1,0,'2','no-image.png',NULL,1,0,0,0,1,'2024-12-31 12:14:35.000000','2024-12-31 12:14:35.000000',NULL),(122,'is_single','Teflon','CODE128','Teflon',385,550,20,NULL,1,1,1,0,'2','no-image.png',NULL,1,0,0,0,1,'2024-12-31 12:16:56.000000','2024-12-31 12:16:56.000000',NULL),(123,'is_single','DAYLIFF DCX1-50P 2\" 6.5HP PETROL PUMP','CODE128','DAYLIFF DCX1-50P 2\" 6.5HP PETROL PUMP',373352,486000,21,7,1,1,1,0,'2','no-image.png',NULL,1,0,0,0,1,'2025-01-07 20:01:15.000000','2025-01-07 20:01:15.000000',NULL),(124,'is_single','PETROL ENGINE KOSHIN 3\'\'','CODE128','PETROL ENGINE KOSHIN 3\'\'',330000,429000,21,5,1,1,1,0,'2','no-image.png',NULL,1,0,0,0,1,'2025-01-07 20:06:13.000000','2025-01-07 20:06:13.000000',NULL),(125,'is_single','HOSE COLAR  WHITE 2\'\'','CODE128','HOSE COLAR  WHITE 2\'\'',5000,8000,20,15,1,1,1,0,'2','no-image.png',NULL,1,0,0,0,1,'2025-01-07 20:11:26.000000','2025-01-07 20:11:26.000000',NULL),(126,'is_single','Reducer 3\"x2\"','CODE128','Reducer 3\"x2\"',13500,15000,18,13,1,1,1,0,'2','no-image.png',NULL,1,0,0,0,1,'2025-01-07 21:02:30.000000','2025-01-07 21:02:30.000000',NULL),(127,'is_single','King Nipple 2\'\'','CODE128','King Nipple 2\'\'',10000,14000,18,13,1,1,1,0,'2','no-image.png',NULL,1,0,0,0,1,'2025-01-07 21:07:57.000000','2025-01-07 21:07:57.000000',NULL),(128,'is_single','Solar pv panel 330W, 1665*1002*35mm','CODE128','Solar pv panel 330W, 1665*1002*35mm',297000,330000,10,2,1,1,1,0,'2','no-image.png',NULL,10,0,0,0,1,'2025-01-07 21:49:22.000000','2025-01-07 21:49:22.000000',NULL),(129,'is_single','Controller Pump System PS2-600','CODE128','Controller  Pump System PS2-600',820195,1230292,5,1,1,1,1,0,'2','no-image.png',NULL,1,0,0,0,1,'2025-01-07 21:59:50.000000','2025-01-07 21:59:50.000000',NULL),(130,'is_single','Solar Pump PU600 C-SJ8-5 ,RP 2\'\' ,UL','CODE128','Solar Pump PU600 C-SJ8-5 ,RP 2\'\' ,UL',1427509.11,2141263.67,4,1,1,1,1,0,'2','no-image.png',NULL,1,0,0,0,1,'2025-01-07 22:15:43.000000','2025-01-07 22:15:43.000000',NULL),(131,'is_single','Solar Outdoor Camera','CODE128','Solar Outdoor Camera',156066.579,320000,22,3,1,1,1,0,'2','no-image.png',NULL,1,0,0,0,1,'2025-01-07 22:26:14.000000','2025-01-07 22:26:14.000000',NULL),(132,'is_single','Hose Pipe/Outlet (Blue) 50m 1\'\'','CODE128','Hose Pipe/Outlet (Blue) 50m 1\'\'',67500,75000,13,NULL,4,4,4,0,'2','no-image.png',NULL,1,0,0,0,1,'2025-01-07 22:34:36.000000','2025-01-07 22:35:55.000000',NULL),(133,'is_single','Hose Pipe/Outlet (White) 50m 3/4\'\'','CODE128','Hose Pipe/Outlet (White) 50m 3/4\'\'',58500,65000,13,3,4,4,4,0,'2','no-image.png',NULL,1,0,0,0,1,'2025-01-07 22:38:51.000000','2025-01-07 22:38:51.000000',NULL),(134,'is_single','Solar Submersible Pump PU4000 C-SJ8-15, Rp 2\", UL','CODE128','Solar Submersible Pump PU4000 C-SJ8-15, Rp 2\", UL',2264788.91,3850141,4,1,2,2,2,0,'2','no-image.png',NULL,1,0,0,0,1,'2025-01-08 12:14:20.000000','2025-01-08 12:14:20.000000',NULL),(135,'is_single','Solar Submersible Pump PU1800 HRE-10-2 RP UL','CODE128','Solar Submersible Pump PU1800 HRE-10-2 RP UL',1410432.556,2397735.346,4,1,2,2,2,0,'2','no-image.png',NULL,1,0,0,0,1,'2025-01-08 12:17:14.000000','2025-01-08 12:17:14.000000',NULL),(136,'is_single','Solar Submersible Pump PU4000 C-SJ5-25,RP  , UL','CODE128','Solar Submersible Pump PU4000 C-SJ5-25,RP  , UL',2248419.173,3822312.594,4,1,2,2,2,0,'2','no-image.png',NULL,1,0,0,0,1,'2025-01-08 12:20:32.000000','2025-01-08 12:20:32.000000',NULL),(137,'is_single','PV Disconnect 400-50-3-S','CODE128','PV Disconnect 400-50-3-S',215837.8288,366924.309,6,1,1,1,1,0,'2','no-image.png',NULL,1,0,0,0,1,'2025-01-08 12:31:20.000000','2025-01-08 12:31:20.000000',NULL),(138,'is_single','Solar Motor ECDrive 4000-C  (4.0KW,UL)','CODE128','Solar Motor ECDrive 4000-C (4.0KW,UL)',1352030.33,2298451.561,4,1,1,1,1,0,'2','no-image.png',NULL,1,0,0,0,1,'2025-01-08 12:46:40.000000','2025-01-14 18:04:43.000000',NULL),(139,'is_single','Liquid Pressure Sensor LPS-1000','CODE128','Liquid Pressure Sensor LPS-1000',173848.5132,295542,23,NULL,1,1,1,0,'2','no-image.png',NULL,1,0,0,0,1,'2025-01-08 13:24:36.000000','2025-01-08 13:24:36.000000',NULL),(140,'is_single','PV COMBINER 1000-125-4','CODE128','PV COMBINER 1000-125-4',282120.8158,479605,24,NULL,1,1,1,0,'2','no-image.png',NULL,1,0,0,0,1,'2025-01-08 13:37:26.000000','2025-01-08 13:37:26.000000',NULL),(141,'is_single','Commender cells 3G Without Battery','CODE128','Commender cells 3G Without Battery',575029.0207,977549.3352,25,NULL,1,1,1,0,'2','no-image.png',NULL,1,0,0,0,1,'2025-01-08 13:50:19.000000','2025-01-08 13:50:19.000000',NULL),(142,'is_single','Wlms-water measurement Solution 25M/82FT','CODE128','Wlms-water measurement Solution 25M/82FT',82812.30075,140780.91,16,NULL,1,1,1,0,'2','no-image.png',NULL,1,0,0,0,1,'2025-01-08 14:00:27.000000','2025-01-08 14:00:27.000000',NULL),(143,'is_single','Pump Shaft SJ30-12,SJ30','CODE128','Pump Shaft SJ30-12,SJ30',517580.6654,879887.1312,26,NULL,6,6,6,0,'2','no-image.png',NULL,1,0,0,0,1,'2025-01-08 14:08:47.000000','2025-01-08 14:08:47.000000',NULL),(144,'is_single','Sun Sensor W.3m','CODE128','Sun Sensor W.3m',62700.94737,106591.6105,27,NULL,1,1,1,0,'2','no-image.png',NULL,0,0,0,0,1,'2025-01-08 14:25:05.000000','2025-01-08 14:25:05.000000',NULL),(145,'is_single','Cable splice kit  2.5-6Sqmm','CODE128','Cable splice kit  2.5-6Sqmm',18327.6297,31156.97049,28,NULL,6,6,6,0,'2','no-image.png',NULL,0,0,0,0,1,'2025-01-08 14:35:25.000000','2025-01-08 14:35:25.000000',NULL),(146,'is_single','Switch Float','CODE128','Switch Float',27755.70395,47184.69671,29,NULL,1,1,1,0,'2','no-image.png',NULL,0,0,0,0,1,'2025-01-08 14:39:34.000000','2025-01-08 14:39:34.000000',NULL),(147,'is_single','Rain pipe 0.2mm thickness 40mm','CODE128','Rain pipe 0.2mm thickness 40mm',56000,80000,13,NULL,4,4,4,0,'2','no-image.png',NULL,1,0,0,0,1,'2025-01-08 15:44:26.000000','2025-01-08 15:44:26.000000',NULL),(148,'is_single','Wheelbarrow','CODE128','Wheelbarrow',45000,58500,30,NULL,1,1,1,0,'2','no-image.png',NULL,1,0,0,0,1,'2025-01-08 20:35:43.000000','2025-01-08 20:35:43.000000',NULL),(149,'is_single','Solar pv panel 150w','CODE128','Solar pv panel 150w',135000,150000,10,2,1,1,1,0,'2','no-image.png',NULL,1,0,0,0,1,'2025-01-09 11:58:33.000000','2025-01-09 11:58:33.000000',NULL),(150,'is_single','SOLAR PV PANEL 200W for 4X50W','CODE128','SOLAR PV PANEL 200W for 4X50W',540000,600000,10,2,1,1,1,0,'2','no-image.png',NULL,0,0,0,0,1,'2025-01-09 12:05:10.000000','2025-01-09 12:05:10.000000',NULL),(151,'is_single','Solar pump S1-200 HR14-3','CODE128','Solar pump S1-200 HR14-3',1620000,1800000,10,1,7,7,7,0,'2','no-image.png',NULL,1,0,0,0,1,'2025-01-09 12:10:05.000000','2025-01-09 12:12:42.000000',NULL),(152,'is_single','PVC Layflat 100M 2BAR IN METER','CODE128','PVC Layflat 100M 2BAR IN METER',112500,125000,13,NULL,3,3,3,0,'2','no-image.png',NULL,10,0,0,0,1,'2025-01-09 12:47:08.000000','2025-01-09 12:47:08.000000',NULL),(153,'is_single','Diesel engine Water pump  80cBz25-2.2 2.2KW','CODE128','Diesel engine Water pump  80cBz25-2.2 2.2KW',450000,500000,31,NULL,1,1,1,0,'2','no-image.png',NULL,1,0,0,0,1,'2025-01-09 13:31:46.000000','2025-01-09 13:31:46.000000',NULL),(154,'is_single','G.I Sprinkler 3/4\'\'','CODE128','G.I Sprinkler 3/4\'\'',13500,15000,18,NULL,1,1,1,0,'2','no-image.png',NULL,1,0,0,0,1,'2025-01-10 13:54:44.000000','2025-01-10 13:54:44.000000',NULL),(155,'is_single','portable Solar pump S1-200 HR07-3','CODE128','portable Solar pump S1-200 HR07-3',3019680,3355200,4,1,7,7,7,0,'2','no-image.png',NULL,1,0,0,0,1,'2025-01-10 20:35:59.000000','2025-01-10 20:35:59.000000',NULL),(156,'is_single','portable Solar pump S1-200 HR23-3','CODE128','portable Solar pump S1-200 HR23-3',3019680,3355200,4,1,7,7,7,0,'2','no-image.png',NULL,1,0,0,0,1,'2025-01-10 20:37:56.000000','2025-01-10 20:37:56.000000',NULL),(157,'is_single','Solar Surface Pump PU1800 CS-37-1, UL','CODE128','Solar Surface Pump PU1800 CS-37-1, UL',2242350,2491500,4,1,1,1,1,0,'2','no-image.png',NULL,1,0,0,0,1,'2025-01-10 20:42:42.000000','2025-01-10 20:42:42.000000',NULL),(158,'is_single','Solar Surface Pump PS600  CS-17-1','CODE128','Solar Surface Pump PS600  CS-17-1',969300,1077000,4,1,1,1,1,0,'2','no-image.png',NULL,1,0,0,0,1,'2025-01-10 20:46:03.000000','2025-01-10 20:46:03.000000',NULL),(159,'is_single','PV Disconnect 400-50-6-S','CODE128','PV Disconnect 400-50-6-S',529200,588000,6,1,1,1,1,0,'2','no-image.png',NULL,1,0,0,0,1,'2025-01-10 20:52:26.000000','2025-01-10 20:52:26.000000',NULL),(160,'is_single','Drip Endcap 16m','CODE128','Drip Endcap 16m',1800,2000,20,15,1,1,1,0,'2','no-image.png',NULL,10,0,0,0,1,'2025-01-10 20:58:01.000000','2025-01-10 20:58:01.000000',NULL),(161,'is_single','Drip valve 16m','CODE128','Drip valve 16m',1800,2000,17,15,1,1,1,0,'2','no-image.png',NULL,10,0,0,0,1,'2025-01-10 21:12:24.000000','2025-01-10 21:12:24.000000',NULL),(162,'is_single','Pipe Expansion Joint','CODE128','Pipe Expansion Joint',307980,342200,17,NULL,1,1,1,0,'2','no-image.png',NULL,1,0,0,0,1,'2025-01-10 21:18:13.000000','2025-01-10 21:18:13.000000',NULL),(163,'is_single','Screen  Filters 1.5\'\'','CODE128','Screen  Filters 1.5\'\'',40500,45000,17,NULL,1,1,1,0,'2','no-image.png',NULL,1,0,0,0,1,'2025-01-10 21:21:58.000000','2025-01-10 21:21:58.000000',NULL),(164,'is_single','Disc Filters 1.5\'\'','CODE128','Disc Filters 1.5\'\'',58500,65000,17,NULL,1,1,1,0,'2','no-image.png',NULL,1,0,0,0,1,'2025-01-10 21:25:00.000000','2025-01-10 21:25:00.000000',NULL),(165,'is_single','Disc Filters 2\'\'','CODE128','Disc Filters 2\'\'',76500,85000,17,NULL,1,1,1,0,'2','no-image.png',NULL,1,0,0,0,1,'2025-01-10 21:27:02.000000','2025-01-10 21:27:02.000000',NULL),(166,'is_single','Disc Filters 2.5\'\'','CODE128','Disc Filters 2.5\'\'',90000,100000,17,NULL,1,1,1,0,'2','no-image.png',NULL,1,0,0,0,1,'2025-01-10 21:29:28.000000','2025-01-10 21:29:28.000000',NULL),(167,'is_single','Solar flood light 300W, 290*230*60mm','CODE128','Solar flood light 300W, 290*230*60mm',54228,81350,11,NULL,1,1,1,0,'2','no-image.png',NULL,0,0,0,0,1,'2025-01-10 21:31:55.000000','2025-01-15 13:19:55.000000',NULL),(168,'is_single','Dripeline 16mm','CODE128','Dripeline 16mm',360000,400000,13,NULL,4,4,4,0,'2','no-image.png',NULL,1,0,0,0,1,'2025-01-11 13:26:48.000000','2025-01-11 13:26:48.000000',NULL),(169,'is_single','Recording union 2\'\'','CODE128','Recording union 2\'\'',7700,11000,18,NULL,1,1,1,0,'2','no-image.png',NULL,0,0,0,0,1,'2025-01-11 17:47:39.000000','2025-01-11 17:50:32.000000',NULL),(170,'is_single','Recording union 1.5\'\'','CODE128','Recording union 1.5\'\'',7700,11000,18,NULL,1,1,1,0,'2','no-image.png',NULL,0,0,0,0,1,'2025-01-11 17:49:18.000000','2025-01-11 17:50:05.000000',NULL),(171,'is_single','Vanne clape  2\'\'','CODE128','Vanne clape  2\'\'',28000,40000,18,13,1,1,1,0,'2','no-image.png',NULL,0,0,0,0,1,'2025-01-11 17:53:33.000000','2025-01-11 17:53:33.000000',NULL),(172,'is_single','Reducer 63mmx40mm','CODE128','Reducer 63mmx40mm',4900,7000,18,13,1,1,1,0,'2','no-image.png',NULL,0,0,0,0,1,'2025-01-11 18:01:15.000000','2025-01-11 18:01:15.000000',NULL),(173,'is_single','TREILLES','CODE128','TREILLES',30000,39000,17,NULL,1,1,1,0,'2','no-image.png',NULL,0,0,0,0,1,'2025-01-11 18:15:34.000000','2025-01-11 18:15:34.000000',NULL),(174,'is_single','BETON 10','CODE128','BETON 10',9500,12350,32,NULL,1,1,1,0,'2','no-image.png',NULL,0,0,0,0,1,'2025-01-11 18:19:18.000000','2025-01-11 18:19:18.000000',NULL),(175,'is_single','BETON 8','CODE128','BETON 8',6500,8450,32,NULL,1,1,1,0,'2','no-image.png',NULL,0,0,0,0,1,'2025-01-11 18:21:11.000000','2025-01-11 18:21:11.000000',NULL),(176,'is_single','BAGUETTE','CODE128','BAGUETTE',6000,7800,33,NULL,1,1,1,0,'2','no-image.png',NULL,0,0,0,0,1,'2025-01-11 18:23:59.000000','2025-01-11 18:23:59.000000',NULL),(177,'is_single','DISQUE ACOUPE','CODE128','DISQUE ACOUPE',3000,3900,32,NULL,1,1,1,0,'2','no-image.png',NULL,0,0,0,0,1,'2025-01-11 18:26:23.000000','2025-01-11 18:26:23.000000',NULL),(178,'is_single','Water meter WP-DN100','CODE128','Water meter WP-DN100',432467.3534,735194.5008,16,NULL,1,1,1,0,'2','no-image.png',NULL,0,0,0,0,1,'2025-01-11 20:09:57.000000','2025-01-11 20:09:57.000000',NULL),(179,'is_single','Solar Pump PU4000C PE C-SJ17-4','CODE128','Solar Pump PU4000C PE C-SJ17-4',3500000,5000000,4,1,1,1,1,0,'2','no-image.png',NULL,0,0,0,0,1,'2025-01-13 16:33:51.000000','2025-01-13 16:33:51.000000',NULL),(180,'is_single','Solar Pump PE C-SJ18-7','CODE128','Solar Pump PE C-SJ18-7',5600000,8000000,4,1,1,1,1,0,'2','no-image.png',NULL,0,0,0,0,1,'2025-01-13 16:37:48.000000','2025-01-13 16:37:48.000000',NULL),(181,'is_single','Micro Diaphragm Pump 6MPa','CODE128','Micro Diaphragm Pump 6MPa',112000,160000,4,NULL,1,1,1,0,'2','no-image.png',NULL,0,0,0,0,1,'2025-01-13 16:42:29.000000','2025-01-13 16:42:29.000000',NULL),(182,'is_single','Shiyuan Dc Solar pump SYDC-QB1.5-15-12-180','CODE128','Shiyuan Dc Solar pump SYDC-QB1.5-15-12-180',105000,150000,34,NULL,1,1,1,0,'2','no-image.png',NULL,0,0,0,0,1,'2025-01-13 16:51:45.000000','2025-01-13 16:51:45.000000',NULL),(183,'is_single','High Pressure pump SY-HP-250-70-2.4','CODE128','High Pressure pump SY-HP-250-70-2.4',245000,350000,12,NULL,1,1,1,0,'2','no-image.png',NULL,0,0,0,0,1,'2025-01-13 16:54:47.000000','2025-01-13 16:54:47.000000',NULL),(184,'is_single','Hand-held High Pressure 1500W 1600W 1800W 9L/min','CODE128','Hand-held High Pressure 1500W 1600W 1800W 9L/min',225000,250000,12,NULL,1,1,1,0,'2','no-image.png',NULL,0,0,0,0,1,'2025-01-13 17:38:36.000000','2025-01-13 17:38:36.000000',NULL),(185,'is_single','SOLAR MOTOR AC DRIVE 1800C 1.7kw,UL','CODE128','SOLAR MOTOR AC DRIVE 1800C 1.7kw,UL',1075508,1536440,4,1,1,1,1,0,'2','no-image.png',NULL,0,0,0,0,1,'2025-01-13 18:07:47.000000','2025-01-13 18:07:47.000000',NULL),(186,'is_single','Controller Psk3-7 5.5kw','CODE128','Controller Psk3-7 5.5kw',2590364,3700520,5,1,1,1,1,0,'2','no-image.png',NULL,0,0,0,0,1,'2025-01-13 19:14:57.000000','2025-01-13 19:14:57.000000',NULL),(187,'is_single','Water dispenser WD-01','CODE128','Water dispenser WD-01',1207710,1725300,12,NULL,1,1,1,0,'2','no-image.png',NULL,0,0,0,0,1,'2025-01-13 19:30:31.000000','2025-01-13 19:30:31.000000',NULL),(188,'is_single','M1','CODE128','M1',15000,20000,23,NULL,1,1,1,0,'2','no-image.png',NULL,0,0,0,0,1,'2025-01-13 20:28:45.000000','2025-01-13 20:28:45.000000',NULL),(189,'is_single','CABLE PROTECTION S1 Dry run protection','CODE128','CABLE PROTECTION S1 Dry run protection',79508.34,150298,8,1,1,1,1,0,'2','no-image.png',NULL,0,0,0,0,1,'2025-01-13 20:40:11.000000','2025-01-13 20:40:11.000000',NULL),(190,'is_single','LIQUID PRESSURE SENSOR LPS-2000','CODE128','LIQUID PRESSURE SENSOR LPS-2000',173848.51,295542,23,NULL,1,1,1,0,'2','no-image.png',NULL,0,0,0,0,1,'2025-01-14 12:51:01.000000','2025-01-14 12:51:01.000000',NULL),(191,'is_single','Board PS2 Power 4000','CODE128','Board PS2 Power 4000',822038,1174340,35,1,1,1,1,0,'2','no-image.png',NULL,0,0,0,0,1,'2025-01-14 13:00:18.000000','2025-01-14 13:00:18.000000',NULL),(192,'is_single','Solar Pv Panels VK-300M','CODE128','Solar Pv Panels VK-300M',300000,210000,10,4,1,1,1,0,'2','no-image.png',NULL,0,0,0,0,1,'2025-01-14 13:13:43.000000','2025-01-14 13:13:43.000000',NULL),(193,'is_single','SOLAR LAMP IP66 120W','CODE128','SOLAR LAMP IP66 120W',84000,120000,11,NULL,1,1,1,0,'2','no-image.png',NULL,0,0,0,0,1,'2025-01-14 13:18:51.000000','2025-01-14 13:18:51.000000',NULL),(194,'is_single','Smart 4G Camera C15X-H-4G','CODE128','Smart 4G Camera C15X-H-4G',65000,85000,22,NULL,1,1,1,0,'2','no-image.png',NULL,0,0,0,0,1,'2025-01-14 13:22:50.000000','2025-01-14 13:22:50.000000',NULL),(195,'is_single','Easy-Set Logic','CODE128','Easy-Set Logic',86904,96560,16,NULL,1,1,1,0,'2','no-image.png',NULL,0,0,0,0,1,'2025-01-14 13:27:41.000000','2025-01-14 13:27:41.000000',NULL),(196,'is_single','Orbit Buddy II PN 94148-03rH','CODE128','Orbit Buddy II PN 94148-03rH',62622,69580,16,NULL,1,1,1,0,'2','no-image.png',NULL,0,0,0,0,1,'2025-01-14 13:30:25.000000','2025-01-14 13:30:25.000000',NULL),(197,'is_single','Amico +2 3/4\'\' 40L/min','CODE128','Amico +2 3/4\'\' 40L/min',59044,65604,16,NULL,1,1,1,0,'2','no-image.png',NULL,0,0,0,0,1,'2025-01-14 13:37:03.000000','2025-01-14 13:37:03.000000',NULL),(198,'is_single','Ampere Meter 100/5A','CODE128','Ampere Meter 100/5A',10800,12000,16,NULL,1,1,1,0,'2','no-image.png',NULL,0,0,0,0,1,'2025-01-14 13:42:03.000000','2025-01-14 13:42:03.000000',NULL),(199,'is_single','Volt Meter Digital Ac 220v','CODE128','Volt Meter Digital Ac 220v',9000,10000,16,NULL,1,1,1,0,'2','no-image.png',NULL,0,0,0,0,1,'2025-01-14 13:44:12.000000','2025-01-14 13:44:12.000000',NULL),(200,'is_single','Frequency Meter BD-810K','CODE128','Frequency Meter BD-810K',1000,2000,16,NULL,1,1,1,0,'2','no-image.png',NULL,0,0,0,0,1,'2025-01-14 13:46:15.000000','2025-01-14 13:46:15.000000',NULL),(201,'is_single','Digital Pressure Gauge  1/4\'\' 250 Bar','CODE128','Digital Pressure Gauge  1/4\'\' 250 Bar',47300,52500,16,NULL,1,1,1,0,'2','no-image.png',NULL,0,0,0,0,1,'2025-01-14 13:48:32.000000','2025-01-14 13:48:32.000000',NULL),(202,'is_single','Flexible Suction/Ruhogo 1\'\'','CODE128','Flexible Suction/Ruhogo 1\'\'',7000,9100,13,NULL,3,3,3,0,'2','no-image.png',NULL,0,0,0,0,1,'2025-01-14 13:59:22.000000','2025-01-14 13:59:22.000000',NULL),(203,'is_single','Sediment Filter 5Micron','CODE128','Sediment Filter 5Micron',36000,40000,17,NULL,1,1,1,0,'2','no-image.png',NULL,0,0,0,0,1,'2025-01-14 14:17:53.000000','2025-01-14 14:17:53.000000',NULL),(204,'is_single','Sedimental Removal 5Micron','CODE128','Sedimental Removal 5Micron',36000,40000,17,NULL,1,1,1,0,'2','no-image.png',NULL,0,0,0,0,1,'2025-01-14 14:28:12.000000','2025-01-14 14:28:12.000000',NULL),(205,'is_single','Drip adapter Valve ( black)','CODE128','Drip adapter Valve ( black)',1260,1800,17,NULL,1,1,1,0,'2','no-image.png',NULL,0,0,0,0,1,'2025-01-14 14:58:02.000000','2025-01-14 14:58:02.000000',NULL),(206,'is_single','Drip Adapter (green)','CODE128','Drip Adapter(green)',1800,2000,17,NULL,1,1,1,0,'2','no-image.png',NULL,0,0,0,0,1,'2025-01-14 15:04:52.000000','2025-01-14 15:04:52.000000',NULL),(207,'is_single','Drip Adapter (blue)','CODE128','Drip Adapter (blue)',1800,2000,17,NULL,1,1,1,0,'2','no-image.png',NULL,0,0,0,0,1,'2025-01-14 15:06:20.000000','2025-01-14 15:06:20.000000',NULL),(208,'is_single','Drip Adapter (red)','CODE128','Drip Adapter (red)',1800,2000,17,NULL,1,1,1,0,'1','no-image.png',NULL,0,0,0,0,1,'2025-01-14 15:07:24.000000','2025-01-14 15:07:24.000000',NULL),(209,'is_single','Camlock Female A 250  2.5\'\'','CODE128','Camlock Female A 250 2.5\'\'',27000,30000,18,NULL,1,1,1,0,'2','no-image.png',NULL,0,0,0,0,1,'2025-01-14 15:19:37.000000','2025-01-14 15:19:37.000000',NULL),(210,'is_single','Camlock Male A 250 2.5\'\'','CODE128','Camlock Male A 250 2.5\'\'',27000,30000,18,NULL,1,1,1,0,'2','no-image.png',NULL,0,0,0,0,1,'2025-01-14 15:22:18.000000','2025-01-14 15:22:18.000000',NULL),(211,'is_single','Camlock Female A300 3\'\'','CODE128','Camlock Female A300 3\'\'',31000,35000,18,NULL,1,1,1,0,'2','no-image.png',NULL,0,0,0,0,1,'2025-01-14 15:33:03.000000','2025-01-14 15:33:03.000000',NULL),(212,'is_single','Camlock Female A200 2\'\'','CODE128','Camlock Female A200 2\'\'',18000,20000,18,NULL,1,1,1,0,'2','no-image.png',NULL,0,0,0,0,1,'2025-01-14 15:35:25.000000','2025-01-14 15:35:25.000000',NULL),(213,'is_single','Camlock 300E','CODE128','Camlock 300E',13500,15000,18,NULL,1,1,1,0,'2','no-image.png',NULL,0,0,0,0,1,'2025-01-14 18:36:33.000000','2025-01-14 18:36:33.000000',NULL),(214,'is_single','Camlock Male 2\'\'','CODE128','Camlock Male 2\'\'',18000,20000,18,NULL,1,1,1,0,'2','no-image.png',NULL,0,0,0,0,1,'2025-01-15 11:34:06.000000','2025-01-15 11:34:06.000000',NULL),(215,'is_single','Mancho Reduit 3/4\'\'to 1\'\'','CODE128','Mancho Reduit 3/4\'\'to 1\'\'',7200,8000,18,NULL,1,1,1,0,'2','no-image.png',NULL,0,0,0,0,1,'2025-01-15 11:36:59.000000','2025-01-15 11:36:59.000000',NULL),(216,'is_single','elbow 3\'\'','CODE128','elbow 3\'\'',16200,18000,18,NULL,1,1,1,0,'2','no-image.png',NULL,0,0,0,0,1,'2025-01-15 11:44:16.000000','2025-01-15 11:44:16.000000',NULL),(217,'is_single','Elbow 1\'\'* 2\'\'','CODE128','Elbow 1\'\'* 2\'\'',7200,8000,18,NULL,1,1,1,0,'2','no-image.png',NULL,0,0,0,0,1,'2025-01-15 11:47:56.000000','2025-01-15 11:47:56.000000',NULL),(218,'is_single','Nipple 1\'\'','CODE128','Nipple 1\'\'',2700,3000,18,NULL,1,1,1,0,'2','no-image.png',NULL,0,0,0,0,1,'2025-01-15 11:53:16.000000','2025-01-15 11:53:16.000000',NULL),(219,'is_single','Nipple 3/4\'\'','CODE128','Nipple 3/4\'\'',2250,2500,18,NULL,1,1,1,0,'2','no-image.png',NULL,0,0,0,0,1,'2025-01-15 11:54:34.000000','2025-01-15 11:54:34.000000',NULL),(220,'is_single','Reducer 25x20','CODE128','Reducer 25x20',1350,1500,18,NULL,1,1,1,0,'2','no-image.png',NULL,0,0,0,0,1,'2025-01-15 12:02:36.000000','2025-01-15 12:02:36.000000',NULL),(221,'is_single','Elbow Adapter PN16  63mm 2\'\'','CODE128','Elbow Adapter PN16  63mm 2\'\'',5400,6000,18,NULL,1,1,1,0,'2','no-image.png',NULL,0,0,0,0,1,'2025-01-15 12:18:58.000000','2025-01-15 12:18:58.000000',NULL),(222,'is_single','Vanne Glessier PN 2.5 Q63','CODE128','Vanne Glessier PN 2.5 Q63',18000,20000,18,NULL,1,1,1,0,'2','no-image.png',NULL,0,0,0,0,1,'2025-01-15 12:30:04.000000','2025-01-15 12:30:04.000000',NULL),(223,'is_single','Vanne Glessier Q75','CODE128','Vanne Glessier Q75',25200,28000,18,NULL,1,1,1,0,'2','no-image.png',NULL,0,0,0,0,1,'2025-01-15 12:36:38.000000','2025-01-15 12:36:38.000000',NULL),(224,'is_single','Vanne Glessier Pe Q110','CODE128','Vanne Glessier Pe Q110',40050,44500,18,NULL,1,1,1,0,'2','no-image.png',NULL,0,0,0,0,1,'2025-01-15 12:42:28.000000','2025-01-15 12:42:28.000000',NULL),(225,'is_single','Vanne 110  4\'\'','CODE128','Vanne 110  4\'\'',72000,80000,18,NULL,1,1,1,0,'2','no-image.png',NULL,1,0,0,0,1,'2025-01-15 12:44:51.000000','2025-01-15 12:44:51.000000',NULL),(226,'is_single','Vanne Q32','CODE128','Vanne Q32',16200,18000,18,NULL,1,1,1,0,'2','no-image.png',NULL,1,0,0,0,1,'2025-01-15 12:47:23.000000','2025-01-15 12:47:23.000000',NULL),(227,'is_single','Tee Pet Q32','CODE128','Tee Pet Q32',7200,8000,18,NULL,1,1,1,0,'2','no-image.png',NULL,1,0,0,0,1,'2025-01-15 12:54:50.000000','2025-01-15 12:54:50.000000',NULL),(228,'is_single','Mancho Reduit Pes 50x32','CODE128','Mancho Reduit Pes 50x32',7200,8000,19,NULL,1,1,1,0,'2','no-image.png',NULL,1,0,0,0,1,'2025-01-15 13:00:27.000000','2025-01-15 13:00:27.000000',NULL),(229,'is_single','Mancho Reduit Pes 75x63','CODE128','Mancho Reduit Pes 75x63',10800,12000,19,NULL,1,1,1,0,'2','no-image.png',NULL,1,0,0,0,1,'2025-01-15 13:04:58.000000','2025-01-15 13:07:50.000000',NULL),(230,'is_single','Mancho 63mm','CODE128','Mancho 63mm',13500,15000,19,NULL,1,1,1,0,'2','no-image.png',NULL,1,0,0,0,1,'2025-01-15 13:13:42.000000','2025-01-15 13:13:42.000000',NULL),(231,'is_single','Mancho  50mm PN16','CODE128','Mancho 50mm PN16',9900,11000,19,NULL,1,1,1,0,'2','no-image.png',NULL,1,0,0,0,1,'2025-01-15 13:27:08.000000','2025-01-15 13:27:08.000000',NULL),(232,'is_single','Reducer Adapter pes 63x2\'\'','CODE128','Reducer Adapter pes 63x2\'\'',19890,22100,19,NULL,1,1,1,0,'2','no-image.png',NULL,0,0,0,0,1,'2025-01-15 13:33:16.000000','2025-01-15 13:33:16.000000',NULL),(233,'is_single','camlock black','CODE128','camlock black',16200,18000,19,NULL,1,1,1,0,'2','no-image.png',NULL,1,0,0,0,1,'2025-01-15 13:49:15.000000','2025-01-15 13:49:15.000000',NULL),(234,'is_single','CABLE JOINT (1.5-4MM)ST6','CODE128','CABLE JOINT (1.5-4MM)ST6',23128,30066.4,16,7,1,1,1,0,'2','no-image.png',NULL,0,0,0,0,1,'2025-01-15 19:57:45.000000','2025-01-15 19:57:45.000000',NULL),(235,'is_single','BETON','CODE128','BETON',15000,20000,32,NULL,1,1,1,0,'2','no-image.png',NULL,0,0,0,0,1,'2025-01-15 20:07:27.000000','2025-01-15 20:07:27.000000',NULL),(236,'is_single','Adapter Male Q110x4\'\'','CODE128','Adapter Male Q110x4\'\'',12600,14000,20,NULL,1,1,1,0,'2','no-image.png',NULL,0,0,0,0,1,'2025-01-16 12:22:23.000000','2025-01-16 12:22:23.000000',NULL),(237,'is_single','Adapter Female Q63x2\'\'','CODE128','Adapter Female Q63x2\'\'',6750,7500,20,NULL,1,1,1,0,'2','no-image.png',NULL,0,0,0,0,1,'2025-01-16 12:25:27.000000','2025-01-16 12:25:27.000000',NULL),(238,'is_single','Adapter Female Q110x4\'\'','CODE128','Adapter Female Q110x4\'\'',12600,14000,20,NULL,1,1,1,0,'2','no-image.png',NULL,0,0,0,0,1,'2025-01-16 12:28:36.000000','2025-01-16 12:28:36.000000',NULL),(239,'is_single','Water Shower Garden','CODE128','Water Shower Garden',9000,10000,20,NULL,1,1,1,0,'2','no-image.png',NULL,0,0,0,0,1,'2025-01-16 12:35:50.000000','2025-01-16 12:35:50.000000',NULL),(240,'is_single','Spinkler (Black&Blue) 3/4\'\'','CODE128','Spinkler (Black&Blue) 3/4\'\'',13500,15000,20,NULL,1,1,1,0,'2','no-image.png',NULL,1,0,0,0,1,'2025-01-16 12:42:13.000000','2025-01-16 12:42:13.000000',NULL),(241,'is_single','Spinkler (Black&Blue) 1.5\'\'','CODE128','Spinkler (Black&Blue) 1.5\'\'',11250,12500,17,NULL,1,1,1,0,'2','no-image.png',NULL,0,0,0,0,1,'2025-01-16 12:44:54.000000','2025-01-16 12:44:54.000000',NULL),(242,'is_single','Spinkler (black&Red) 3/4\'\'','CODE128','Spinkler (black&Red) 3/4\'\'',2700,3000,17,NULL,1,1,1,0,'2','no-image.png',NULL,0,0,0,0,1,'2025-01-16 12:46:42.000000','2025-01-16 12:46:42.000000',NULL),(243,'is_single','Driper','CODE128','Driper',500,300,17,NULL,1,1,1,0,'2','no-image.png',NULL,0,0,0,0,1,'2025-01-16 12:58:02.000000','2025-01-16 12:58:02.000000',NULL),(244,'is_single','traverse','CODE128','traverse',15300,17000,36,NULL,1,1,1,0,'2','no-image.png',NULL,0,0,0,0,1,'2025-01-16 13:01:05.000000','2025-01-16 13:01:05.000000',NULL),(245,'is_single','Drip puncher','CODE128','Drip puncher',15300,17000,36,NULL,1,1,1,0,'2','no-image.png',NULL,1,0,0,0,1,'2025-01-16 13:02:12.000000','2025-01-16 13:02:12.000000',NULL);

--
-- Table structure for table `projects`
--

CREATE TABLE `projects` (
  `id` int(11) NOT NULL AUTO_INCREMENT,
  `title` varchar(191) NOT NULL,
  `client_id` int(11) NOT NULL,
  `start_date` date NOT NULL,
  `end_date` date NOT NULL,
  `description` text DEFAULT NULL,
  `company_id` int(11) NOT NULL,
  `status` varchar(191) NOT NULL,
  `created_at` timestamp(6) NULL DEFAULT NULL,
  `updated_at` timestamp(6) NULL DEFAULT NULL,
  `deleted_at` timestamp NULL DEFAULT NULL,
  PRIMARY KEY (`id`),
  KEY `projects_client_id` (`client_id`),
  KEY `projects_company_id` (`company_id`),
  CONSTRAINT `projects_client_id` FOREIGN KEY (`client_id`) REFERENCES `clients` (`id`),
  CONSTRAINT `projects_company_id` FOREIGN KEY (`company_id`) REFERENCES `companies` (`id`)
) ENGINE=InnoDB DEFAULT CHARSET=utf8mb4 COLLATE=utf8mb4_general_ci;

--
-- Dumping data for table `projects`
--


--
-- Table structure for table `providers`
--

CREATE TABLE `providers` (
  `id` int(11) NOT NULL AUTO_INCREMENT,
  `name` varchar(191) NOT NULL,
  `code` int(11) NOT NULL,
  `email` varchar(191) DEFAULT NULL,
  `phone` varchar(191) DEFAULT NULL,
  `tax_number` varchar(192) DEFAULT NULL,
  `country` varchar(191) DEFAULT NULL,
  `city` varchar(191) DEFAULT NULL,
  `adresse` varchar(191) DEFAULT NULL,
  `created_at` timestamp(6) NULL DEFAULT NULL,
  `updated_at` timestamp(6) NULL DEFAULT NULL,
  `deleted_at` timestamp NULL DEFAULT NULL,
  PRIMARY KEY (`id`)
) ENGINE=InnoDB AUTO_INCREMENT=10 DEFAULT CHARSET=utf8mb4 COLLATE=utf8mb4_general_ci;

--
-- Dumping data for table `providers`
--

INSERT INTO `providers` VALUES (1,'Viateur',1,'viateur@gmail.com','0783631652','2442442','Rwanda','kigali',NULL,'2024-12-24 19:49:41.000000','2024-12-24 19:49:41.000000',NULL),(2,'Davis shirtiff',2,NULL,NULL,'147979414',NULL,NULL,NULL,'2024-12-27 14:07:47.000000','2024-12-27 14:09:23.000000',NULL),(3,'MJB BUSINESS GROUP LTD',3,NULL,'0785723018','108614444',NULL,NULL,NULL,'2025-01-07 20:14:15.000000','2025-01-07 20:18:41.000000',NULL),(4,'HIRWA ELECTRONIC PRO COMPANY LTD',4,NULL,'0783377872','119984714',NULL,NULL,NULL,'2025-01-07 20:20:37.000000','2025-01-07 20:20:37.000000',NULL),(5,'YANKURIJE MARTHE',5,NULL,'0788587532','101380497',NULL,NULL,NULL,'2025-01-07 20:21:33.000000','2025-01-07 20:21:33.000000',NULL),(6,'MASTLO',6,NULL,'0788496167','118504283',NULL,NULL,NULL,'2025-01-11 14:58:12.000000','2025-01-11 14:58:12.000000',NULL),(7,'JAPHET NZEYIMANA',7,NULL,NULL,NULL,NULL,NULL,NULL,'2025-01-11 18:12:49.000000','2025-01-11 18:12:49.000000',NULL),(8,'TRIPLE SUPPLY LTD',8,NULL,NULL,NULL,NULL,NULL,NULL,'2025-01-11 18:13:09.000000','2025-01-11 18:13:09.000000',NULL),(9,'G-HUB COMPANY LTD',9,NULL,'0781468363','121347346',NULL,NULL,NULL,'2025-01-13 20:30:38.000000','2025-01-13 20:30:38.000000',NULL);

--
-- Table structure for table `purchase_details`
--

CREATE TABLE `purchase_details` (
  `id` int(11) NOT NULL AUTO_INCREMENT,
  `cost` double NOT NULL,
  `purchase_unit_id` int(11) DEFAULT NULL,
  `TaxNet` double DEFAULT 0,
  `tax_method` varchar(192) DEFAULT '1',
  `discount` double DEFAULT 0,
  `discount_method` varchar(192) DEFAULT '1',
  `purchase_id` int(11) NOT NULL,
  `product_id` int(11) NOT NULL,
  `product_variant_id` int(11) DEFAULT NULL,
  `imei_number` text DEFAULT NULL,
  `total` double NOT NULL,
  `quantity` double NOT NULL,
  `created_at` timestamp(6) NULL DEFAULT NULL,
  `updated_at` timestamp(6) NULL DEFAULT NULL,
  PRIMARY KEY (`id`),
  KEY `purchase_id` (`purchase_id`),
  KEY `product_id` (`product_id`),
  KEY `purchase_product_variant_id` (`product_variant_id`),
  KEY `purchase_unit_id_purchase` (`purchase_unit_id`),
  CONSTRAINT `product_id` FOREIGN KEY (`product_id`) REFERENCES `products` (`id`) ON UPDATE CASCADE,
  CONSTRAINT `purchase_id` FOREIGN KEY (`purchase_id`) REFERENCES `purchases` (`id`),
  CONSTRAINT `purchase_product_variant_id` FOREIGN KEY (`product_variant_id`) REFERENCES `product_variants` (`id`) ON DELETE NO ACTION ON UPDATE NO ACTION,
  CONSTRAINT `purchase_unit_id_purchase` FOREIGN KEY (`purchase_unit_id`) REFERENCES `units` (`id`)
) ENGINE=InnoDB AUTO_INCREMENT=25 DEFAULT CHARSET=utf8mb4 COLLATE=utf8mb4_general_ci;

--
-- Dumping data for table `purchase_details`
--

INSERT INTO `purchase_details` VALUES (9,330000,1,0,'2',0,'2',9,124,NULL,NULL,330000,1,NULL,NULL),(12,5000,1,0,'2',0,'2',11,125,NULL,NULL,10000,2,NULL,NULL),(13,373352,1,0,'2',0,'2',12,123,NULL,NULL,373352,1,NULL,NULL),(14,290000,1,0,'2',0,'2',13,23,NULL,NULL,580000,2,NULL,NULL),(15,6000,3,0,'2',0,'2',14,30,NULL,NULL,90000,15,NULL,NULL),(16,373352,1,0,'2',0,'2',15,123,NULL,NULL,373352,1,NULL,NULL),(17,30000,1,0,'2',0,'2',16,173,NULL,NULL,90000,3,NULL,NULL),(18,9500,1,0,'2',0,'2',17,174,NULL,NULL,95000,10,NULL,NULL),(19,6500,1,0,'2',0,'2',17,175,NULL,NULL,97500,15,NULL,NULL),(20,6000,1,0,'2',0,'2',17,176,NULL,NULL,12000,2,NULL,NULL),(21,3000,1,0,'2',0,'2',17,177,NULL,NULL,6000,2,NULL,NULL),(22,15000,1,0,'2',0,'2',18,188,NULL,NULL,15000,1,NULL,NULL),(23,23128,1,0,'2',0,'2',19,234,NULL,NULL,23128,1,NULL,'2025-01-15 20:00:40.000000'),(24,15000,1,0,'2',0,'2',20,235,NULL,NULL,15000,1,NULL,NULL);

--
-- Table structure for table `purchase_return_details`
--

CREATE TABLE `purchase_return_details` (
  `id` int(11) NOT NULL AUTO_INCREMENT,
  `cost` decimal(16,3) NOT NULL,
  `purchase_unit_id` int(11) DEFAULT NULL,
  `TaxNet` double DEFAULT 0,
  `tax_method` varchar(192) DEFAULT '1',
  `discount` double DEFAULT 0,
  `discount_method` varchar(192) DEFAULT '1',
  `total` double NOT NULL,
  `quantity` double NOT NULL,
  `purchase_return_id` int(11) NOT NULL,
  `product_id` int(11) NOT NULL,
  `product_variant_id` int(11) DEFAULT NULL,
  `imei_number` text DEFAULT NULL,
  `created_at` timestamp(6) NULL DEFAULT NULL,
  `updated_at` timestamp(6) NULL DEFAULT NULL,
  `deleted_at` timestamp NULL DEFAULT NULL,
  PRIMARY KEY (`id`),
  KEY `purchase_return_id_return` (`purchase_return_id`),
  KEY `product_id_details_purchase_return` (`product_id`),
  KEY `purchase_return_product_variant_id` (`product_variant_id`),
  KEY `unit_id_purchase_return_details` (`purchase_unit_id`),
  CONSTRAINT `product_id_details_purchase_return` FOREIGN KEY (`product_id`) REFERENCES `products` (`id`),
  CONSTRAINT `purchase_return_id_return` FOREIGN KEY (`purchase_return_id`) REFERENCES `purchase_returns` (`id`),
  CONSTRAINT `purchase_return_product_variant_id` FOREIGN KEY (`product_variant_id`) REFERENCES `product_variants` (`id`),
  CONSTRAINT `unit_id_purchase_return_details` FOREIGN KEY (`purchase_unit_id`) REFERENCES `units` (`id`)
) ENGINE=InnoDB AUTO_INCREMENT=4 DEFAULT CHARSET=utf8mb4 COLLATE=utf8mb4_general_ci;

--
-- Dumping data for table `purchase_return_details`
--


--
-- Table structure for table `purchase_returns`
--

CREATE TABLE `purchase_returns` (
  `id` int(11) NOT NULL AUTO_INCREMENT,
  `user_id` int(11) NOT NULL,
  `date` date NOT NULL,
  `Ref` varchar(192) NOT NULL,
  `purchase_id` int(11) DEFAULT NULL,
  `provider_id` int(11) NOT NULL,
  `warehouse_id` int(11) NOT NULL,
  `tax_rate` double DEFAULT 0,
  `TaxNet` double DEFAULT 0,
  `discount` double DEFAULT 0,
  `shipping` double DEFAULT 0,
  `GrandTotal` double NOT NULL,
  `paid_amount` double NOT NULL DEFAULT 0,
  `payment_statut` varchar(192) NOT NULL,
  `statut` varchar(192) NOT NULL,
  `notes` text DEFAULT NULL,
  `created_at` timestamp(6) NULL DEFAULT NULL,
  `updated_at` timestamp(6) NULL DEFAULT NULL,
  `deleted_at` timestamp NULL DEFAULT NULL,
  PRIMARY KEY (`id`),
  KEY `user_id_returns` (`user_id`),
  KEY `provider_id_return` (`provider_id`),
  KEY `purchase_return_warehouse_id` (`warehouse_id`),
  KEY `purchase_id_purchase_returns` (`purchase_id`),
  CONSTRAINT `provider_id_return` FOREIGN KEY (`provider_id`) REFERENCES `providers` (`id`),
  CONSTRAINT `purchase_id_purchase_returns` FOREIGN KEY (`purchase_id`) REFERENCES `purchases` (`id`),
  CONSTRAINT `purchase_return_user_id` FOREIGN KEY (`user_id`) REFERENCES `users` (`id`),
  CONSTRAINT `purchase_return_warehouse_id` FOREIGN KEY (`warehouse_id`) REFERENCES `warehouses` (`id`)
) ENGINE=InnoDB AUTO_INCREMENT=4 DEFAULT CHARSET=utf8mb4 COLLATE=utf8mb4_general_ci;

--
-- Dumping data for table `purchase_returns`
--

INSERT INTO `purchase_returns` VALUES (1,4,'2024-12-30','RT_1111',5,2,8,0,0,0,0,21000,0,'unpaid','completed',NULL,'2024-12-30 15:25:07.000000','2025-01-03 19:54:01.000000','2025-01-03 19:54:01'),(2,4,'2024-12-31','RT_1112',6,2,8,0,0,0,0,1166400,0,'unpaid','completed',NULL,'2024-12-31 13:34:04.000000','2025-01-03 19:54:01.000000','2025-01-03 19:54:01'),(3,4,'2024-12-31','RT_1113',7,1,11,0,0,0,0,874800,0,'unpaid','completed',NULL,'2024-12-31 13:40:41.000000','2025-01-03 19:54:01.000000','2025-01-03 19:54:01');

--
-- Table structure for table `purchases`
--

CREATE TABLE `purchases` (
  `id` int(11) NOT NULL AUTO_INCREMENT,
  `user_id` int(11) NOT NULL,
  `Ref` varchar(192) NOT NULL,
  `date` date NOT NULL,
  `provider_id` int(11) NOT NULL,
  `warehouse_id` int(11) NOT NULL,
  `tax_rate` double DEFAULT 0,
  `TaxNet` double DEFAULT 0,
  `discount` double DEFAULT 0,
  `shipping` double DEFAULT 0,
  `GrandTotal` double NOT NULL,
  `paid_amount` double NOT NULL DEFAULT 0,
  `statut` varchar(191) NOT NULL,
  `payment_statut` varchar(192) NOT NULL,
  `notes` text DEFAULT NULL,
  `created_at` timestamp(6) NULL DEFAULT NULL,
  `updated_at` timestamp(6) NULL DEFAULT NULL,
  `deleted_at` timestamp NULL DEFAULT NULL,
  PRIMARY KEY (`id`),
  KEY `user_id_purchases` (`user_id`),
  KEY `provider_id` (`provider_id`),
  KEY `warehouse_id_purchase` (`warehouse_id`),
  CONSTRAINT `provider_id` FOREIGN KEY (`provider_id`) REFERENCES `providers` (`id`),
  CONSTRAINT `user_id_purchases` FOREIGN KEY (`user_id`) REFERENCES `users` (`id`),
  CONSTRAINT `warehouse_id_purchase` FOREIGN KEY (`warehouse_id`) REFERENCES `warehouses` (`id`)
) ENGINE=InnoDB AUTO_INCREMENT=21 DEFAULT CHARSET=utf8mb4 COLLATE=utf8mb4_general_ci;

--
-- Dumping data for table `purchases`
--

INSERT INTO `purchases` VALUES (1,1,'PR_1111','2024-12-24',1,5,0,0,0,0,200000,0,'received','unpaid','rwrw','2024-12-24 19:51:11.000000','2024-12-27 17:56:54.000000','2024-12-27 17:56:54'),(2,3,'PR_1112','2024-12-27',2,7,0,0,0,0,6683509,0,'received','unpaid',NULL,'2024-12-27 14:20:22.000000','2024-12-27 17:56:32.000000','2024-12-27 17:56:32'),(3,3,'PR_1113','2024-12-27',2,7,0,0,0,0,1476103,0,'ordered','unpaid',NULL,'2024-12-27 14:22:17.000000','2024-12-27 17:56:07.000000','2024-12-27 17:56:07'),(4,3,'PR_1114','2024-12-27',2,7,0,0,0,0,1476103,0,'pending','unpaid',NULL,'2024-12-27 14:22:43.000000','2024-12-27 17:55:44.000000','2024-12-27 17:55:44'),(5,4,'PR_1115','2024-12-30',2,8,0,0,0,0,52500,52500,'received','paid',NULL,'2024-12-30 15:23:59.000000','2025-01-03 19:54:20.000000','2025-01-03 19:54:20'),(6,4,'PR_1116','2024-12-31',2,8,0,0,0,0,1166400,1166400,'received','paid',NULL,'2024-12-31 13:32:56.000000','2025-01-03 19:54:20.000000','2025-01-03 19:54:20'),(7,4,'PR_1117','2024-12-31',1,11,0,0,0,0,874800,0,'received','unpaid',NULL,'2024-12-31 13:39:38.000000','2025-01-03 19:54:20.000000','2025-01-03 19:54:20'),(8,1,'PR_1118','2025-01-07',2,5,0,0,0,0,373352,746704,'received','paid',NULL,'2025-01-07 20:23:27.000000','2025-01-07 20:37:52.000000','2025-01-07 20:37:52'),(9,1,'PR_1119','2025-01-07',3,5,0,0,0,1000,331000,331000,'received','paid',NULL,'2025-01-07 20:28:15.000000','2025-01-07 20:28:49.000000',NULL),(10,1,'PR_1120','2025-01-07',3,5,0,0,0,1000,11000,10000,'received','partial',NULL,'2025-01-07 20:31:51.000000','2025-01-07 20:37:40.000000','2025-01-07 20:37:40'),(11,1,'PR_1121','2025-01-07',3,5,0,0,0,1000,11000,11000,'received','paid',NULL,'2025-01-07 20:38:47.000000','2025-01-07 20:39:16.000000',NULL),(12,1,'PR_1122','2025-01-07',2,5,0,0,0,0,373352,373352,'received','paid',NULL,'2025-01-07 20:40:14.000000','2025-01-07 20:40:51.000000',NULL),(13,1,'PR_1123','2025-01-07',5,5,0,0,0,2000,582000,582000,'received','paid',NULL,'2025-01-07 20:44:02.000000','2025-01-07 20:44:56.000000',NULL),(14,1,'PR_1124','2025-01-07',4,5,0,0,0,2000,92000,92000,'received','paid',NULL,'2025-01-07 20:47:20.000000','2025-01-07 20:47:55.000000',NULL),(15,1,'PR_1125','2025-01-08',2,5,0,0,0,0,373352,373352,'received','paid',NULL,'2025-01-11 14:59:53.000000','2025-01-11 18:32:28.000000',NULL),(16,1,'PR_1126','2025-01-03',7,5,0,0,0,0,90000,90000,'received','paid',NULL,'2025-01-11 18:28:12.000000','2025-01-11 18:28:45.000000',NULL),(17,1,'PR_1127','2025-01-04',8,5,0,0,0,0,210500,210500,'received','paid',NULL,'2025-01-11 18:35:40.000000','2025-01-11 18:40:49.000000',NULL),(18,1,'PR_1128','2025-01-13',9,5,0,0,0,0,15000,15000,'received','paid',NULL,'2025-01-13 20:31:22.000000','2025-01-13 20:31:46.000000',NULL),(19,1,'PR_1129','2025-01-13',2,5,0,0,0,0,23128,23128,'received','paid',NULL,'2025-01-15 19:58:31.000000','2025-01-15 20:01:03.000000',NULL),(20,1,'PR_1130','2025-01-14',8,5,0,0,0,0,15000,15000,'received','paid',NULL,'2025-01-15 20:09:14.000000','2025-01-15 20:09:26.000000',NULL);

--
-- Table structure for table `quotation_details`
--

CREATE TABLE `quotation_details` (
  `id` int(11) NOT NULL AUTO_INCREMENT,
  `price` double NOT NULL,
  `sale_unit_id` int(11) DEFAULT NULL,
  `TaxNet` double DEFAULT 0,
  `tax_method` varchar(192) DEFAULT '1',
  `discount` double DEFAULT 0,
  `discount_method` varchar(192) DEFAULT '1',
  `total` double NOT NULL,
  `quantity` double NOT NULL,
  `product_id` int(11) NOT NULL,
  `product_variant_id` int(11) DEFAULT NULL,
  `imei_number` text DEFAULT NULL,
  `quotation_id` int(11) NOT NULL,
  `created_at` timestamp(6) NULL DEFAULT NULL,
  `updated_at` timestamp(6) NULL DEFAULT NULL,
  PRIMARY KEY (`id`),
  KEY `product_id_quotation_details` (`product_id`),
  KEY `quote_product_variant_id` (`product_variant_id`),
  KEY `quotation_id` (`quotation_id`),
  KEY `sale_unit_id_quotation` (`sale_unit_id`),
  CONSTRAINT `product_id_quotation_details` FOREIGN KEY (`product_id`) REFERENCES `products` (`id`),
  CONSTRAINT `quotation_id` FOREIGN KEY (`quotation_id`) REFERENCES `quotations` (`id`),
  CONSTRAINT `quote_product_variant_id` FOREIGN KEY (`product_variant_id`) REFERENCES `product_variants` (`id`),
  CONSTRAINT `sale_unit_id_quotation` FOREIGN KEY (`sale_unit_id`) REFERENCES `units` (`id`)
) ENGINE=InnoDB AUTO_INCREMENT=22 DEFAULT CHARSET=utf8mb4 COLLATE=utf8mb4_general_ci;

--
-- Dumping data for table `quotation_details`
--

INSERT INTO `quotation_details` VALUES (1,5000,1,0,'1',0,'2',5000,1,2,NULL,NULL,1,NULL,NULL),(2,5000,1,0,'1',0,'2',35000,7,2,NULL,NULL,2,NULL,NULL),(3,13000,1,0,'2',20,'1',10400,1,74,NULL,NULL,3,NULL,NULL),(4,13000,1,0,'2',10,'1',11700,1,74,NULL,NULL,4,NULL,NULL),(5,20000,1,10,'2',0,'1',20000,1,73,NULL,NULL,5,NULL,'2024-12-30 15:16:54.000000'),(6,4222968,2,0,'2',0,'2',4222968,1,5,NULL,NULL,6,NULL,NULL),(7,300000,1,0,'2',0,'2',300000,1,16,NULL,NULL,6,NULL,NULL),(8,1918933.9,1,0,'2',300000,'1',-5754882766.1,1,8,NULL,NULL,6,NULL,NULL),(9,15000,1,0,'2',0,'1',15000,1,50,NULL,NULL,6,NULL,NULL),(10,324000,1,0,'2',0,'2',324000,1,23,NULL,NULL,7,NULL,NULL),(11,324000,1,0,'2',0,'2',324000,1,23,NULL,NULL,8,NULL,NULL),(12,324000,1,0,'2',0,'2',324000,1,23,NULL,NULL,9,NULL,NULL),(13,15000,1,0,'2',0,'2',15000,1,73,NULL,NULL,10,NULL,NULL),(14,65000,4,0,'2',0,'2',65000,1,133,NULL,NULL,11,NULL,NULL),(15,23500,1,0,'2',0,'2',23500,1,146,NULL,NULL,12,NULL,'2025-01-17 17:39:38.000000'),(16,4500,1,0,'2',0,'2',4500,1,61,NULL,NULL,12,NULL,'2025-01-17 17:39:38.000000'),(17,47184.69671,1,0,'2',0,'2',47184.69671,1,146,NULL,NULL,13,NULL,'2025-01-17 17:51:03.000000'),(18,96560,1,0,'2',0,'2',96560,1,195,NULL,NULL,14,NULL,NULL),(19,47184.69671,1,0,'2',0,'2',47184.69671,1,146,NULL,NULL,15,NULL,NULL),(20,47184.69671,1,0,'2',0,'2',47184.69671,1,146,NULL,NULL,16,NULL,NULL),(21,550,1,0,'2',0,'2',550,1,122,NULL,NULL,17,NULL,NULL);

--
-- Table structure for table `quotations`
--

CREATE TABLE `quotations` (
  `id` int(11) NOT NULL AUTO_INCREMENT,
  `user_id` int(11) NOT NULL,
  `date` date NOT NULL,
  `Ref` varchar(192) NOT NULL,
  `client_id` int(11) NOT NULL,
  `warehouse_id` int(11) NOT NULL,
  `tax_rate` double DEFAULT 0,
  `TaxNet` double DEFAULT 0,
  `discount` double DEFAULT 0,
  `shipping` double DEFAULT 0,
  `GrandTotal` double NOT NULL,
  `statut` varchar(192) NOT NULL,
  `notes` text DEFAULT NULL,
  `partner_percentage` double DEFAULT 0,
  `partner_paid` double NOT NULL DEFAULT 0,
  `client_paid` double NOT NULL DEFAULT 0,
  `partner_name` varchar(192) DEFAULT NULL,
  `created_at` timestamp(6) NULL DEFAULT NULL,
  `updated_at` timestamp(6) NULL DEFAULT NULL,
  `deleted_at` timestamp NULL DEFAULT NULL,
  PRIMARY KEY (`id`),
  KEY `user_id_quotation` (`user_id`),
  KEY `client_id_quotation` (`client_id`),
  KEY `warehouse_id_quotation` (`warehouse_id`),
  CONSTRAINT `client_id _quotation` FOREIGN KEY (`client_id`) REFERENCES `clients` (`id`),
  CONSTRAINT `user_id_quotation` FOREIGN KEY (`user_id`) REFERENCES `users` (`id`),
  CONSTRAINT `warehouse_id_quotation` FOREIGN KEY (`warehouse_id`) REFERENCES `warehouses` (`id`)
) ENGINE=InnoDB AUTO_INCREMENT=18 DEFAULT CHARSET=utf8mb4 COLLATE=utf8mb4_general_ci;

--
-- Dumping data for table `quotations`
--

INSERT INTO `quotations` VALUES (1,1,'2024-12-24','QT_1111',3,5,0,0,0,0,5000,'pending',NULL,0,0,0,NULL,'2024-12-24 20:13:15.000000','2024-12-24 20:13:15.000000',NULL),(2,1,'2024-12-24','QT_1112',3,5,0,0,2000,0,33000,'pending',NULL,0,0,0,NULL,'2024-12-24 20:18:30.000000','2024-12-24 20:18:30.000000',NULL),(3,6,'2024-12-30','QT_1113',5,7,0,0,0,0,10400,'pending',NULL,0,0,0,NULL,'2024-12-30 14:12:19.000000','2024-12-30 14:12:19.000000',NULL),(4,6,'2024-12-30','QT_1114',5,7,0,0,0,0,11700,'pending','this quotation will end in this 23rd January 2025\nhere is singed by the Natali Jean',0,0,0,NULL,'2024-12-30 14:14:20.000000','2024-12-30 14:14:20.000000',NULL),(5,4,'2024-12-30','QT_1115',6,8,0,0,0,0,20000,'pending','erwwhhhhhhhhhhhhhhhhhhhhhhhhhhhhhhhhhrrvw',0,0,0,NULL,'2024-12-30 15:16:32.000000','2024-12-30 15:16:54.000000',NULL),(6,3,'2024-12-31','QT_1116',6,7,20,-1154068959.62,20000000,50000,-6924363757.72,'sent','account number I&M Bank ...........',0,0,0,NULL,'2024-12-31 12:13:53.000000','2024-12-31 12:13:53.000000',NULL),(7,1,'2025-01-04','QT_1117',2,7,0,0,0,0,324000,'pending',NULL,50,0,0,'Sentore','2025-01-04 12:09:53.000000','2025-01-04 12:09:53.000000',NULL),(8,1,'2025-01-04','QT_1118',4,7,0,0,0,0,324000,'pending',NULL,10,0,0,'Ss','2025-01-04 12:11:09.000000','2025-01-04 12:11:09.000000',NULL),(9,1,'2025-01-04','QT_1119',3,7,0,0,0,0,324000,'pending',NULL,10,0,0,'gg','2025-01-04 14:19:26.000000','2025-01-04 14:19:26.000000',NULL),(10,1,'2025-01-06','QT_1120',4,7,0,0,0,0,15000,'pending',NULL,10,0,0,'ss','2025-01-07 01:07:56.000000','2025-01-07 01:07:56.000000',NULL),(11,1,'2025-01-10','QT_1121',7,7,0,0,0,0,65000,'pending',NULL,20,0,0,'RAB','2025-01-10 13:22:20.000000','2025-01-10 13:22:20.000000',NULL),(12,1,'2025-01-17','QT_1122',10,5,0,0,0,0,28000,'pending','Notes\n\n1) Delivery: Available in stock\n2) Payment: 100% cost upon order confirmation\n3) Quotation validity: 15days after the date of this quotation\n\nIf you pay by Cheque or transfer Ets Construction Mixed Ltd: EQUITY BANK A/C 4026200028871(RWF)\nWe trust you will find our quotation satisfactory and look forward to work with you.\nFeel free to reach out to us with any inquiries or questions. We\'re here to help.\n\nYours Faithfully,\nfor ECM 0788416746',10,0,0,'SSS','2025-01-17 17:12:55.000000','2025-01-17 17:39:38.000000',NULL),(13,1,'2025-01-17','QT_1123',10,5,0,0,0,0,47184.7,'pending','Notes\n1) Delivery: Available in stock\n2) Payment: 100% cost upon order confirmation\n3) Quotation validity: 15days after the date of this quotation\n\nIf you pay by Cheque or transfer Ets Construction Mixed Ltd: EQUITY BANK A/C 4026200028871(RWF)\nWe trust you will find our quotation satisfactory and look forward to work with you.\nFeel free to reach out to us with any inquiries or questions. We\'re here to help.\nYours Faithfully,\nfor ECM 0788416746',10,0,0,'10','2025-01-17 17:34:09.000000','2025-01-17 17:44:20.000000',NULL),(14,1,'2025-01-17','QT_1124',6,8,0,0,0,0,96560,'pending',NULL,10,0,0,'Cnnj','2025-01-17 23:23:26.000000','2025-01-17 23:23:26.000000',NULL),(15,1,'2025-01-18','QT_1125',7,5,0,0,0,0,47184.7,'pending',NULL,10,0,0,'gg','2025-01-18 16:25:39.000000','2025-01-18 16:25:39.000000',NULL),(16,1,'2025-01-18','QT_1126',9,5,0,0,0,0,47184.7,'pending',NULL,10,0,0,'gg','2025-01-18 16:37:57.000000','2025-01-18 16:37:57.000000',NULL),(17,1,'2025-01-18','QT_1127',9,7,0,0,0,0,550,'pending',NULL,10,0,0,'s','2025-01-18 17:09:28.000000','2025-01-18 17:09:28.000000',NULL);

--
-- Table structure for table `role_user`
--

CREATE TABLE `role_user` (
  `id` int(11) NOT NULL AUTO_INCREMENT,
  `user_id` int(11) NOT NULL,
  `role_id` int(11) NOT NULL,
  `created_at` timestamp(6) NULL DEFAULT NULL,
  `updated_at` timestamp(6) NULL DEFAULT NULL,
  PRIMARY KEY (`id`),
  KEY `role_user_user_id` (`user_id`),
  KEY `role_user_role_id` (`role_id`),
  CONSTRAINT `role_user_role_id` FOREIGN KEY (`role_id`) REFERENCES `roles` (`id`),
  CONSTRAINT `role_user_user_id` FOREIGN KEY (`user_id`) REFERENCES `users` (`id`)
) ENGINE=InnoDB AUTO_INCREMENT=7 DEFAULT CHARSET=utf8mb4 COLLATE=utf8mb4_general_ci;

--
-- Dumping data for table `role_user`
--

INSERT INTO `role_user` VALUES (1,1,1,NULL,NULL),(2,2,2,'2024-12-24 19:35:53.000000','2024-12-24 19:38:34.000000'),(3,3,3,'2024-12-26 13:38:57.000000','2024-12-26 14:10:02.000000'),(4,4,3,'2024-12-26 14:12:54.000000','2024-12-26 14:12:54.000000'),(5,5,4,'2024-12-26 14:30:45.000000','2024-12-26 14:30:45.000000'),(6,6,6,'2024-12-28 12:34:43.000000','2025-01-14 20:48:05.000000');

--
-- Table structure for table `roles`
--

CREATE TABLE `roles` (
  `id` int(11) NOT NULL AUTO_INCREMENT,
  `name` varchar(192) NOT NULL,
  `label` varchar(192) DEFAULT NULL,
  `description` text DEFAULT NULL,
  `created_at` timestamp(6) NULL DEFAULT NULL,
  `updated_at` timestamp(6) NULL DEFAULT NULL,
  `deleted_at` timestamp NULL DEFAULT NULL,
  `status` int(11) NOT NULL DEFAULT 0,
  PRIMARY KEY (`id`)
) ENGINE=InnoDB AUTO_INCREMENT=7 DEFAULT CHARSET=utf8mb4 COLLATE=utf8mb4_general_ci;

--
-- Dumping data for table `roles`
--

INSERT INTO `roles` VALUES (1,'Owner','Owner','Owner',NULL,NULL,NULL,1),(2,'Project Manager','Project Manager',NULL,'2024-12-24 19:34:07.000000','2024-12-24 19:41:02.000000',NULL,0),(3,'Sales','Sales',NULL,'2024-12-26 14:08:42.000000','2024-12-31 18:23:34.000000',NULL,0),(4,'Operation Manager','Operation Manager',NULL,'2024-12-26 14:27:32.000000','2024-12-26 14:27:32.000000',NULL,0),(5,'Accountant','Accountant',NULL,'2024-12-28 12:30:51.000000','2025-01-14 20:45:14.000000','2025-01-14 20:45:14',0),(6,'Accountant Manager','Accountant Manager',NULL,'2025-01-14 20:47:13.000000','2025-01-14 20:51:43.000000',NULL,0);

--
-- Table structure for table `sale_details`
--

CREATE TABLE `sale_details` (
  `id` int(11) NOT NULL AUTO_INCREMENT,
  `date` date NOT NULL,
  `sale_id` int(11) NOT NULL,
  `product_id` int(11) NOT NULL,
  `product_variant_id` int(11) DEFAULT NULL,
  `imei_number` text DEFAULT NULL,
  `price` double NOT NULL,
  `sale_unit_id` int(11) DEFAULT NULL,
  `TaxNet` double DEFAULT NULL,
  `tax_method` varchar(192) DEFAULT '1',
  `discount` double DEFAULT NULL,
  `discount_method` varchar(192) DEFAULT '1',
  `total` double NOT NULL,
  `quantity` double NOT NULL,
  `created_at` timestamp(6) NULL DEFAULT NULL,
  `updated_at` timestamp(6) NULL DEFAULT NULL,
  PRIMARY KEY (`id`),
  KEY `Details_Sale_id` (`sale_id`),
  KEY `sale_product_id` (`product_id`),
  KEY `sale_product_variant_id` (`product_variant_id`),
  KEY `sales_sale_unit_id` (`sale_unit_id`),
  CONSTRAINT `Details_Sale_id` FOREIGN KEY (`sale_id`) REFERENCES `sales` (`id`),
  CONSTRAINT `sale_product_id` FOREIGN KEY (`product_id`) REFERENCES `products` (`id`),
  CONSTRAINT `sale_product_variant_id` FOREIGN KEY (`product_variant_id`) REFERENCES `product_variants` (`id`),
  CONSTRAINT `sales_sale_unit_id` FOREIGN KEY (`sale_unit_id`) REFERENCES `units` (`id`)
) ENGINE=InnoDB AUTO_INCREMENT=30 DEFAULT CHARSET=utf8mb4 COLLATE=utf8mb4_general_ci;

--
-- Dumping data for table `sale_details`
--

INSERT INTO `sale_details` VALUES (21,'2025-01-07',19,4,NULL,NULL,3588501,2,0,'1',0,'2',3588501,1,NULL,NULL),(22,'2025-01-07',20,73,NULL,NULL,15000,1,0,'2',0,'2',15000,1,NULL,NULL),(23,'2025-01-09',21,97,NULL,NULL,1500,1,0,'1',0,'2',9000,6,NULL,NULL),(24,'2025-01-09',21,55,NULL,NULL,500,1,0,'2',0,'2',3000,6,NULL,NULL),(25,'2025-01-13',22,5,NULL,NULL,4222968,2,0,'2',0,'2',4222968,1,NULL,'2025-01-15 20:02:09.000000'),(27,'2025-01-14',24,138,NULL,NULL,350000,1,0,'2',0,'2',350000,1,NULL,'2025-01-16 11:52:49.000000'),(28,'2025-01-13',22,234,NULL,NULL,30066.4,1,0,'2',0,'2',30066.4,1,'2025-01-15 20:02:09.000000','2025-01-15 20:02:09.000000'),(29,'2025-01-17',25,10,NULL,NULL,2839750.04,1,0,'2',0,'2',2839750.04,1,NULL,NULL);

--
-- Table structure for table `sale_return_details`
--

CREATE TABLE `sale_return_details` (
  `id` int(11) NOT NULL AUTO_INCREMENT,
  `sale_return_id` int(11) NOT NULL,
  `product_id` int(11) NOT NULL,
  `price` double NOT NULL,
  `sale_unit_id` int(11) DEFAULT NULL,
  `TaxNet` double DEFAULT 0,
  `tax_method` varchar(192) DEFAULT '1',
  `discount` double DEFAULT 0,
  `discount_method` varchar(192) DEFAULT '1',
  `product_variant_id` int(11) DEFAULT NULL,
  `imei_number` text DEFAULT NULL,
  `quantity` double NOT NULL,
  `total` double NOT NULL,
  `created_at` timestamp(6) NULL DEFAULT NULL,
  `updated_at` timestamp(6) NULL DEFAULT NULL,
  PRIMARY KEY (`id`),
  KEY `return_id` (`sale_return_id`),
  KEY `product_id_details_returns` (`product_id`),
  KEY `sale_return_id_product_variant_id` (`product_variant_id`),
  KEY `sale_unit_id_return_details` (`sale_unit_id`),
  CONSTRAINT `product_id_details_returns` FOREIGN KEY (`product_id`) REFERENCES `products` (`id`),
  CONSTRAINT `sale_return_id` FOREIGN KEY (`sale_return_id`) REFERENCES `sale_returns` (`id`),
  CONSTRAINT `sale_return_id_product_variant_id` FOREIGN KEY (`product_variant_id`) REFERENCES `product_variants` (`id`),
  CONSTRAINT `sale_unit_id_return_details` FOREIGN KEY (`sale_unit_id`) REFERENCES `units` (`id`)
) ENGINE=InnoDB AUTO_INCREMENT=6 DEFAULT CHARSET=utf8mb4 COLLATE=utf8mb4_general_ci;

--
-- Dumping data for table `sale_return_details`
--


--
-- Table structure for table `sale_returns`
--

CREATE TABLE `sale_returns` (
  `id` int(11) NOT NULL AUTO_INCREMENT,
  `user_id` int(11) NOT NULL,
  `date` date NOT NULL,
  `Ref` varchar(192) NOT NULL,
  `sale_id` int(11) DEFAULT NULL,
  `client_id` int(11) NOT NULL,
  `warehouse_id` int(11) NOT NULL,
  `tax_rate` double DEFAULT 0,
  `TaxNet` double DEFAULT 0,
  `discount` double DEFAULT 0,
  `shipping` double DEFAULT 0,
  `GrandTotal` double NOT NULL,
  `paid_amount` double NOT NULL DEFAULT 0,
  `payment_statut` varchar(192) NOT NULL,
  `statut` varchar(192) NOT NULL,
  `notes` text DEFAULT NULL,
  `created_at` timestamp(6) NULL DEFAULT NULL,
  `updated_at` timestamp(6) NULL DEFAULT NULL,
  `deleted_at` timestamp NULL DEFAULT NULL,
  PRIMARY KEY (`id`),
  KEY `user_id_returns` (`user_id`),
  KEY `client_id_returns` (`client_id`),
  KEY `warehouse_id_sale_return_id` (`warehouse_id`),
  KEY `sale_id_return_sales` (`sale_id`),
  CONSTRAINT `client_id_returns` FOREIGN KEY (`client_id`) REFERENCES `clients` (`id`),
  CONSTRAINT `sale_id_return_sales` FOREIGN KEY (`sale_id`) REFERENCES `sales` (`id`),
  CONSTRAINT `user_id_returns` FOREIGN KEY (`user_id`) REFERENCES `users` (`id`),
  CONSTRAINT `warehouse_id_sale_return_id` FOREIGN KEY (`warehouse_id`) REFERENCES `warehouses` (`id`)
) ENGINE=InnoDB AUTO_INCREMENT=6 DEFAULT CHARSET=utf8mb4 COLLATE=utf8mb4_general_ci;

--
-- Dumping data for table `sale_returns`
--

INSERT INTO `sale_returns` VALUES (1,3,'2024-12-27','RT_1111',8,1,7,0,0,0,0,1241223.1,0,'unpaid','received',NULL,'2024-12-27 13:47:01.000000','2024-12-27 13:50:42.000000','2024-12-27 13:50:42'),(2,3,'2024-12-27','RT_1112',9,1,7,0,0,0,0,1241223.1,0,'unpaid','received',NULL,'2024-12-27 13:48:45.000000','2024-12-27 13:50:42.000000','2024-12-27 13:50:42'),(3,4,'2024-12-30','RT_1113',17,1,8,0,0,0,0,36000,0,'unpaid','received',NULL,'2024-12-30 15:01:29.000000','2025-01-03 19:43:57.000000','2025-01-03 19:43:57'),(4,4,'2024-12-31','RT_1114',16,1,8,0,0,0,0,27000,0,'unpaid','received',NULL,'2024-12-31 13:35:05.000000','2025-01-03 19:43:49.000000','2025-01-03 19:43:49'),(5,4,'2024-12-31','RT_1115',18,1,8,0,0,0,0,15000,0,'unpaid','received',NULL,'2024-12-31 13:36:11.000000','2025-01-03 19:43:40.000000','2025-01-03 19:43:40');

--
-- Table structure for table `sales`
--

CREATE TABLE `sales` (
  `id` int(11) NOT NULL AUTO_INCREMENT,
  `user_id` int(11) NOT NULL,
  `date` date NOT NULL,
  `Ref` varchar(192) NOT NULL,
  `is_pos` tinyint(1) DEFAULT 0,
  `client_id` int(11) NOT NULL,
  `warehouse_id` int(11) NOT NULL,
  `tax_rate` double DEFAULT 0,
  `TaxNet` double DEFAULT 0,
  `discount` double DEFAULT 0,
  `shipping` double DEFAULT 0,
  `GrandTotal` double NOT NULL DEFAULT 0,
  `paid_amount` double NOT NULL DEFAULT 0,
  `payment_statut` varchar(192) NOT NULL,
  `statut` varchar(191) NOT NULL,
  `shipping_status` varchar(191) DEFAULT NULL,
  `notes` text DEFAULT NULL,
  `created_at` timestamp(6) NULL DEFAULT NULL,
  `updated_at` timestamp(6) NULL DEFAULT NULL,
  `deleted_at` timestamp NULL DEFAULT NULL,
  PRIMARY KEY (`id`),
  KEY `user_id_sales` (`user_id`),
  KEY `sale_client_id` (`client_id`),
  KEY `warehouse_id_sale` (`warehouse_id`),
  CONSTRAINT `sale_client_id` FOREIGN KEY (`client_id`) REFERENCES `clients` (`id`),
  CONSTRAINT `user_id_sales` FOREIGN KEY (`user_id`) REFERENCES `users` (`id`),
  CONSTRAINT `warehouse_id_sale` FOREIGN KEY (`warehouse_id`) REFERENCES `warehouses` (`id`)
) ENGINE=InnoDB AUTO_INCREMENT=26 DEFAULT CHARSET=utf8mb4 COLLATE=utf8mb4_general_ci;

--
-- Dumping data for table `sales`
--

INSERT INTO `sales` VALUES (1,1,'2024-12-26','SL_1111',1,1,7,0,0,0,0,9720056,972006,'partial','completed',NULL,NULL,'2024-12-26 15:37:25.000000','2024-12-26 15:46:09.000000','2024-12-26 15:46:09'),(2,3,'2024-12-26','SL_1112',1,1,7,0,0,0,0,9720056,9720056,'paid','completed',NULL,NULL,'2024-12-26 16:22:53.000000','2024-12-27 13:25:53.000000','2024-12-27 13:25:53'),(3,3,'2024-12-27','SL_1113',1,1,7,0,0,0,0,1241223.1,1241223.1,'paid','completed',NULL,NULL,'2024-12-27 13:17:35.000000','2024-12-27 13:25:14.000000','2024-12-27 13:25:14'),(4,3,'2024-12-27','SL_1114',1,1,7,0,0,0,0,1241223.1,1241223.1,'paid','completed',NULL,NULL,'2024-12-27 13:21:18.000000','2024-12-27 13:24:58.000000','2024-12-27 13:24:58'),(5,3,'2024-12-27','SL_1115',1,1,7,0,0,0,0,1241223.1,1241223.1,'paid','completed',NULL,NULL,'2024-12-27 13:28:20.000000','2024-12-27 13:35:37.000000','2024-12-27 13:35:37'),(6,3,'2024-12-27','SL_1116',1,1,7,0,0,0,0,1241223.1,1241223.1,'paid','completed',NULL,NULL,'2024-12-27 13:31:52.000000','2024-12-27 13:35:37.000000','2024-12-27 13:35:37'),(7,3,'2024-12-27','SL_1117',1,1,7,0,0,0,0,1241223.1,1241223.1,'paid','completed',NULL,NULL,'2024-12-27 13:34:05.000000','2024-12-27 13:35:37.000000','2024-12-27 13:35:37'),(8,3,'2024-12-27','SL_1118',1,1,7,0,0,300000,1000,942223.1,942223.1,'paid','completed',NULL,NULL,'2024-12-27 13:38:57.000000','2024-12-27 13:50:59.000000','2024-12-27 13:50:59'),(9,3,'2024-12-27','SL_1119',1,1,7,0,0,0,0,1241223.1,1241223.1,'paid','completed',NULL,NULL,'2024-12-27 13:48:17.000000','2024-12-27 13:50:59.000000','2024-12-27 13:50:59'),(10,3,'2024-12-27','SL_1120',0,4,7,0,0,20000,10000,10778034.48,0,'unpaid','ordered',NULL,NULL,'2024-12-27 13:59:49.000000','2024-12-27 14:06:14.000000','2024-12-27 14:06:14'),(11,3,'2024-12-28','SL_1121',1,1,7,0,0,0,0,2482446.2,2482446.2,'paid','completed',NULL,'2 pcs for sale','2024-12-28 15:38:56.000000','2024-12-28 18:40:50.000000','2024-12-28 18:40:50'),(12,6,'2024-12-30','SL_1122',0,5,7,0,0,0,0,13000,13000,'paid','completed',NULL,'this Pump connector female 2\'\' was sold but the client he has show intereretst for the future purchase other 30 Pump connector female 2\'\' which he will get them on this January','2024-12-30 14:07:12.000000','2025-01-03 19:49:54.000000','2025-01-03 19:49:54'),(13,6,'2024-12-30','SL_1123',1,1,7,0,0,0,0,9720056,9720056,'paid','completed',NULL,NULL,'2024-12-30 14:22:38.000000','2025-01-03 19:49:54.000000','2025-01-03 19:49:54'),(14,3,'2024-12-30','SL_1124',1,1,7,18,223420.158,0,0,1464643.26,700000,'partial','completed',NULL,NULL,'2024-12-30 14:45:32.000000','2025-01-03 19:42:42.000000','2025-01-03 19:42:42'),(15,3,'2024-12-30','SL_1125',1,1,7,0,0,0,0,3588501,3588501,'paid','completed',NULL,NULL,'2024-12-30 14:47:57.000000','2025-01-03 19:42:50.000000','2025-01-03 19:42:50'),(16,4,'2024-12-30','SL_1126',1,1,8,0,0,0,0,27000,27000,'paid','completed',NULL,NULL,'2024-12-30 14:57:46.000000','2025-01-03 19:49:54.000000','2025-01-03 19:49:54'),(17,4,'2024-12-30','SL_1127',1,1,8,0,0,0,0,36000,36000,'paid','completed',NULL,NULL,'2024-12-30 15:00:07.000000','2025-01-03 19:49:39.000000','2025-01-03 19:49:39'),(18,4,'2024-12-31','SL_1128',1,1,8,0,0,0,0,15000,15000,'paid','completed',NULL,NULL,'2024-12-31 13:35:24.000000','2025-01-03 19:44:24.000000','2025-01-03 19:44:24'),(19,3,'2025-01-07','SL_1129',1,1,7,0,0,288501,0,3300000,3300000,'paid','completed',NULL,'they paid three million three hundred thousand Rwandan franc','2025-01-07 13:23:30.000000','2025-01-07 13:23:30.000000',NULL),(20,1,'2025-01-07','SL_1130',0,7,7,0,0,0,0,15000,15000,'paid','completed',NULL,NULL,'2025-01-07 21:36:53.000000','2025-01-07 21:36:53.000000',NULL),(21,3,'2025-01-09','SL_1131',1,1,7,0,0,0,0,12000,12000,'paid','completed',NULL,'12000frw for the drip valve 6pcs and 6pcs rubber 16mm','2025-01-09 17:15:13.000000','2025-01-09 17:15:13.000000',NULL),(22,3,'2025-01-13','SL_1132',1,77,7,0,0,0,0,4253034.4,4253034.4,'paid','completed',NULL,NULL,'2025-01-13 20:19:30.000000','2025-01-15 20:02:40.000000',NULL),(23,3,'2025-01-13','SL_1133',1,78,7,0,0,0,0,300596,300596,'paid','completed',NULL,NULL,'2025-01-13 20:43:32.000000','2025-01-16 11:43:25.000000','2025-01-16 11:43:25'),(24,3,'2025-01-14','SL_1134',1,79,7,0,0,0,0,350000,2259100,'paid','completed',NULL,'we reduce the price from 2259000 to 350000 because it\'s damaged','2025-01-14 20:20:01.000000','2025-01-16 11:51:10.000000',NULL),(25,3,'2025-01-17','SL_1135',1,7,7,0,0,0,0,2839750.04,2839750.04,'paid','completed',NULL,NULL,'2025-01-17 18:35:28.000000','2025-01-17 18:35:28.000000',NULL);

--
-- Table structure for table `settings`
--

CREATE TABLE `settings` (
  `id` int(11) NOT NULL AUTO_INCREMENT,
  `email` varchar(191) NOT NULL,
  `currency_id` int(11) DEFAULT NULL,
  `CompanyName` varchar(191) NOT NULL,
  `CompanyPhone` varchar(191) NOT NULL,
  `CompanyAdress` varchar(191) NOT NULL,
  `logo` varchar(191) DEFAULT NULL,
  `is_invoice_footer` tinyint(1) NOT NULL DEFAULT 0,
  `invoice_footer` varchar(192) DEFAULT NULL,
  `footer` varchar(192) NOT NULL DEFAULT 'Stocky - Ultimate Inventory With POS',
  `developed_by` varchar(192) NOT NULL DEFAULT 'Stocky',
  `client_id` int(11) DEFAULT NULL,
  `warehouse_id` int(11) DEFAULT NULL,
  `default_language` varchar(192) NOT NULL DEFAULT 'en',
  `sms_gateway` int(11) DEFAULT 1,
  `show_language` tinyint(1) NOT NULL DEFAULT 1,
  `quotation_with_stock` tinyint(1) NOT NULL DEFAULT 1,
  `created_at` timestamp(6) NULL DEFAULT NULL,
  `updated_at` timestamp(6) NULL DEFAULT NULL,
  `deleted_at` timestamp NULL DEFAULT NULL,
  PRIMARY KEY (`id`),
  KEY `currency_id` (`currency_id`),
  KEY `client_id` (`client_id`),
  KEY `warehouse_id` (`warehouse_id`),
  CONSTRAINT `currency_id` FOREIGN KEY (`currency_id`) REFERENCES `currencies` (`id`),
  CONSTRAINT `settings_client_id` FOREIGN KEY (`client_id`) REFERENCES `clients` (`id`),
  CONSTRAINT `settings_warehouse_id` FOREIGN KEY (`warehouse_id`) REFERENCES `warehouses` (`id`)
) ENGINE=InnoDB AUTO_INCREMENT=2 DEFAULT CHARSET=utf8mb4 COLLATE=utf8mb4_general_ci;

--
-- Dumping data for table `settings`
--

INSERT INTO `settings` VALUES (1,'info@etsconstructionmixed.com',2,'ETS CONSTRUCTION MIXED LTD','0788416746','KN 1 , Nyarugenge Kigali - Rwanda','80169520logo ecm new11 (1).jpg',1,'If you by Cheque or Cheque or transfer Ets Construction Mixed:\r\nBANK OF KIGALI (BK) A/C 10013989475 (RWF)\r\nWe trust you will find our quotation satisfactory and look forward to work with you.','Stoke - Ultimate Inventory With POS','Stoke Rwanda',NULL,NULL,'en',1,1,1,NULL,'2025-01-17 17:48:01.000000',NULL);

--
-- Table structure for table `shipments`
--

CREATE TABLE `shipments` (
  `id` int(11) NOT NULL AUTO_INCREMENT,
  `user_id` int(11) NOT NULL,
  `date` timestamp NOT NULL DEFAULT current_timestamp(),
  `Ref` varchar(192) NOT NULL,
  `sale_id` int(11) NOT NULL,
  `delivered_to` varchar(192) DEFAULT NULL,
  `shipping_address` text DEFAULT NULL,
  `status` varchar(192) NOT NULL,
  `shipping_details` text DEFAULT NULL,
  `created_at` timestamp(6) NULL DEFAULT NULL,
  `updated_at` timestamp(6) NULL DEFAULT NULL,
  `deleted_at` timestamp NULL DEFAULT NULL,
  PRIMARY KEY (`id`),
  KEY `shipment_user_id` (`user_id`),
  KEY `shipment_sale_id` (`sale_id`),
  CONSTRAINT `shipment_sale_id` FOREIGN KEY (`sale_id`) REFERENCES `sales` (`id`),
  CONSTRAINT `shipment_user_id` FOREIGN KEY (`user_id`) REFERENCES `users` (`id`)
) ENGINE=InnoDB DEFAULT CHARSET=utf8mb4 COLLATE=utf8mb4_general_ci;

--
-- Dumping data for table `shipments`
--


--
-- Table structure for table `sms_gateway`
--

CREATE TABLE `sms_gateway` (
  `id` int(11) NOT NULL AUTO_INCREMENT,
  `title` varchar(192) NOT NULL,
  `created_at` timestamp(6) NULL DEFAULT NULL,
  `updated_at` timestamp(6) NULL DEFAULT NULL,
  `deleted_at` timestamp NULL DEFAULT NULL,
  PRIMARY KEY (`id`)
) ENGINE=InnoDB AUTO_INCREMENT=4 DEFAULT CHARSET=utf8mb4 COLLATE=utf8mb4_general_ci;

--
-- Dumping data for table `sms_gateway`
--

INSERT INTO `sms_gateway` VALUES (1,'twilio',NULL,NULL,NULL),(3,'infobip',NULL,NULL,NULL);

--
-- Table structure for table `sms_messages`
--

CREATE TABLE `sms_messages` (
  `id` int(11) NOT NULL AUTO_INCREMENT,
  `name` text DEFAULT NULL,
  `text` text DEFAULT NULL,
  `created_at` timestamp(6) NULL DEFAULT NULL,
  `updated_at` timestamp(6) NULL DEFAULT NULL,
  `deleted_at` timestamp NULL DEFAULT NULL,
  PRIMARY KEY (`id`)
) ENGINE=InnoDB AUTO_INCREMENT=6 DEFAULT CHARSET=utf8mb4 COLLATE=utf8mb4_general_ci;

--
-- Dumping data for table `sms_messages`
--

INSERT INTO `sms_messages` VALUES (1,'sale','Dear {contact_name},\nThank you for your purchase! Your invoice number is {invoice_number}.\nIf you have any questions or concerns, please don\'t hesitate to reach out to us. We are here to help!\nBest regards,\n{business_name}',NULL,NULL,NULL),(2,'purchase','Dear {contact_name},\nI recently made a purchase from your company and I wanted to thank you for your cooperation and service. My invoice number is {invoice_number} .\nIf you have any questions or concerns regarding my purchase, please don\'t hesitate to contact me. I am here to make sure I have a positive experience with your company.\nBest regards,\n{business_name}',NULL,NULL,NULL),(3,'quotation','Dear {contact_name},\nThank you for your interest in our products. Your quotation number is {quotation_number}.\nPlease let us know if you have any questions or concerns regarding your quotation. We are here to assist you.\nBest regards,\n{business_name}',NULL,NULL,NULL),(4,'payment_received','Dear {contact_name},\nThank you for making your payment. We have received it and it has been processed successfully.\nIf you have any further questions or concerns, please don\'t hesitate to reach out to us. We are always here to help.\nBest regards,\n{business_name}',NULL,NULL,NULL),(5,'payment_sent','Dear {contact_name},\nWe have just sent the payment . We appreciate your prompt attention to this matter and the high level of service you provide.\nIf you need any further information or clarification, please do not hesitate to reach out to us. We are here to help.\nBest regards,\n{business_name}',NULL,NULL,NULL);

--
-- Table structure for table `tasks`
--

CREATE TABLE `tasks` (
  `id` int(11) NOT NULL AUTO_INCREMENT,
  `title` varchar(192) NOT NULL,
  `project_id` int(11) NOT NULL,
  `company_id` int(11) NOT NULL,
  `start_date` date NOT NULL,
  `end_date` date NOT NULL,
  `estimated_hour` varchar(192) DEFAULT NULL,
  `task_progress` varchar(192) DEFAULT NULL,
  `summary` varchar(191) NOT NULL,
  `description` text DEFAULT NULL,
  `status` varchar(192) NOT NULL,
  `priority` varchar(191) NOT NULL,
  `note` text DEFAULT NULL,
  `created_at` timestamp(6) NULL DEFAULT NULL,
  `updated_at` timestamp(6) NULL DEFAULT NULL,
  `deleted_at` timestamp NULL DEFAULT NULL,
  PRIMARY KEY (`id`),
  KEY `Tasks_project_id` (`project_id`),
  KEY `Tasks_company_id` (`company_id`),
  CONSTRAINT `Tasks_company_id` FOREIGN KEY (`company_id`) REFERENCES `companies` (`id`),
  CONSTRAINT `Tasks_project_id` FOREIGN KEY (`project_id`) REFERENCES `projects` (`id`)
) ENGINE=InnoDB DEFAULT CHARSET=utf8mb4 COLLATE=utf8mb4_general_ci;

--
-- Dumping data for table `tasks`
--


--
-- Table structure for table `transfer_details`
--

CREATE TABLE `transfer_details` (
  `id` int(11) NOT NULL AUTO_INCREMENT,
  `transfer_id` int(11) NOT NULL,
  `product_id` int(11) NOT NULL,
  `product_variant_id` int(11) DEFAULT NULL,
  `cost` double NOT NULL,
  `purchase_unit_id` int(11) DEFAULT NULL,
  `TaxNet` double DEFAULT NULL,
  `tax_method` varchar(192) DEFAULT '1',
  `discount` double DEFAULT NULL,
  `discount_method` varchar(192) DEFAULT '1',
  `quantity` double NOT NULL,
  `total` double NOT NULL,
  `created_at` timestamp(6) NULL DEFAULT NULL,
  `updated_at` timestamp(6) NULL DEFAULT NULL,
  PRIMARY KEY (`id`),
  KEY `transfer_id` (`transfer_id`),
  KEY `product_id_transfers` (`product_id`),
  KEY `product_variant_id_transfer` (`product_variant_id`),
  KEY `unit_sale_id_transfer` (`purchase_unit_id`),
  CONSTRAINT `product_id_transfers` FOREIGN KEY (`product_id`) REFERENCES `products` (`id`),
  CONSTRAINT `product_variant_id_transfer` FOREIGN KEY (`product_variant_id`) REFERENCES `product_variants` (`id`),
  CONSTRAINT `transfer_id` FOREIGN KEY (`transfer_id`) REFERENCES `transfers` (`id`),
  CONSTRAINT `unit_sale_id_transfer` FOREIGN KEY (`purchase_unit_id`) REFERENCES `units` (`id`)
) ENGINE=InnoDB AUTO_INCREMENT=25 DEFAULT CHARSET=utf8mb4 COLLATE=utf8mb4_general_ci;

--
-- Dumping data for table `transfer_details`
--

INSERT INTO `transfer_details` VALUES (4,4,123,NULL,373352,1,0,'2',0,'2',1,373352,NULL,'2025-01-07 21:16:07.000000'),(5,4,124,NULL,330000,1,0,'2',0,'2',1,330000,NULL,'2025-01-07 21:16:07.000000'),(6,4,23,NULL,291600,1,0,'2',0,'2',1,291600,NULL,'2025-01-07 21:16:07.000000'),(7,4,30,NULL,5600,3,0,'2',0,'2',1,5600,NULL,'2025-01-07 21:16:07.000000'),(8,4,125,NULL,5000,1,0,'2',0,'2',1,5000,NULL,'2025-01-07 21:16:07.000000'),(9,5,25,NULL,112500,4,0,'2',0,'2',5,562500,NULL,NULL),(10,5,29,NULL,7000,3,0,'2',0,'2',5,35000,NULL,NULL),(11,5,127,NULL,10000,1,0,'2',0,'2',1,10000,NULL,NULL),(12,5,126,NULL,13500,1,0,'2',0,'2',1,13500,NULL,NULL),(13,5,74,NULL,9100,1,0,'2',0,'2',1,9100,NULL,NULL),(14,4,27,NULL,80100,4,0,'2',0,'2',2,160200,'2025-01-07 21:16:07.000000','2025-01-07 21:16:07.000000'),(15,6,123,NULL,373352,1,0,'2',0,'2',1,373352,NULL,NULL),(16,7,173,NULL,30000,1,0,'2',0,'2',3,90000,NULL,NULL),(17,7,174,NULL,9500,1,0,'2',0,'2',10,95000,NULL,NULL),(18,7,175,NULL,6500,1,0,'2',0,'2',15,97500,NULL,NULL),(19,7,176,NULL,6000,1,0,'2',0,'2',2,12000,NULL,NULL),(20,7,177,NULL,3000,1,0,'2',0,'2',2,6000,NULL,NULL),(21,8,188,NULL,15000,1,0,'2',0,'2',1,15000,NULL,NULL),(22,9,138,NULL,1352030.33,1,0,'2',0,'2',1,1352030.33,NULL,NULL),(23,10,234,NULL,23128,1,0,'2',0,'2',1,23128,NULL,NULL),(24,11,235,NULL,15000,1,0,'2',0,'2',1,15000,NULL,NULL);

--
-- Table structure for table `transfer_money`
--

CREATE TABLE `transfer_money` (
  `id` int(11) NOT NULL AUTO_INCREMENT,
  `from_account_id` int(11) NOT NULL,
  `to_account_id` int(11) NOT NULL,
  `date` date NOT NULL,
  `amount` double NOT NULL,
  `created_at` timestamp(6) NULL DEFAULT NULL,
  `updated_at` timestamp(6) NULL DEFAULT NULL,
  `deleted_at` timestamp NULL DEFAULT NULL,
  PRIMARY KEY (`id`),
  KEY `from_account_id` (`from_account_id`),
  KEY `to_account_id` (`to_account_id`),
  CONSTRAINT `from_account_id` FOREIGN KEY (`from_account_id`) REFERENCES `accounts` (`id`),
  CONSTRAINT `to_account_id` FOREIGN KEY (`to_account_id`) REFERENCES `accounts` (`id`)
) ENGINE=InnoDB AUTO_INCREMENT=6 DEFAULT CHARSET=utf8mb4 COLLATE=utf8mb4_general_ci;

--
-- Dumping data for table `transfer_money`
--

INSERT INTO `transfer_money` VALUES (1,4,7,'2024-12-30',200000,'2024-12-30 13:48:59.000000','2024-12-30 13:48:59.000000',NULL),(2,4,6,'2024-12-30',300000,'2024-12-30 13:49:38.000000','2024-12-30 13:49:38.000000',NULL),(3,4,2,'2024-12-30',300000,'2024-12-30 13:50:13.000000','2024-12-30 13:50:13.000000',NULL),(4,6,2,'2024-12-30',200000,'2024-12-30 13:50:49.000000','2024-12-30 13:50:49.000000',NULL),(5,7,2,'2024-12-30',200000,'2024-12-30 13:51:19.000000','2024-12-30 13:51:19.000000',NULL);

--
-- Table structure for table `transfers`
--

CREATE TABLE `transfers` (
  `id` int(11) NOT NULL AUTO_INCREMENT,
  `user_id` int(11) NOT NULL,
  `Ref` varchar(192) NOT NULL,
  `date` date NOT NULL,
  `from_warehouse_id` int(11) NOT NULL,
  `to_warehouse_id` int(11) NOT NULL,
  `items` double NOT NULL,
  `tax_rate` double DEFAULT 0,
  `TaxNet` double DEFAULT 0,
  `discount` double DEFAULT 0,
  `shipping` double DEFAULT 0,
  `GrandTotal` double NOT NULL DEFAULT 0,
  `statut` varchar(192) NOT NULL,
  `notes` text DEFAULT NULL,
  `created_at` timestamp(6) NULL DEFAULT NULL,
  `updated_at` timestamp(6) NULL DEFAULT NULL,
  `deleted_at` timestamp NULL DEFAULT NULL,
  PRIMARY KEY (`id`),
  KEY `user_id_transfers` (`user_id`),
  KEY `from_warehouse_id` (`from_warehouse_id`),
  KEY `to_warehouse_id` (`to_warehouse_id`),
  CONSTRAINT `from_warehouse_id` FOREIGN KEY (`from_warehouse_id`) REFERENCES `warehouses` (`id`),
  CONSTRAINT `to_warehouse_id` FOREIGN KEY (`to_warehouse_id`) REFERENCES `warehouses` (`id`),
  CONSTRAINT `user_id_transfers` FOREIGN KEY (`user_id`) REFERENCES `users` (`id`)
) ENGINE=InnoDB AUTO_INCREMENT=12 DEFAULT CHARSET=utf8mb4 COLLATE=utf8mb4_general_ci;

--
-- Dumping data for table `transfers`
--

INSERT INTO `transfers` VALUES (1,1,'TR_1111','2024-12-24',5,7,1,0,0,0,0,10000,'completed',NULL,'2024-12-24 19:53:42.000000','2025-01-08 14:46:44.000000','2025-01-08 14:46:44'),(2,1,'TR_1112','2024-12-24',5,14,1,0,0,0,0,10000,'completed',NULL,'2024-12-24 19:54:09.000000','2025-01-08 14:46:33.000000','2025-01-08 14:46:33'),(3,4,'TR_1113','2024-12-30',8,11,1,0,0,0,0,31500,'completed',NULL,'2024-12-30 15:03:54.000000','2025-01-08 14:46:14.000000','2025-01-08 14:46:14'),(4,1,'TR_1114','2025-01-07',5,15,6,0,0,0,0,1165752,'completed',NULL,'2025-01-07 20:53:53.000000','2025-01-07 21:16:07.000000',NULL),(5,1,'TR_1115','2025-01-07',7,15,5,0,0,0,0,630100,'completed',NULL,'2025-01-07 21:12:50.000000','2025-01-07 21:12:50.000000',NULL),(6,1,'TR_1116','2025-01-07',5,8,1,0,0,0,0,373352,'completed',NULL,'2025-01-11 15:01:36.000000','2025-01-11 15:01:36.000000',NULL),(7,1,'TR_1117','2025-01-03',5,16,5,0,0,0,0,300500,'completed',NULL,'2025-01-11 18:43:40.000000','2025-01-11 18:43:40.000000',NULL),(8,1,'TR_1118','2025-01-13',5,7,1,0,0,0,0,15000,'completed',NULL,'2025-01-13 20:32:23.000000','2025-01-13 20:32:23.000000',NULL),(9,1,'TR_1119','2025-01-14',5,7,1,0,0,0,0,1352030.33,'completed',NULL,'2025-01-14 18:02:31.000000','2025-01-14 18:02:31.000000',NULL),(10,1,'TR_1120','2025-01-13',5,7,1,0,0,0,0,23128,'completed',NULL,'2025-01-15 20:00:09.000000','2025-01-15 20:00:09.000000',NULL),(11,1,'TR_1121','2025-01-14',5,16,1,0,0,0,0,15000,'completed',NULL,'2025-01-15 20:10:11.000000','2025-01-15 20:10:11.000000',NULL);

--
-- Table structure for table `units`
--

CREATE TABLE `units` (
  `id` int(11) NOT NULL AUTO_INCREMENT,
  `name` varchar(192) NOT NULL,
  `ShortName` varchar(192) NOT NULL,
  `base_unit` int(11) DEFAULT NULL,
  `operator` char(192) DEFAULT '*',
  `operator_value` double DEFAULT 1,
  `created_at` timestamp(6) NULL DEFAULT NULL,
  `updated_at` timestamp(6) NULL DEFAULT NULL,
  `deleted_at` timestamp NULL DEFAULT NULL,
  PRIMARY KEY (`id`),
  KEY `base_unit` (`base_unit`),
  CONSTRAINT `base_unit` FOREIGN KEY (`base_unit`) REFERENCES `units` (`id`)
) ENGINE=InnoDB AUTO_INCREMENT=8 DEFAULT CHARSET=utf8mb4 COLLATE=utf8mb4_general_ci;

--
-- Dumping data for table `units`
--

INSERT INTO `units` VALUES (1,'Piece','Piece',NULL,'*',1,'2024-12-23 16:36:25.000000','2024-12-23 16:36:25.000000',NULL),(2,'Box','Box',NULL,'*',1,'2024-12-23 16:36:36.000000','2024-12-23 16:36:36.000000',NULL),(3,'Meter','Meter',NULL,'*',1,'2024-12-23 16:37:38.000000','2024-12-23 16:37:50.000000',NULL),(4,'ROLL','ROLL',NULL,'*',1,'2024-12-27 13:45:59.000000','2024-12-27 13:45:59.000000',NULL),(5,'KG','KG',NULL,'*',1,'2024-12-31 11:59:54.000000','2024-12-31 11:59:54.000000',NULL),(6,'SET','SET',NULL,'*',1,'2025-01-08 13:15:26.000000','2025-01-08 13:15:26.000000',NULL),(7,'KIT','KIT',NULL,'*',1,'2025-01-09 12:11:43.000000','2025-01-09 12:11:43.000000',NULL);

--
-- Table structure for table `user_warehouse`
--

CREATE TABLE `user_warehouse` (
  `user_id` int(11) NOT NULL,
  `warehouse_id` int(11) NOT NULL,
  KEY `user_warehouse_user_id` (`user_id`),
  KEY `user_warehouse_warehouse_id` (`warehouse_id`),
  CONSTRAINT `user_warehouse_user_id` FOREIGN KEY (`user_id`) REFERENCES `users` (`id`),
  CONSTRAINT `user_warehouse_warehouse_id` FOREIGN KEY (`warehouse_id`) REFERENCES `warehouses` (`id`)
) ENGINE=InnoDB DEFAULT CHARSET=utf8mb4 COLLATE=utf8mb4_general_ci;

--
-- Dumping data for table `user_warehouse`
--

INSERT INTO `user_warehouse` VALUES (2,14),(3,7),(3,10),(4,8),(4,11);

--
-- Table structure for table `warehouses`
--

CREATE TABLE `warehouses` (
  `id` int(11) NOT NULL AUTO_INCREMENT,
  `name` varchar(192) NOT NULL,
  `city` varchar(192) DEFAULT NULL,
  `mobile` varchar(192) DEFAULT NULL,
  `zip` varchar(192) DEFAULT NULL,
  `email` varchar(192) DEFAULT NULL,
  `country` varchar(192) DEFAULT NULL,
  `created_at` timestamp(6) NULL DEFAULT NULL,
  `updated_at` timestamp(6) NULL DEFAULT NULL,
  `deleted_at` timestamp NULL DEFAULT NULL,
  PRIMARY KEY (`id`)
) ENGINE=InnoDB AUTO_INCREMENT=17 DEFAULT CHARSET=utf8mb4 COLLATE=utf8mb4_general_ci;

--
-- Dumping data for table `warehouses`
--

INSERT INTO `warehouses` VALUES (1,'All',NULL,NULL,NULL,NULL,NULL,NULL,'2024-12-24 18:56:40.000000','2024-12-24 18:56:40'),(2,'ETS Construction Mixed Ltd',NULL,NULL,NULL,NULL,NULL,'2024-12-23 16:33:41.000000','2024-12-23 16:35:14.000000',NULL),(3,'Ecotech Multi Trading Ltd',NULL,NULL,NULL,NULL,NULL,'2024-12-23 16:34:33.000000','2024-12-24 18:56:34.000000','2024-12-24 18:56:34'),(4,'333','kigali','0788221836','1111','abdousentore@gmail.com','Rwanda','2024-12-23 17:03:19.000000','2024-12-23 17:03:49.000000','2024-12-23 17:03:49'),(5,'Main Stock 1 ETS',NULL,NULL,NULL,NULL,NULL,'2024-12-24 18:52:36.000000','2024-12-24 18:53:02.000000',NULL),(6,'Main Stock 2 ECOTECH',NULL,NULL,NULL,NULL,NULL,'2024-12-24 18:53:24.000000','2024-12-24 18:53:24.000000',NULL),(7,'ETS Kumuhima (Shop)',NULL,NULL,NULL,NULL,NULL,'2024-12-24 18:54:36.000000','2024-12-24 18:54:36.000000',NULL),(8,'ETS Chic (Shop)',NULL,NULL,NULL,NULL,NULL,'2024-12-24 18:54:50.000000','2024-12-24 18:54:50.000000',NULL),(9,'ETS Kayonza (Shop)',NULL,NULL,NULL,NULL,NULL,'2024-12-24 18:55:12.000000','2024-12-24 18:55:12.000000',NULL),(10,'ECOTECH Kumuhima (Shop)',NULL,NULL,NULL,NULL,NULL,'2024-12-24 18:55:35.000000','2024-12-24 18:55:35.000000',NULL),(11,'ECOTECH Chic (Shop)',NULL,NULL,NULL,NULL,NULL,'2024-12-24 18:55:55.000000','2024-12-24 18:55:55.000000',NULL),(12,'ECOTECH Kayonza (Shop)',NULL,NULL,NULL,NULL,NULL,'2024-12-24 18:56:21.000000','2024-12-24 18:56:21.000000',NULL),(13,'Stock For Irrigation (Bugesera)',NULL,NULL,NULL,NULL,NULL,'2024-12-24 19:10:12.000000','2024-12-26 14:31:06.000000','2024-12-26 14:31:06'),(14,'Stoke for Irrigation project',NULL,NULL,NULL,NULL,NULL,'2024-12-24 19:37:59.000000','2024-12-26 14:31:06.000000','2024-12-26 14:31:06'),(15,'PROJECT',NULL,NULL,NULL,NULL,NULL,'2025-01-07 20:50:59.000000','2025-01-07 20:50:59.000000',NULL),(16,'WORKSHOP NZOVE',NULL,NULL,NULL,NULL,NULL,'2025-01-11 15:08:58.000000','2025-01-11 15:09:11.000000',NULL);


